CRAN Package Check Results for Package regRSM

Last updated on 2023-06-06 02:55:51 CEST.

Flavor Version Tinstall Tcheck Ttotal Status Flags
r-devel-linux-x86_64-debian-clang 0.5 3.18 58.95 62.13 OK
r-devel-linux-x86_64-debian-gcc 0.5 2.87 45.45 48.32 OK
r-devel-linux-x86_64-fedora-clang 0.5 86.15 OK
r-devel-linux-x86_64-fedora-gcc 0.5 82.79 OK
r-devel-windows-x86_64 0.5 3.00 62.00 65.00 OK
r-patched-linux-x86_64 0.5 3.84 56.40 60.24 OK
r-release-linux-x86_64 0.5 3.31 56.73 60.04 OK
r-release-macos-arm64 0.5 5.00 ERROR
r-release-macos-x86_64 0.5 5.00 ERROR
r-release-windows-x86_64 0.5 4.00 68.00 72.00 OK
r-oldrel-macos-arm64 0.5 9.00 ERROR
r-oldrel-macos-x86_64 0.5 13.00 ERROR
r-oldrel-windows-x86_64 0.5 4.00 71.00 75.00 OK

Check Details

Version: 0.5
Check: package dependencies
Result: ERROR
    Package required but not available: ‘Rmpi’
    
    See section ‘The DESCRIPTION file’ in the ‘Writing R Extensions’
    manual.
Flavors: r-release-macos-arm64, r-release-macos-x86_64, r-oldrel-macos-arm64, r-oldrel-macos-x86_64