CRAN Package Check Results for Package repr

Last updated on 2020-12-01 02:48:58 CET.

Flavor Version Tinstall Tcheck Ttotal Status Flags
r-devel-linux-x86_64-debian-clang 1.1.0 4.83 44.90 49.73 OK
r-devel-linux-x86_64-debian-gcc 1.1.0 3.61 36.04 39.65 OK
r-devel-linux-x86_64-fedora-clang 1.1.0 62.14 NOTE
r-devel-linux-x86_64-fedora-gcc 1.1.0 106.25 OK
r-devel-windows-ix86+x86_64 1.1.0 8.00 51.00 59.00 OK
r-patched-linux-x86_64 1.1.0 5.34 43.69 49.03 OK
r-patched-solaris-x86 1.1.0 76.60 OK
r-release-linux-x86_64 1.1.0 4.62 44.81 49.43 OK
r-release-macos-x86_64 1.1.0 OK
r-release-windows-ix86+x86_64 1.1.0 8.00 46.00 54.00 OK
r-oldrel-macos-x86_64 1.1.0 OK
r-oldrel-windows-ix86+x86_64 1.1.0 5.00 58.00 63.00 OK

Check Details

Version: 1.1.0
Check: Rd cross-references
Result: NOTE
    Undeclared package ‘ggplot2’ in Rd xrefs
Flavor: r-devel-linux-x86_64-fedora-clang