CRAN Package Check Results for Package repurrrsive

Last updated on 2020-11-26 02:49:37 CET.

Flavor Version Tinstall Tcheck Ttotal Status Flags
r-devel-linux-x86_64-debian-clang 1.0.0 4.17 40.76 44.93 OK
r-devel-linux-x86_64-debian-gcc 1.0.0 3.73 31.52 35.25 OK
r-devel-linux-x86_64-fedora-clang 1.0.0 59.12 NOTE
r-devel-linux-x86_64-fedora-gcc 1.0.0 50.68 NOTE
r-devel-windows-ix86+x86_64 1.0.0 8.00 57.00 65.00 OK
r-patched-linux-x86_64 1.0.0 3.79 41.94 45.73 OK
r-patched-solaris-x86 1.0.0 73.70 NOTE
r-release-linux-x86_64 1.0.0 4.34 44.95 49.29 OK
r-release-macos-x86_64 1.0.0 NOTE
r-release-windows-ix86+x86_64 1.0.0 9.00 49.00 58.00 OK
r-oldrel-macos-x86_64 1.0.0 NOTE
r-oldrel-windows-ix86+x86_64 1.0.0 5.00 56.00 61.00 OK

Check Details

Version: 1.0.0
Check: data for non-ASCII characters
Result: NOTE
     Note: found 25 marked UTF-8 strings
Flavors: r-devel-linux-x86_64-fedora-clang, r-devel-linux-x86_64-fedora-gcc, r-patched-solaris-x86, r-release-macos-x86_64, r-oldrel-macos-x86_64