CRAN Package Check Results for Package restatapi

Last updated on 2022-07-02 02:53:12 CEST.

Flavor Version Tinstall Tcheck Ttotal Status Flags
r-devel-linux-x86_64-debian-clang 0.13.3 5.62 114.45 120.07 OK
r-devel-linux-x86_64-debian-gcc 0.13.3 4.48 76.81 81.29 OK
r-devel-linux-x86_64-fedora-clang 0.13.3 136.85 OK
r-devel-linux-x86_64-fedora-gcc 0.13.3 138.16 OK
r-devel-windows-x86_64 0.13.3 31.00 206.00 237.00 OK
r-patched-linux-x86_64 0.13.3 7.23 104.35 111.58 OK
r-release-linux-x86_64 0.13.3 4.11 104.98 109.09 ERROR
r-release-macos-arm64 0.13.3 125.00 OK
r-release-macos-x86_64 0.13.3 139.00 OK
r-release-windows-x86_64 0.13.3 29.00 186.00 215.00 ERROR
r-oldrel-macos-arm64 0.13.3 113.00 OK
r-oldrel-macos-x86_64 0.13.3 141.00 OK
r-oldrel-windows-ix86+x86_64 0.13.3 12.00 140.00 152.00 OK

Check Details

Version: 0.13.3
Check: tests
Result: ERROR
     Running ‘tinytest.R’ [63s/143s]
    Running the tests in ‘tests/tinytest.R’ failed.
    Complete output:
     > if ( requireNamespace("tinytest", quietly=TRUE) ){
     + home <- length(unclass(packageVersion("restatapi"))[[1]]) == 4
     + tinytest::test_package("restatapi", at_home = home)
     + }
     restatapi: - version 0.13.3
     - config file with the API version 1 loaded from GitHub (the 'current' API version number is 1).
     - 4 from the 32 cores are used for parallel computing, can be changed with 'options(restatapi_cores=...)'
     - 'auto' method will be used for file download, can be changed with 'options(restatapi_dmethod=...)'
     - the Table of contents (TOC) was not pre-loaded into the deafult cache ('.restatapi_env').
    
     test_restatapi.R.............. 0 tests
     test_restatapi.R.............. 0 tests
     test_restatapi.R.............. 0 tests
     test_restatapi.R.............. 0 tests
     test_restatapi.R.............. 0 tests
     test_restatapi.R.............. 0 tests
     clean_restatapi_cache - All objects except from 'cfg', 'rav', 'cc' and 'dmethod' are removed from '.restatapi_env'.
    
     test_restatapi.R.............. 0 tests
     test_restatapi.R.............. 0 tests
     test_restatapi.R.............. 0 tests
     test_restatapi.R.............. 0 tests
     test_restatapi.R.............. 0 tests
     test_restatapi.R.............. 0 tests
     test_restatapi.R.............. 0 tests
     test_restatapi.R.............. 0 tests
     test_restatapi.R.............. 0 tests
     test_restatapi.R.............. 0 tests
     test_restatapi.R.............. 0 tests
     test_restatapi.R.............. 0 tests
     test_restatapi.R.............. 0 tests
     test_restatapi.R.............. 0 tests get_eurostat_toc - Downloading https://ec.europa.eu/eurostat/estat-navtree-portlet-prod/BulkDownloadListing?sort=1&downfile=table_of_contents.xml
     xml_nodeset
     number of nodes: 8781
     number of cores: 2
    
     get_eurostat_toc - The TOC was cached in memory ('toc.xml.en' in '.restatapi_env').
    
    
     test_restatapi.R.............. 0 tests
     get_eurostat_toc - Downloading https://ec.europa.eu/eurostat/estat-navtree-portlet-prod/BulkDownloadListing?sort=1&file=table_of_contents_en.txt
     trying URL 'https://ec.europa.eu/eurostat/estat-navtree-portlet-prod/BulkDownloadListing?sort=1&file=table_of_contents_en.txt'
     Content type 'text/plain;charset=UTF-8' length 1594540 bytes (1.5 MB)
     ==================================================
     downloaded 1.5 MB
    
     get_eurostat_toc - The TOC was cached in memory ('toc.txt.en' in '.restatapi_env').
    
    
     test_restatapi.R.............. 0 tests
     get_eurostat_cache - The 'toc.xml.en' was loaded from 'toc.xml.en' in '.restatapi_env'.
     get_eurostat_toc - The TOC was cached previously in memory ('toc.xml.en' in '.restatapi_env'). It remained unchanged.
    
    
     test_restatapi.R.............. 0 tests
     ########--------- 1 test of the get_eurostat_toc function
    
     test_restatapi.R.............. 0 tests
     test_restatapi.R.............. 1 tests <1b>[0;32mOK<1b>[0m
     ########--------- 2 test of the get_eurostat_toc function
    
     ########--------- 3 test of the get_eurostat_toc function
    
     ########--------- 4 test of the get_eurostat_toc function
    
     ########--------- 5 test of the get_eurostat_toc function
    
     ########--------- 6 test of the get_eurostat_toc function
    
     ########--------- 7 test of the get_eurostat_toc function
    
     test_restatapi.R.............. 7 tests <1b>[0;32mOK<1b>[0m
     get_eurostat_cache - The 'toc.xml.en' was loaded from 'toc.xml.en' in '.restatapi_env'.
     get_eurostat_toc - The TOC was cached previously in memory ('toc.xml.en' in '.restatapi_env'). It remained unchanged.
    
    
     test_restatapi.R.............. 7 tests <1b>[0;32mOK<1b>[0m
     get_eurostat_cache - The 'toc.xml.en' was loaded from 'toc.xml.en' in '.restatapi_env'.
     get_eurostat_toc - The TOC was cached previously in memory ('toc.xml.en' in '.restatapi_env'). It remained unchanged.
    
    
     test_restatapi.R.............. 7 tests <1b>[0;32mOK<1b>[0m get_eurostat_toc - Downloading https://ec.europa.eu/eurostat/estat-navtree-portlet-prod/BulkDownloadListing?sort=1&downfile=table_of_contents.xml
     xml_nodeset
     number of nodes: 8781
     number of cores: 2
    
     get_eurostat_toc - The TOC was cached in memory ('toc.xml.de' in '.restatapi_env').
    
    
     test_restatapi.R.............. 7 tests <1b>[0;32mOK<1b>[0m
     ########--------- 8 test of the search_eurostat_toc function
    
     test_restatapi.R.............. 8 tests <1b>[0;32mOK<1b>[0m
     ########--------- 9 test of the search_eurostat_toc function
    
     test_restatapi.R.............. 9 tests <1b>[0;32mOK<1b>[0m
     ########--------- 10 test of the get_eurostat_dsd function
    
     test_restatapi.R.............. 9 tests <1b>[0;32mOK<1b>[0m
     get_eurostat_dsd - Trying to download the DSD from: http://ec.europa.eu/eurostat/SDMX/diss-web/rest/datastructure/ESTAT/DSD_text
     trying URL 'http://ec.europa.eu/eurostat/SDMX/diss-web/rest/datastructure/ESTAT/DSD_text'
     get_eurostat_dsd - Warning by the download of the DSD file:
     downloaded length 0 != reported length 9
     utils::download.file(dsd_endpoint, temp, dmethod)
     get_eurostat_dsd - The dsd_xml is NULL. Please check in a browser the url below. If it provides valid reponse you can try again to download the DSD.
     http://ec.europa.eu/eurostat/SDMX/diss-web/rest/datastructure/ESTAT/DSD_text
    
     test_restatapi.R.............. 10 tests <1b>[0;32mOK<1b>[0m
     get_eurostat_dsd - Trying to download the DSD from: http://ec.europa.eu/eurostat/SDMX/diss-web/rest/datastructure/ESTAT/DSD_NAMA_10_GDP
     trying URL 'http://ec.europa.eu/eurostat/SDMX/diss-web/rest/datastructure/ESTAT/DSD_NAMA_10_GDP'
     downloaded 36 KB
    
     Trying to extract the DSD from: /tmp/RtmpPVAMWK/file4d65d1f972195
     get_eurostat_dsd - The DSD of the NAMA_10_GDP dataset was cached in memory ('NAMA_10_GDP.dsd' in '.restatapi_env').
    
    
     test_restatapi.R.............. 10 tests <1b>[0;32mOK<1b>[0m
     ########--------- 11 test of the get_eurostat_dsd function
    
     ########--------- 12 test of the get_eurostat_dsd function
    
     test_restatapi.R.............. 12 tests <1b>[0;32mOK<1b>[0m
     test_restatapi.R.............. 12 tests <1b>[0;32mOK<1b>[0m
     test_restatapi.R.............. 12 tests <1b>[0;32mOK<1b>[0m
     test_restatapi.R.............. 12 tests <1b>[0;32mOK<1b>[0m
     ########--------- 13 test of the search_eurostat_dsd function
    
     ########--------- 14 test of the search_eurostat_dsd function
    
     ########--------- 15 test of the search_eurostat_dsd function
    
     ########--------- 16 test of the search_eurostat_dsd function
    
     ########--------- 17 test of the search_eurostat_dsd function
    
     ########--------- 18 test of the search_eurostat_dsd function
    
     ########--------- 19 test of the search_eurostat_dsd function
    
     ########--------- 20 test of the search_eurostat_dsd function
    
     test_restatapi.R.............. 20 tests <1b>[0;32mOK<1b>[0m
     get_eurostat_data - footer code option value at start:
     get_eurostat_data - footer code option value after reset:
     get_eurostat_data - id:htec_cis3
     get_eurostat_data - Trying to get from cache: b_htec_cis3-2022.06.30-1-1
    
     get_eurostat_bulk - charactertxtlogicallogicalNULLlogicallogicallogicallogicalfunctionlogical
     get_eurostat_raw - bulk url: http://ec.europa.eu/eurostat/estat-navtree-portlet-prod/BulkDownloadListing?file=data/htec_cis3.tsv.gz
     trying URL 'http://ec.europa.eu/eurostat/estat-navtree-portlet-prod/BulkDownloadListing?file=data/htec_cis3.tsv.gz'
     Content type 'application/octet-stream;charset=UTF-8' length 5116 bytes
     ==================================================
     downloaded 5116 bytes
    
     get_eurostat_raw - /tmp/RtmpPVAMWK/file4d65d28b06db2-1-size#isdir#mode#mtime#ctime#atime#uid#gid#uname#grname-5116-TRUE
     get_eurostat_raw - class:data.tabledata.frame
     get_eurostat_raw - caching in raw:FALSE local filter:FALSE called from:restatapi::get_eurostat_rawidtxtcacheupdate_cachecache_dircompress_filestringsAsFactorskeep_flagscheck_tocTRUEverbose
     get_eurostat_raw - FALSE
     get_eurostat_data - The data was downloaded with bulk download.
     get_eurostat_data - bulk restat - nrow:1006; ncol:7; colnames:indic_in/nace_r1/unit/geo/time/values/flags
     get_eurostat_data - cflags:TRUE
     get_eurostat_data - restat - nrow:1006; ncol:7; colnames:indic_in/nace_r1/unit/geo/time/values/flags
     get_eurostat_data - processed restat - nrow:1006; ncol:7; colnames:indic_in/nace_r1/unit/geo/time/values/flags
     get_eurostat_data - The data was cached in memory ('b_htec_cis3-2022.06.30-1-1' in '.restatapi_env').
    
    
     test_restatapi.R.............. 20 tests <1b>[0;32mOK<1b>[0m
     test_restatapi.R.............. 20 tests <1b>[0;32mOK<1b>[0m
     get_eurostat_data - footer code option value at start:
     get_eurostat_data - footer code option value after reset:
     get_eurostat_data - id:htec_cis3
     get_eurostat_data - Trying to get from cache: b_htec_cis3-2022.06.30-0-0
    
     get_eurostat_cache - The 'b_htec_cis3-2022.06.30-0-0' was loaded from 'b_htec_cis3-2022.06.30-1-1' in '.restatapi_env'.
     get_eurostat_data - The data was loaded from cache.
     get_eurostat_data - cached restat - nrow:1006; ncol:7; colnames:indic_in/nace_r1/unit/geo/time/values/flags
     get_eurostat_data - restat - nrow:1006; ncol:7; colnames:indic_in/nace_r1/unit/geo/time/values/flags
     get_eurostat_data - processed restat - nrow:1006; ncol:6; colnames:indic_in/nace_r1/unit/geo/time/values
     get_eurostat_data - The data was cached in memory ('b_htec_cis3-2022.06.30-0-0' in '.restatapi_env').
    
    
     test_restatapi.R.............. 20 tests <1b>[0;32mOK<1b>[0m
     test_restatapi.R.............. 20 tests <1b>[0;32mOK<1b>[0m
     ########--------- 21 test of the get_eurostat_data function
    
     ########--------- 22 test of the get_eurostat_data function
    
     ########--------- 23 test of the get_eurostat_data function
    
     ########--------- 24 test of the get_eurostat_data function
    
     test_restatapi.R.............. 24 tests <1b>[0;32mOK<1b>[0m
     ########--------- 25 test of the get_eurostat_raw/bulk/data functions
     trying URL 'http://ec.europa.eu/eurostat/estat-navtree-portlet-prod/BulkDownloadListing?file=data/ds-066341.tsv.gz'
     downloaded 14 KB
    
    
     ########--------- 26 test of the get_eurostat_raw/bulk/data functions
    
     ########--------- 27 test of the get_eurostat_raw/bulk/data functions
    
     ########--------- 28 test of the get_eurostat_raw/bulk/data functions
    
     ########--------- 29 test of the get_eurostat_raw/bulk/data functions
    
     ########--------- 30 test of the get_eurostat_raw/bulk/data functions
    
     ########--------- 31 test of the get_eurostat_raw/bulk/data functions
     trying URL 'http://ec.europa.eu/eurostat/estat-navtree-portlet-prod/BulkDownloadListing?file=data/ds-066341.tsv.gz'
     downloaded 14 KB
    
    
     ########--------- 32 test of the get_eurostat_raw/bulk/data functions
    
     test_restatapi.R.............. 32 tests <1b>[0;32mOK<1b>[0m get_eurostat_raw - bulk url: http://ec.europa.eu/eurostat/estat-navtree-portlet-prod/BulkDownloadListing?file=data/agr_r_milkpr.sdmx.zip
     trying URL 'http://ec.europa.eu/eurostat/estat-navtree-portlet-prod/BulkDownloadListing?file=data/agr_r_milkpr.sdmx.zip'
     Content type 'application/octet-stream;charset=UTF-8' length 83748 bytes (81 KB)
     ==================================================
     downloaded 81 KB
    
     xml_nodeset
     number of nodes: 571
     number of cores: 2
    
     get_eurostat_raw - caching in raw:TRUE local filter:FALSE called from:get_eurostat_rawtestid4xmlTRUETRUE
     get_eurostat_raw - FALSE
     get_eurostat_raw - The raw data was cached in memory ('r_agr_r_milkpr-2022.06.30-1' in '.restatapi_env').
    
    
     test_restatapi.R.............. 32 tests <1b>[0;32mOK<1b>[0m
     get_eurostat_data - footer code option value at start:
     get_eurostat_data - footer code option value after reset:
     get_eurostat_data - id:agr_r_milkpr
     get_eurostat_data - Trying to get from cache: b_agr_r_milkpr-2022.06.30-1-0
    
     get_eurostat_cache - The 'b_agr_r_milkpr-2022.06.30-1-0' was loaded from 'r_agr_r_milkpr-2022.06.30-1' in '.restatapi_env'.
     get_eurostat_data - The data was loaded from cache.
     get_eurostat_data - cached restat - nrow:10482; ncol:8; colnames:FREQ/milkitem/dairyprod/geo/TIME_FORMAT/TIME_PERIOD/OBS_VALUE/OBS_STATUS
     get_eurostat_data - restat - nrow:10482; ncol:8; colnames:FREQ/milkitem/dairyprod/geo/TIME_FORMAT/TIME_PERIOD/OBS_VALUE/OBS_STATUS
     get_eurostat_data - processed restat - nrow:10211; ncol:6; colnames:milkitem/dairyprod/geo/time/values/flags
     get_eurostat_data - The data was cached in memory ('b_agr_r_milkpr-2022.06.30-1-0' in '.restatapi_env').
    
    
     test_restatapi.R.............. 32 tests <1b>[0;32mOK<1b>[0m
     get_eurostat_data - footer code option value at start:
     get_eurostat_data - footer code option value after reset:
     get_eurostat_data - id:agr_r_milkpr
     get_eurostat_data - date_filter: 2008
    
     create_filter_table - filters class: numeric; size: 1; filters:2008
     create_filter_table - filters: 2008; is numeric: TRUE; call parents: 7
     length df: 1 -*- df: 2008
     create_filter_table - 2008 date filter length: 1, nchar date_filter: 4
     get_eurostat_data - date_filter: 2008 nrow dft: 1
     -?startPeriod=2008-01-01&endPeriod=2008-12-31
     http://ec.europa.eu/eurostat/SDMX/diss-web/rest/data/agr_r_milkpr/?startPeriod=2008-01-01&endPeriod=2008-12-31
     trying URL 'http://ec.europa.eu/eurostat/SDMX/diss-web/rest/data/agr_r_milkpr/?startPeriod=2008-01-01&endPeriod=2008-12-31'
     downloaded 201 KB
    
     get_eurostat_data - http://ec.europa.eu/eurostat/SDMX/diss-web/rest/data/agr_r_milkpr/?startPeriod=2008-01-01&endPeriod=2008-12-31
     code: - severity:
    
     xml_nodeset
     number of nodes: 571
     number of cores: 2
    
     get_eurostat_data - footer code option value after retrieval:
     get_eurostat_data - restat - nrow:571; ncol:7; colnames:DAIRYPROD/MILKITEM/GEO/FREQ/obsTime/obsValue/OBS_STATUS
     get_eurostat_data - processed restat - nrow:390; ncol:6; colnames:dairyprod/milkitem/geo/time/values/flags
    
     test_restatapi.R.............. 32 tests <1b>[0;32mOK<1b>[0m
     ########--------- 33 test of the get_eurostat_raw/bulk/data functions
    
     test_restatapi.R.............. 33 tests <1b>[0;32mOK<1b>[0m get_eurostat_raw - bulk url: http://ec.europa.eu/eurostat/estat-navtree-portlet-prod/BulkDownloadListing?file=data/irt_h_eurcoe_d.tsv.gz
     trying URL 'http://ec.europa.eu/eurostat/estat-navtree-portlet-prod/BulkDownloadListing?file=data/irt_h_eurcoe_d.tsv.gz'
     Content type 'application/octet-stream;charset=UTF-8' length 145791 bytes (142 KB)
     ==================================================
     downloaded 142 KB
    
     get_eurostat_raw - /tmp/RtmpPVAMWK/file4d65d69421bb3-1-size#isdir#mode#mtime#ctime#atime#uid#gid#uname#grname-145791-TRUE
     get_eurostat_raw - class:data.tabledata.frame
     get_eurostat_raw - caching in raw:TRUE local filter:FALSE called from:get_eurostat_rawtestid5TRUE
     get_eurostat_raw - FALSE
     get_eurostat_raw - The raw data was cached in memory ('r_irt_h_eurcoe_d-2022.06.30-0' in '.restatapi_env').
    
    
     test_restatapi.R.............. 33 tests <1b>[0;32mOK<1b>[0m
     get_eurostat_bulk - charactertxtlogicallogicalNULLlogicallogicallogicallogicalfunctionlogical
     get_eurostat_raw - bulk url: http://ec.europa.eu/eurostat/estat-navtree-portlet-prod/BulkDownloadListing?file=data/irt_h_eurcoe_d.tsv.gz
     trying URL 'http://ec.europa.eu/eurostat/estat-navtree-portlet-prod/BulkDownloadListing?file=data/irt_h_eurcoe_d.tsv.gz'
     Content type 'application/octet-stream;charset=UTF-8' length 145791 bytes (142 KB)
     ==================================================
     downloaded 142 KB
    
     get_eurostat_raw - /tmp/RtmpPVAMWK/file4d65d2acaae28-1-size#isdir#mode#mtime#ctime#atime#uid#gid#uname#grname-145791-TRUE
     get_eurostat_raw - class:data.tabledata.frame
     get_eurostat_raw - caching in raw:FALSE local filter:FALSE called from:restatapi::get_eurostat_rawidtxtcacheupdate_cachecache_dircompress_filestringsAsFactorskeep_flagscheck_tocTRUEverbose
     get_eurostat_raw - FALSE
     get_eurostat_bulk - The bulk data was cached in memory ('b_irt_h_eurcoe_d-2022.06.30-1-0' in '.restatapi_env').
    
    
     test_restatapi.R.............. 33 tests <1b>[0;32mOK<1b>[0m
     get_eurostat_cache - The 'toc.xml.en' was loaded from 'toc.xml.en' in '.restatapi_env'.
     get_eurostat_toc - The TOC was cached previously in memory ('toc.xml.en' in '.restatapi_env'). It remained unchanged.
    
    
     get_eurostat_raw - raw TOC rows: 6858
     bulk url: https://ec.europa.eu/eurostat/estat-navtree-portlet-prod/BulkDownloadListing?file=data/irt_h_eurcoe_d.sdmx.zip
     data rowcount: 29862
     trying URL 'https://ec.europa.eu/eurostat/estat-navtree-portlet-prod/BulkDownloadListing?file=data/irt_h_eurcoe_d.sdmx.zip'
     Content type 'application/octet-stream;charset=UTF-8' length 297155 bytes (290 KB)
     ==================================================
     downloaded 290 KB
    
     xml_nodeset
     number of nodes: 18
     number of cores: 2
    
     get_eurostat_raw - caching in raw:TRUE local filter:FALSE called from:get_eurostat_rawtestid5xmlTRUETRUETRUETRUETRUE
     get_eurostat_raw - FALSE
     get_eurostat_raw - The raw data was cached in memory ('r_irt_h_eurcoe_d-2009.03.26-1' in '.restatapi_env').
    
    
     test_restatapi.R.............. 33 tests <1b>[0;32mOK<1b>[0m
     get_eurostat_cache - The 'b_irt_h_eurcoe_d-2022.06.30-1-0' was loaded from 'b_irt_h_eurcoe_d-2022.06.30-1-0' in '.restatapi_env'.
     get_eurostat_bulk - The bulk data was cached previously in memory ('b_irt_h_eurcoe_d-2022.06.30-1-0' in '.restatapi_env'). It remained unchanged.
    
    
     test_restatapi.R.............. 33 tests <1b>[0;32mOK<1b>[0m
     ########--------- 34 test of the get_eurostat_raw/bulk/data functions
    
     test_restatapi.R.............. 34 tests <1b>[0;32mOK<1b>[0m
     ########--------- 35 test of the get_eurostat_raw/bulk/data functions
    
     ########--------- 36 test of the get_eurostat_raw/bulk/data functions
    
     test_restatapi.R.............. 36 tests <1b>[0;32mOK<1b>[0m
     ########--------- 37 test of filtering in the get_eurostat_data function
    
     test_restatapi.R.............. 36 tests <1b>[0;32mOK<1b>[0m trying URL 'http://ec.europa.eu/eurostat/SDMX/diss-web/rest/datastructure/ESTAT/DSD_agr_r_milkpr'
     downloaded 116 KB
    
    
     test_restatapi.R.............. 37 tests <1b>[0;32mOK<1b>[0m
     ########--------- 38 test of filtering in the get_eurostat_data function
    
     test_restatapi.R.............. 37 tests <1b>[0;32mOK<1b>[0m
     test_restatapi.R.............. 38 tests <1b>[0;32mOK<1b>[0m
     ########--------- 39 test of filtering in the get_eurostat_data function
    
     test_restatapi.R.............. 38 tests <1b>[0;32mOK<1b>[0m
     test_restatapi.R.............. 39 tests <1b>[0;32mOK<1b>[0m
     ########--------- 40 test of filtering in the get_eurostat_data function
    
     test_restatapi.R.............. 40 tests <1b>[0;32mOK<1b>[0m
     ########--------- 41 test of filtering in the get_eurostat_data function
    
     ########--------- 42 test of filtering in the get_eurostat_data function
    
     ########--------- 43 test of filtering in the get_eurostat_data function
    
     test_restatapi.R.............. 43 tests <1b>[0;32mOK<1b>[0m
     ########--------- 44 test of filtering in the get_eurostat_data function
    
     test_restatapi.R.............. 43 tests <1b>[0;32mOK<1b>[0m trying URL 'http://ec.europa.eu/eurostat/SDMX/diss-web/rest/datastructure/ESTAT/DSD_avia_par_me'
     downloaded 24 KB
    
     trying URL 'http://ec.europa.eu/eurostat/SDMX/diss-web/rest/data/avia_par_me/Q.../?startPeriod=2017-03-01&endPeriod=2017-03-31'
     Content type 'application/vnd.sdmx.generic+xml;version=2.1' length 1054 bytes
     ==================================================
     downloaded 1054 bytes
    
    
     test_restatapi.R.............. 44 tests <1b>[0;32mOK<1b>[0m
     ########--------- 45 test of filtering in the get_eurostat_data function
    
     test_restatapi.R.............. 44 tests <1b>[0;32mOK<1b>[0m
     test_restatapi.R.............. 45 tests <1b>[0;32mOK<1b>[0m
     get_eurostat_data - footer code option value at start:404
     get_eurostat_data - footer code option value after reset:
     get_eurostat_data - id:agr_r_milkpr
    
     get_eurostat_cache - The 'agr_r_milkpr.dsd' was loaded from 'agr_r_milkpr.dsd' in '.restatapi_env'.
    
     create_filter_table - filters class: character; size: 1; filters:2018
     -
     None of the filter could be applied. The whole dataset will be retrieved through bulk download.
    
     get_eurostat_cache - The 'b_agr_r_milkpr-2022.06.30-1-1' was loaded from 'r_agr_r_milkpr-2022.06.30-1' in '.restatapi_env'.
     get_eurostat_data - bulk restat - nrow:10482;ncol:6;colnames:milkitem/dairyprod/geo/time/values/flags
     cflags:TRUE
     get_eurostat_data - restat - nrow:10482; ncol:6; colnames:milkitem/dairyprod/geo/time/values/flags
     get_eurostat_data - processed restat - nrow:10482; ncol:6; colnames:milkitem/dairyprod/geo/time/values/flags
     get_eurostat_data - The data was cached in memory ('b_agr_r_milkpr-2022.06.30-1-1' in '.restatapi_env').
    
    
     test_restatapi.R.............. 45 tests <1b>[0;32mOK<1b>[0m
     ########--------- 46 test of filtering in the get_eurostat_data function
    
     test_restatapi.R.............. 46 tests <1b>[0;32mOK<1b>[0m
     get_eurostat_cache - The 'agr_r_milkpr.dsd' was loaded from 'agr_r_milkpr.dsd' in '.restatapi_env'.
    
     test_restatapi.R.............. 46 tests <1b>[0;32mOK<1b>[0m
     get_eurostat_data - footer code option value at start:
     get_eurostat_data - footer code option value after reset:
     get_eurostat_data - id:agr_r_milkpr
    
     get_eurostat_cache - The 'agr_r_milkpr.dsd' was loaded from 'agr_r_milkpr.dsd' in '.restatapi_env'.
    
     create_filter_table - filters class: character; size: 1; filters:AT
     ...AT-
     http://ec.europa.eu/eurostat/SDMX/diss-web/rest/data/agr_r_milkpr/...AT/
     trying URL 'http://ec.europa.eu/eurostat/SDMX/diss-web/rest/data/agr_r_milkpr/...AT/'
     Content type 'application/vnd.sdmx.genericdata+xml;version=2.1' length 4259 bytes
     ==================================================
     downloaded 4259 bytes
    
     get_eurostat_data - http://ec.europa.eu/eurostat/SDMX/diss-web/rest/data/agr_r_milkpr/...AT/
     code: - severity:
    
     xml_nodeset
     number of nodes: 1
     number of cores: 2
    
     get_eurostat_data - footer code option value after retrieval:
     get_eurostat_data - restat - nrow:27; ncol:6; colnames:DAIRYPROD/MILKITEM/GEO/FREQ/obsTime/obsValue
     get_eurostat_data - processed restat - nrow:25; ncol:5; colnames:dairyprod/milkitem/geo/time/values
    
     get_eurostat_data - footer code option value at start:
     get_eurostat_data - footer code option value after reset:
     get_eurostat_data - id:agr_r_milkpr
    
     get_eurostat_cache - The 'agr_r_milkpr.dsd' was loaded from 'agr_r_milkpr.dsd' in '.restatapi_env'.
    
     create_filter_table - filters class: character; size: 1; filters:AT
     ...AT+AT1+AT11+AT12+AT13+AT2+AT21+AT22+AT3+AT31+AT32+AT33+AT34-
     http://ec.europa.eu/eurostat/SDMX/diss-web/rest/data/agr_r_milkpr/...AT+AT1+AT11+AT12+AT13+AT2+AT21+AT22+AT3+AT31+AT32+AT33+AT34/
     trying URL 'http://ec.europa.eu/eurostat/SDMX/diss-web/rest/data/agr_r_milkpr/...AT+AT1+AT11+AT12+AT13+AT2+AT21+AT22+AT3+AT31+AT32+AT33+AT34/'
     downloaded 40 KB
    
     get_eurostat_data - http://ec.europa.eu/eurostat/SDMX/diss-web/rest/data/agr_r_milkpr/...AT+AT1+AT11+AT12+AT13+AT2+AT21+AT22+AT3+AT31+AT32+AT33+AT34/
     code: - severity:
    
     xml_nodeset
     number of nodes: 13
     number of cores: 2
    
     get_eurostat_data - footer code option value after retrieval:
     get_eurostat_data - restat - nrow:351; ncol:7; colnames:DAIRYPROD/MILKITEM/GEO/FREQ/obsTime/obsValue/OBS_STATUS
     get_eurostat_data - processed restat - nrow:325; ncol:6; colnames:dairyprod/milkitem/geo/time/values/flags
    
     ########--------- 47 test of filtering in the get_eurostat_data function
    
     ########--------- 48 test of filtering in the get_eurostat_data function
    
     get_eurostat_data - footer code option value at start:
     get_eurostat_data - footer code option value after reset:
     get_eurostat_data - id:agr_r_milkpr
     get_eurostat_data - date_filter: 2016
    
     create_filter_table - filters class: numeric; size: 1; filters:2016
     create_filter_table - filters: 2016; is numeric: TRUE; call parents: 8
     length df: 1 -*- df: 2016
     create_filter_table - 2016 date filter length: 1, nchar date_filter: 4
     get_eurostat_data - date_filter: 2016 nrow dft: 1
     -?startPeriod=2016-01-01&endPeriod=2016-12-31
     http://ec.europa.eu/eurostat/SDMX/diss-web/rest/data/agr_r_milkpr/?startPeriod=2016-01-01&endPeriod=2016-12-31
     trying URL 'http://ec.europa.eu/eurostat/SDMX/diss-web/rest/data/agr_r_milkpr/?startPeriod=2016-01-01&endPeriod=2016-12-31'
     downloaded 201 KB
    
     get_eurostat_data - http://ec.europa.eu/eurostat/SDMX/diss-web/rest/data/agr_r_milkpr/?startPeriod=2016-01-01&endPeriod=2016-12-31
     code: - severity:
    
     xml_nodeset
     number of nodes: 571
     number of cores: 2
    
     get_eurostat_data - footer code option value after retrieval:
     get_eurostat_data - restat - nrow:571; ncol:6; colnames:DAIRYPROD/MILKITEM/GEO/FREQ/obsTime/obsValue
     get_eurostat_data - processed restat - nrow:494; ncol:5; colnames:dairyprod/milkitem/geo/time/values
    
     get_eurostat_data - footer code option value at start:
     get_eurostat_data - footer code option value after reset:
     get_eurostat_data - id:agr_r_milkpr
     get_eurostat_data - date_filter: 2016
    
     create_filter_table - filters class: character; size: 1; filters:2016
     create_filter_table - filters: 2016; is numeric: FALSE; call parents: 8
     length df: 1 -*- df: 2016
     create_filter_table - 2016 date filter length: 1, nchar date_filter: 4
     get_eurostat_data - date_filter: 2016 nrow dft: 1
     -?startPeriod=2016-01-01&endPeriod=2016-12-31
     http://ec.europa.eu/eurostat/SDMX/diss-web/rest/data/agr_r_milkpr/?startPeriod=2016-01-01&endPeriod=2016-12-31
     trying URL 'http://ec.europa.eu/eurostat/SDMX/diss-web/rest/data/agr_r_milkpr/?startPeriod=2016-01-01&endPeriod=2016-12-31'
     downloaded 201 KB
    
     get_eurostat_data - http://ec.europa.eu/eurostat/SDMX/diss-web/rest/data/agr_r_milkpr/?startPeriod=2016-01-01&endPeriod=2016-12-31
     code: - severity:
    
     xml_nodeset
     number of nodes: 571
     number of cores: 2
    
     get_eurostat_data - footer code option value after retrieval:
     get_eurostat_data - restat - nrow:571; ncol:7; colnames:DAIRYPROD/MILKITEM/GEO/FREQ/obsTime/obsValue/OBS_STATUS
     get_eurostat_data - processed restat - nrow:494; ncol:6; colnames:dairyprod/milkitem/geo/time/values/flags
    
     ########--------- 49 test of filtering in the get_eurostat_data function
    
     get_eurostat_data - footer code option value at start:
     get_eurostat_data - footer code option value after reset:
     get_eurostat_data - id:agr_r_milkpr
    
     get_eurostat_cache - The 'agr_r_milkpr.dsd' was loaded from 'agr_r_milkpr.dsd' in '.restatapi_env'.
    
     create_filter_table - filters class: character; size: 1; filters:AT
     ...AT+AT1+AT11+AT12+AT13+AT2+AT21+AT22+AT3+AT31+AT32+AT33+AT34+EL11+EL3+EL30+EL51+ES51+ES52+HR+HR02+HR03+HR04+HR06+HR01+ITF5+LV+LV0+LV00+HU22+RO4+SK01+NO01+NO03+NO04+NO05+UKD3+UKK1+TR2+TR5+TR63+TR72+TR8+TR83+TRB1+TRC3+XK-
     http://ec.europa.eu/eurostat/SDMX/diss-web/rest/data/agr_r_milkpr/...AT+AT1+AT11+AT12+AT13+AT2+AT21+AT22+AT3+AT31+AT32+AT33+AT34+EL11+EL3+EL30+EL51+ES51+ES52+HR+HR02+HR03+HR04+HR06+HR01+ITF5+LV+LV0+LV00+HU22+RO4+SK01+NO01+NO03+NO04+NO05+UKD3+UKK1+TR2+TR5+TR63+TR72+TR8+TR83+TRB1+TRC3+XK/
     trying URL 'http://ec.europa.eu/eurostat/SDMX/diss-web/rest/data/agr_r_milkpr/...AT+AT1+AT11+AT12+AT13+AT2+AT21+AT22+AT3+AT31+AT32+AT33+AT34+EL11+EL3+EL30+EL51+ES51+ES52+HR+HR02+HR03+HR04+HR06+HR01+ITF5+LV+LV0+LV00+HU22+RO4+SK01+NO01+NO03+NO04+NO05+UKD3+UKK1+TR2+TR5+TR63+TR72+TR8+TR83+TRB1+TRC3+XK/'
     downloaded 165 KB
    
     get_eurostat_data - http://ec.europa.eu/eurostat/SDMX/diss-web/rest/data/agr_r_milkpr/...AT+AT1+AT11+AT12+AT13+AT2+AT21+AT22+AT3+AT31+AT32+AT33+AT34+EL11+EL3+EL30+EL51+ES51+ES52+HR+HR02+HR03+HR04+HR06+HR01+ITF5+LV+LV0+LV00+HU22+RO4+SK01+NO01+NO03+NO04+NO05+UKD3+UKK1+TR2+TR5+TR63+TR72+TR8+TR83+TRB1+TRC3+XK/
     code: - severity:
    
     xml_nodeset
     number of nodes: 47
     number of cores: 2
    
     get_eurostat_data - footer code option value after retrieval:
     get_eurostat_data - restat - nrow:1269; ncol:7; colnames:DAIRYPROD/MILKITEM/GEO/FREQ/obsTime/obsValue/OBS_STATUS
     get_eurostat_data - processed restat - nrow:876; ncol:6; colnames:dairyprod/milkitem/geo/time/values/flags
    
     ########--------- 50 test of filtering in the get_eurostat_data function
    
     get_eurostat_data - footer code option value at start:
     get_eurostat_data - footer code option value after reset:
     get_eurostat_data - id:agr_r_milkpr
    
     get_eurostat_cache - The 'agr_r_milkpr.dsd' was loaded from 'agr_r_milkpr.dsd' in '.restatapi_env'.
    
     create_filter_table - filters class: character; size: 1; filters:BE$
     get_eurostat_data - date_filter: 2006-02:2008-06-05
    
     create_filter_table - filters class: character; size: 1; filters:2006-02:2008-06-05
     create_filter_table - filters: 2006-02:2008-06-05; is numeric: FALSE; call parents: 8
     length df: 1 -*- df: 2006-02:2008-06-05
     create_filter_table - 2006-02:2008-06-05 date filter length: 1, nchar date_filter: 18
     get_eurostat_data - date_filter: 2006-02:2008-06-05 nrow dft: 1
     ...BE-?startPeriod=2006-02-01&endPeriod=2008-06-05
     http://ec.europa.eu/eurostat/SDMX/diss-web/rest/data/agr_r_milkpr/...BE/?startPeriod=2006-02-01&endPeriod=2008-06-05
     trying URL 'http://ec.europa.eu/eurostat/SDMX/diss-web/rest/data/agr_r_milkpr/...BE/?startPeriod=2006-02-01&endPeriod=2008-06-05'
     Content type 'application/vnd.sdmx.genericdata+xml;version=2.1' length 1822 bytes
     ==================================================
     downloaded 1822 bytes
    
     get_eurostat_data - http://ec.europa.eu/eurostat/SDMX/diss-web/rest/data/agr_r_milkpr/...BE/?startPeriod=2006-02-01&endPeriod=2008-06-05
     code: - severity:
    
     xml_nodeset
     number of nodes: 1
     number of cores: 2
    
     get_eurostat_data - footer code option value after retrieval:
     get_eurostat_data - restat - nrow:2; ncol:6; colnames:DAIRYPROD/MILKITEM/GEO/FREQ/obsTime/obsValue
     get_eurostat_data - processed restat - nrow:2; ncol:5; colnames:dairyprod/milkitem/geo/time/values
     get_eurostat_data - restat - nrow:2;ncol:5
    
     get_eurostat_cache - The 'agr_r_milkpr.dsd' was loaded from 'agr_r_milkpr.dsd' in '.restatapi_env'.
     get_eurostat_data - dsd - nrow:595;ncol:3
     get_eurostat_data - restat - nrow:2;ncol:5;colnames:dairyprod/milkitem/geo
    
     ########--------- 51 test of filtering in the get_eurostat_data function
    
     get_eurostat_data - footer code option value at start:
     get_eurostat_data - footer code option value after reset:
     get_eurostat_data - id:agr_r_milkpr
    
     get_eurostat_cache - The 'agr_r_milkpr.dsd' was loaded from 'agr_r_milkpr.dsd' in '.restatapi_env'.
    
     create_filter_table - filters class: character; size: 1; filters:BE
     get_eurostat_data - date_filter: <2008
    
     create_filter_table - filters class: character; size: 1; filters:<2008
     create_filter_table - filters: <2008; is numeric: FALSE; call parents: 8
     length df: 1 -*- df: <2008
     create_filter_table - <2008 date filter length: 1, nchar date_filter: 5
     get_eurostat_data - date_filter: <2008 nrow dft: 1
     ...BE-?endPeriod=2008-12-31
     http://ec.europa.eu/eurostat/SDMX/diss-web/rest/data/agr_r_milkpr/...BE/?endPeriod=2008-12-31
     trying URL 'http://ec.europa.eu/eurostat/SDMX/diss-web/rest/data/agr_r_milkpr/...BE/?endPeriod=2008-12-31'
     Content type 'application/vnd.sdmx.genericdata+xml;version=2.1' length 3230 bytes
     ==================================================
     downloaded 3230 bytes
    
     get_eurostat_data - http://ec.europa.eu/eurostat/SDMX/diss-web/rest/data/agr_r_milkpr/...BE/?endPeriod=2008-12-31
     code: - severity:
    
     xml_nodeset
     number of nodes: 1
     number of cores: 2
    
     get_eurostat_data - footer code option value after retrieval:
     get_eurostat_data - restat - nrow:14; ncol:7; colnames:DAIRYPROD/MILKITEM/GEO/FREQ/obsTime/obsValue/OBS_STATUS
     get_eurostat_data - processed restat - nrow:11; ncol:6; colnames:dairyprod/milkitem/geo/time/values/flags
    
     ########--------- 52 test of filtering in the get_eurostat_data function
    
     get_eurostat_data - footer code option value at start:
     get_eurostat_data - footer code option value after reset:
     get_eurostat_data - id:avia_par_me
    
     get_eurostat_cache - The 'avia_par_me.dsd' was loaded from 'avia_par_me.dsd' in '.restatapi_env'.
     get_eurostat_data - date_filter: c2017-07-01
    
     create_filter_table - filters class: character; size: 1; filters:2017-07-01
     create_filter_table - filters: 2017-07-01; is numeric: FALSE; call parents: 8
     length df: 1 -*- df: 2017-07-01
     create_filter_table - 2017-07-01 date filter length: 1, nchar date_filter: 10
     get_eurostat_data - date_filter: 2017-07-01 nrow dft: 1
     M+Q...ME_LYPG_HU_LHBP+ME_LYTV_UA_UKKK-?startPeriod=2017-07-01&endPeriod=2017-07-01
     http://ec.europa.eu/eurostat/SDMX/diss-web/rest/data/avia_par_me/M+Q...ME_LYPG_HU_LHBP+ME_LYTV_UA_UKKK/?startPeriod=2017-07-01&endPeriod=2017-07-01
     trying URL 'http://ec.europa.eu/eurostat/SDMX/diss-web/rest/data/avia_par_me/M+Q...ME_LYPG_HU_LHBP+ME_LYTV_UA_UKKK/?startPeriod=2017-07-01&endPeriod=2017-07-01'
     downloaded 57 KB
    
     get_eurostat_data - http://ec.europa.eu/eurostat/SDMX/diss-web/rest/data/avia_par_me/M+Q...ME_LYPG_HU_LHBP+ME_LYTV_UA_UKKK/?startPeriod=2017-07-01&endPeriod=2017-07-01
     code: - severity:
    
     xml_nodeset
     number of nodes: 144
     number of cores: 2
    
     get_eurostat_data - footer code option value after retrieval:
     get_eurostat_data - restat - nrow:144; ncol:7; colnames:UNIT/TRA_MEAS/AIRP_PR/FREQ/obsTime/obsValue/OBS_STATUS
     get_eurostat_data - processed restat - nrow:48; ncol:7; colnames:unit/tra_meas/airp_pr/freq/time/values/flags
    
     ########--------- 53 test of filtering in the get_eurostat_data function
    
     test_restatapi.R.............. 53 tests <1b>[0;32mOK<1b>[0m
     get_eurostat_cache - The 'avia_par_me.dsd' was loaded from 'avia_par_me.dsd' in '.restatapi_env'.
    
     test_restatapi.R.............. 53 tests <1b>[0;32mOK<1b>[0m
     test_restatapi.R.............. 53 tests <1b>[0;32mOK<1b>[0m
     test_restatapi.R.............. 53 tests <1b>[0;32mOK<1b>[0m
     ########--------- 54 test of the get/put_eurostat_cache function
    
     ########--------- 55 test of the get/put_eurostat_cache function
    
     test_restatapi.R.............. 55 tests <1b>[0;32mOK<1b>[0m
     ########--------- 56 test of the get/put_eurostat_cache function
    
     ########--------- 57 test of the get/put_eurostat_cache function
    
     test_restatapi.R.............. 57 tests <1b>[0;32mOK<1b>[0m
     ########--------- 58 test of the get/put_eurostat_cache function
    
     test_restatapi.R.............. 58 tests <1b>[0;32mOK<1b>[0m
     ########--------- 59 test of the get/put_eurostat_cache function
    
     test_restatapi.R.............. 59 tests <1b>[0;32mOK<1b>[0m
     ########--------- 60 test of the get/put_eurostat_cache function
    
     test_restatapi.R.............. 59 tests <1b>[0;32mOK<1b>[0m
     test_restatapi.R.............. 60 tests <1b>[0;32mOK<1b>[0m
     ########--------- 61 test of the get/put_eurostat_cache function
    
     ########--------- 62 test of the get/put_eurostat_cache function
    
     test_restatapi.R.............. 62 tests <1b>[0;32mOK<1b>[0m
     ########--------- 63 test of the get/put_eurostat_cache function
    
     test_restatapi.R.............. 62 tests <1b>[0;32mOK<1b>[0m
     test_restatapi.R.............. 63 tests <1b>[0;32mOK<1b>[0m
     ########--------- 64 test of the get/put_eurostat_cache function
    
     ########--------- 65 test of the get/put_eurostat_cache function
    
     ########--------- 66 test of the get/put_eurostat_cache function
    
     ########--------- 67 test of the get/put_eurostat_cache function
    
     test_restatapi.R.............. 67 tests <1b>[0;32mOK<1b>[0m
     ########--------- 68 test of the get/put_eurostat_cache function
    
     ########--------- 69 test of the get/put_eurostat_cache function
    
     test_restatapi.R.............. 69 tests <1b>[0;32mOK<1b>[0m
     ########--------- 70 test of the get/put_eurostat_cache function
    
     ########--------- 71 test of the get/put_eurostat_cache function
    
     test_restatapi.R.............. 71 tests <1b>[0;32mOK<1b>[0m
     ########--------- 72 test of the get/put_eurostat_cache function
    
     test_restatapi.R.............. 71 tests <1b>[0;32mOK<1b>[0m
     test_restatapi.R.............. 72 tests <1b>[0;32mOK<1b>[0m
     ########--------- 73 test of the get/put_eurostat_cache function
    
     test_restatapi.R.............. 73 tests <1b>[0;32mOK<1b>[0m
     ########--------- 74 test of the get/put_eurostat_cache function
    
     test_restatapi.R.............. 74 tests <1b>[0;32mOK<1b>[0m
     ########--------- 75 test of the get/put_eurostat_cache function
    
     test_restatapi.R.............. 74 tests <1b>[0;32mOK<1b>[0m
     test_restatapi.R.............. 75 tests <1b>[0;32mOK<1b>[0m
     ########--------- 76 test of the get/put_eurostat_cache function
    
     test_restatapi.R.............. 76 tests <1b>[0;32mOK<1b>[0m
     ########--------- 77 test of the get/put_eurostat_cache function
    
     test_restatapi.R.............. 77 tests <1b>[0;32mOK<1b>[0m
     create_filter_table - filters class: character; size: 14; filters:2017-032001-03:2005<2017-07-012012201320142018<20912<3452<:2018-04>2<034v2008:20132019-04-322019-02-31
     create_filter_table - filters: 2017-032001-03:2005<2017-07-012012201320142018<20912<3452<:2018-04>2<034v2008:20132019-04-322019-02-31; is numeric: FALSE; call parents: 6
     length df: 13 -*- df: c, 2017-03, 2001-03:2005, <2017-07-01, 2012:2014, 2018<, 20912, <3452<, :2018-04>, 2<034v, 2008:2013, 2019-04-32, 2019-02-31
     The date filter had invalid character (not 0-9, '-', '<', '>' or ':'). Those characters removed from the date filter.
     create_filter_table - 2017-03, create_filter_table - 2001-03:2005, create_filter_table - <2017-07-01, create_filter_table - 2012:2014, create_filter_table - 2018<, create_filter_table - 20912, create_filter_table - <3452<, create_filter_table - :2018-04>, create_filter_table - 2<034, create_filter_table - 2008:2013, create_filter_table - 2019-04-32, create_filter_table - 2019-02-31 date filter length: 12, nchar date_filter: 7,12,11,9,5,5,6,9,5,9,10,10
     Could not parse date filter: '20912' not in [<>]yyyy[-mm][-dd][<>] format or incorrect date value. The date filter is ignored.
     Could not parse date filter: '<3452<'. This date filter is ignored.
     Could not parse date filter: ':2018-04>'. This date filter is ignored.
     Could not parse date filter: '2<034' not in [<>]yyyy[-mm][-dd][<>] format or incorrect date value. The date filter is ignored.
     Could not parse date filter: '2019-04-32' not in [<>]yyyy[-mm][-dd][<>] format or incorrect date value. The date filter is ignored.
    
     test_restatapi.R.............. 77 tests <1b>[0;32mOK<1b>[0m
     create_filter_table - filters class: character; size: 14; filters:2017-032001-03:2005<2017-07-012012201320142016<20912<3452<:2018-04>2<034v2008:20132019-04-322019-02-31
     create_filter_table - filters: 2017-032001-03:2005<2017-07-012012201320142016<20912<3452<:2018-04>2<034v2008:20132019-04-322019-02-31; is numeric: FALSE; call parents: 6
     length df: 13 -*- df: c, 2017-03, 2001-03:2005, <2017-07-01, 2012:2014, 2016<, 20912, <3452<, :2018-04>, 2<034v, 2008:2013, 2019-04-32, 2019-02-31
     The date filter had invalid character (not 0-9, '-', '<', '>' or ':'). Those characters removed from the date filter.
     create_filter_table - 2017-03, create_filter_table - 2001-03:2005, create_filter_table - <2017-07-01, create_filter_table - 2012:2014, create_filter_table - 2016<, create_filter_table - 20912, create_filter_table - <3452<, create_filter_table - :2018-04>, create_filter_table - 2<034, create_filter_table - 2008:2013, create_filter_table - 2019-04-32, create_filter_table - 2019-02-31 date filter length: 12, nchar date_filter: 7,12,11,9,5,5,6,9,5,9,10,10
     Could not parse date filter: '20912' not in [<>]yyyy[-mm][-dd][<>] format or incorrect date value. The date filter is ignored.
     Could not parse date filter: '<3452<'. This date filter is ignored.
     Could not parse date filter: ':2018-04>'. This date filter is ignored.
     Could not parse date filter: '2<034' not in [<>]yyyy[-mm][-dd][<>] format or incorrect date value. The date filter is ignored.
     Could not parse date filter: '2019-04-32' not in [<>]yyyy[-mm][-dd][<>] format or incorrect date value. The date filter is ignored.
    
     test_restatapi.R.............. 77 tests <1b>[0;32mOK<1b>[0m
     ########--------- 78 test of the create_filter_table function
    
     test_restatapi.R.............. 77 tests <1b>[0;32mOK<1b>[0m
     test_restatapi.R.............. 78 tests <1b>[0;32mOK<1b>[0m
     ########--------- 79 test of the create_filter_table function
    
     test_restatapi.R.............. 78 tests <1b>[0;32mOK<1b>[0m
     test_restatapi.R.............. 79 tests <1b>[0;32mOK<1b>[0m
     ########--------- 80 test of the create_filter_table function
    
     test_restatapi.R.............. 79 tests <1b>[0;32mOK<1b>[0m
     test_restatapi.R.............. 80 tests <1b>[0;32mOK<1b>[0m
     ########--------- 81 test of the create_filter_table function
    
     test_restatapi.R.............. 80 tests <1b>[0;32mOK<1b>[0m
     test_restatapi.R.............. 81 tests <1b>[0;32mOK<1b>[0m
     ########--------- 82 test of the create_filter_table function
    
     test_restatapi.R.............. 81 tests <1b>[0;32mOK<1b>[0m
     test_restatapi.R.............. 82 tests <1b>[0;32mOK<1b>[0m
     ########--------- 83 test of the create_filter_table function
    
     test_restatapi.R.............. 82 tests <1b>[0;32mOK<1b>[0m
     test_restatapi.R.............. 83 tests <1b>[0;32mOK<1b>[0m
     get_eurostat_cache - The 'avia_par_me.dsd' was loaded from 'avia_par_me.dsd' in '.restatapi_env'.
    
     test_restatapi.R.............. 83 tests <1b>[0;32mOK<1b>[0m
     create_filter_table - filters class: character; size: 3; filters:KYIVDEQuarterly
    
     create_filter_table - filters class: character; size: 2; filters:flightMonthly
    
     ########--------- 84 test of the create_filter_table function
    
     ########--------- 85 test of the create_filter_table function
    
     ########--------- 86 test of the create_filter_table function
    
     ########--------- 87 test of the create_filter_table function
    
     test_restatapi.R.............. 87 tests <1b>[0;31m1 fails<1b>[0m get_eurostat_raw - bulk url: http://ec.europa.eu/eurostat/estat-navtree-portlet-prod/BulkDownloadListing?file=data/tus_00age.tsv.gz
     trying URL 'http://ec.europa.eu/eurostat/estat-navtree-portlet-prod/BulkDownloadListing?file=data/tus_00age.tsv.gz'
     Content type 'application/octet-stream;charset=UTF-8' length 423310 bytes (413 KB)
     ==================================================
     downloaded 413 KB
    
     get_eurostat_raw - /tmp/RtmpPVAMWK/file4d65d37bbd098-1-size#isdir#mode#mtime#ctime#atime#uid#gid#uname#grname-423310-TRUE
     get_eurostat_raw - class:data.tabledata.frame
     get_eurostat_raw - caching in raw:TRUE local filter:FALSE called from:get_eurostat_rawtestid7
     get_eurostat_raw - FALSE
     get_eurostat_raw - The raw data was cached in memory ('r_tus_00age-2022.06.30-0' in '.restatapi_env').
    
    
     test_restatapi.R.............. 87 tests <1b>[0;31m1 fails<1b>[0m
     get_eurostat_dsd - Trying to download the DSD from: http://ec.europa.eu/eurostat/SDMX/diss-web/rest/datastructure/ESTAT/DSD_tus_00age
     trying URL 'http://ec.europa.eu/eurostat/SDMX/diss-web/rest/datastructure/ESTAT/DSD_tus_00age'
     downloaded 33 KB
    
     Trying to extract the DSD from: /tmp/RtmpPVAMWK/file4d65d794800a5
     get_eurostat_dsd - The DSD of the tus_00age dataset was cached in memory ('tus_00age.dsd' in '.restatapi_env').
    
    
     test_restatapi.R.............. 87 tests <1b>[0;31m1 fails<1b>[0m
     create_filter_table - filters class: character; size: 3; filters:TIME_SPHungaryT
    
     ########--------- 88 test of the filter_raw_data function
    
     ########--------- 89 test of the filter_raw_data function
    
     ########--------- 90 test of the filter_raw_data function
    
     test_restatapi.R.............. 90 tests <1b>[0;31m1 fails<1b>[0m get_eurostat_raw - bulk url: http://ec.europa.eu/eurostat/estat-navtree-portlet-prod/BulkDownloadListing?file=data/avia_par_me.tsv.gz
     trying URL 'http://ec.europa.eu/eurostat/estat-navtree-portlet-prod/BulkDownloadListing?file=data/avia_par_me.tsv.gz'
     Content type 'application/octet-stream;charset=UTF-8' length 45526 bytes (44 KB)
     ==================================================
     downloaded 44 KB
    
     get_eurostat_raw - /tmp/RtmpPVAMWK/file4d65d459dd04e-1-size#isdir#mode#mtime#ctime#atime#uid#gid#uname#grname-45526-TRUE
     get_eurostat_raw - class:data.tabledata.frame
     get_eurostat_raw - caching in raw:TRUE local filter:FALSE called from:get_eurostat_rawtestid6
     get_eurostat_raw - FALSE
     get_eurostat_raw - The raw data was cached in memory ('r_avia_par_me-2022.06.30-0' in '.restatapi_env').
    
    
     test_restatapi.R.............. 90 tests <1b>[0;31m1 fails<1b>[0m
     create_filter_table - filters class: character; size: 1; filters:2017:2018
     create_filter_table - filters: 2017:2018; is numeric: FALSE; call parents: 6
     length df: 1 -*- df: 2017:2018
     create_filter_table - 2017:2018 date filter length: 1, nchar date_filter: 9
    
     ########--------- 91 test of the filter_raw_data function
    
     ########--------- 92 test of the filter_raw_data function
    
     ########--------- 93 test of the filter_raw_data function
    
     test_restatapi.R.............. 93 tests <1b>[0;31m1 fails<1b>[0m
     test_restatapi.R.............. 93 tests <1b>[0;31m1 fails<1b>[0m
     clean_restatapi_cache - All objects except from 'cfg', 'rav', 'cc' and 'dmethod' are removed from '.restatapi_env'.
     clean_restatapi_cache - Deleted all .rds files from /tmp/RtmpPVAMWK
    
     test_restatapi.R.............. 93 tests <1b>[0;31m1 fails<1b>[0m
     test_restatapi.R.............. 93 tests <1b>[0;31m1 fails<1b>[0m
    
    
    
    
    
     Skipped tests:
     test_restatapi.R.............. 93 tests <1b>[0;31m1 fails<1b>[0m <1b>[0;34m2.3s<1b>[0m
     ----- FAILED[data]: test_restatapi.R<327--338>
     call| expect_equal(nrow(ft1), 10)
     diff| Mean relative difference: 0.2
     Error: 1 out of 93 tests failed
     Execution halted
Flavor: r-release-linux-x86_64

Version: 0.13.3
Check: tests
Result: ERROR
     Running 'tinytest.R' [119s]
    Running the tests in 'tests/tinytest.R' failed.
    Complete output:
     > if ( requireNamespace("tinytest", quietly=TRUE) ){
     + home <- length(unclass(packageVersion("restatapi"))[[1]]) == 4
     + tinytest::test_package("restatapi", at_home = home)
     + }
     restatapi: - version 0.13.3
     - config file with the API version 1 loaded from GitHub (the 'current' API version number is 1).
     - 2 from the 56 cores are used for parallel computing, can be changed with 'options(restatapi_cores=...)'
     - 'libcurl' method will be used for file download, can be changed with 'options(restatapi_dmethod=...)'
     - the Table of contents (TOC) was not pre-loaded into the deafult cache ('.restatapi_env').
    
     test_restatapi.R.............. 0 tests
     test_restatapi.R.............. 0 tests
     test_restatapi.R.............. 0 tests
     test_restatapi.R.............. 0 tests
     test_restatapi.R.............. 0 tests
     test_restatapi.R.............. 0 tests
     clean_restatapi_cache - All objects except from 'cfg', 'rav', 'cc' and 'dmethod' are removed from '.restatapi_env'.
    
     test_restatapi.R.............. 0 tests
     test_restatapi.R.............. 0 tests
     test_restatapi.R.............. 0 tests
     test_restatapi.R.............. 0 tests
     test_restatapi.R.............. 0 tests
     test_restatapi.R.............. 0 tests
     test_restatapi.R.............. 0 tests
     test_restatapi.R.............. 0 tests
     test_restatapi.R.............. 0 tests
     test_restatapi.R.............. 0 tests
     test_restatapi.R.............. 0 tests
     test_restatapi.R.............. 0 tests
     test_restatapi.R.............. 0 tests
     test_restatapi.R.............. 0 tests get_eurostat_toc - Downloading https://ec.europa.eu/eurostat/estat-navtree-portlet-prod/BulkDownloadListing?sort=1&downfile=table_of_contents.xml
     xml_nodeset
     number of nodes: 8781
     number of cores: 2
    
     get_eurostat_toc - Error during the launch of the parallel processing:
     object 'xml_leafs' not found
     get(name, envir = envir)
     get_eurostat_toc - The TOC is empty. Please check the download link form the line above in a web browser.
    
     test_restatapi.R.............. 0 tests
     get_eurostat_toc - Downloading https://ec.europa.eu/eurostat/estat-navtree-portlet-prod/BulkDownloadListing?sort=1&file=table_of_contents_en.txt
     trying URL 'https://ec.europa.eu/eurostat/estat-navtree-portlet-prod/BulkDownloadListing?sort=1&file=table_of_contents_en.txt'
     Content type 'text/plain;charset=UTF-8' length 1594540 bytes (1.5 MB)
     ==================================================
     downloaded 1.5 MB
    
     get_eurostat_toc - The TOC was cached in memory ('toc.txt.en' in '.restatapi_env').
    
    
     test_restatapi.R.............. 0 tests get_eurostat_toc - Downloading https://ec.europa.eu/eurostat/estat-navtree-portlet-prod/BulkDownloadListing?sort=1&downfile=table_of_contents.xml
     xml_nodeset
     number of nodes: 8781
     number of cores: 2
    
     get_eurostat_toc - Error during the launch of the parallel processing:
     object 'xml_leafs' not found
     get(name, envir = envir)
     get_eurostat_toc - The TOC is empty. Please check the download link form the line above in a web browser.
    
     test_restatapi.R.............. 0 tests
     ########--------- 1 test of the get_eurostat_toc function
    
     test_restatapi.R.............. 0 tests
     test_restatapi.R.............. 1 tests <1b>[0;32mOK<1b>[0m
     test_restatapi.R.............. 1 tests <1b>[0;32mOK<1b>[0m get_eurostat_toc - Downloading https://ec.europa.eu/eurostat/estat-navtree-portlet-prod/BulkDownloadListing?sort=1&downfile=table_of_contents.xml
     xml_nodeset
     number of nodes: 8781
     number of cores: 2
    
     get_eurostat_toc - Error during the launch of the parallel processing:
     object 'xml_leafs' not found
     get(name, envir = envir)
     get_eurostat_toc - The TOC is empty. Please check the download link form the line above in a web browser.
    
     test_restatapi.R.............. 1 tests <1b>[0;32mOK<1b>[0m get_eurostat_toc - Downloading https://ec.europa.eu/eurostat/estat-navtree-portlet-prod/BulkDownloadListing?sort=1&downfile=table_of_contents.xml
     xml_nodeset
     number of nodes: 8781
     number of cores: 2
    
     get_eurostat_toc - Error during the launch of the parallel processing:
     object 'xml_leafs' not found
     get(name, envir = envir)
     get_eurostat_toc - The TOC is empty. Please check the download link form the line above in a web browser.
    
     test_restatapi.R.............. 1 tests <1b>[0;32mOK<1b>[0m get_eurostat_toc - Downloading https://ec.europa.eu/eurostat/estat-navtree-portlet-prod/BulkDownloadListing?sort=1&downfile=table_of_contents.xml
     xml_nodeset
     number of nodes: 8781
     number of cores: 2
    
     get_eurostat_toc - Error during the launch of the parallel processing:
     object 'xml_leafs' not found
     get(name, envir = envir)
     get_eurostat_toc - The TOC is empty. Please check the download link form the line above in a web browser.
    
     test_restatapi.R.............. 1 tests <1b>[0;32mOK<1b>[0m
     test_restatapi.R.............. 1 tests <1b>[0;32mOK<1b>[0m
     test_restatapi.R.............. 1 tests <1b>[0;32mOK<1b>[0m
     ########--------- 10 test of the get_eurostat_dsd function
    
     test_restatapi.R.............. 1 tests <1b>[0;32mOK<1b>[0m
     get_eurostat_dsd - Trying to download the DSD from: http://ec.europa.eu/eurostat/SDMX/diss-web/rest/datastructure/ESTAT/DSD_text
     trying URL 'http://ec.europa.eu/eurostat/SDMX/diss-web/rest/datastructure/ESTAT/DSD_text'
     get_eurostat_dsd - Warning by the download of the DSD file:
     downloaded length 0 != reported length 9
     utils::download.file(dsd_endpoint, temp, dmethod)
     get_eurostat_dsd - The dsd_xml is NULL. Please check in a browser the url below. If it provides valid reponse you can try again to download the DSD.
     http://ec.europa.eu/eurostat/SDMX/diss-web/rest/datastructure/ESTAT/DSD_text
    
     test_restatapi.R.............. 2 tests <1b>[0;32mOK<1b>[0m
     get_eurostat_dsd - Trying to download the DSD from: http://ec.europa.eu/eurostat/SDMX/diss-web/rest/datastructure/ESTAT/DSD_NAMA_10_GDP
     trying URL 'http://ec.europa.eu/eurostat/SDMX/diss-web/rest/datastructure/ESTAT/DSD_NAMA_10_GDP'
     downloaded 36 KB
    
     Trying to extract the DSD from: D:\temp\RtmpYV5yAN\file7138707cf10
     character
     number of nodes: 8
     number of cores: 2
    
     get_eurostat_dsd - The DSD of the NAMA_10_GDP dataset was cached in memory ('NAMA_10_GDP.dsd' in '.restatapi_env').
    
    
     test_restatapi.R.............. 2 tests <1b>[0;32mOK<1b>[0m
     ########--------- 11 test of the get_eurostat_dsd function
    
     ########--------- 12 test of the get_eurostat_dsd function
    
     test_restatapi.R.............. 4 tests <1b>[0;32mOK<1b>[0m
     test_restatapi.R.............. 4 tests <1b>[0;32mOK<1b>[0m
     test_restatapi.R.............. 4 tests <1b>[0;32mOK<1b>[0m
     test_restatapi.R.............. 4 tests <1b>[0;32mOK<1b>[0m
     test_restatapi.R.............. 4 tests <1b>[0;32mOK<1b>[0m
     get_eurostat_data - footer code option value at start:
     get_eurostat_data - footer code option value after reset:
     get_eurostat_data - id:htec_cis3
     get_eurostat_data - Trying to get from cache: b_htec_cis3-2022.06.30-1-1
    
     get_eurostat_bulk - charactertxtlogicallogicalNULLlogicallogicallogicallogicalfunctionlogical
     get_eurostat_raw - bulk url: http://ec.europa.eu/eurostat/estat-navtree-portlet-prod/BulkDownloadListing?file=data/htec_cis3.tsv.gz
     trying URL 'http://ec.europa.eu/eurostat/estat-navtree-portlet-prod/BulkDownloadListing?file=data/htec_cis3.tsv.gz'
     Content type 'application/octet-stream;charset=UTF-8' length 5116 bytes
     ==================================================
     downloaded 5116 bytes
    
     get_eurostat_raw - D:\temp\RtmpYV5yAN\file71381ee17829-1-size#isdir#mode#mtime#ctime#atime#exe-5116-TRUE
     get_eurostat_raw - class:data.tabledata.frame
     get_eurostat_raw - caching in raw:FALSE local filter:FALSE called from:restatapi::get_eurostat_rawidtxtcacheupdate_cachecache_dircompress_filestringsAsFactorskeep_flagscheck_tocTRUEverbose
     get_eurostat_raw - FALSE
     get_eurostat_data - The data was downloaded with bulk download.
     get_eurostat_data - bulk restat - nrow:1006; ncol:7; colnames:indic_in/nace_r1/unit/geo/time/values/flags
     get_eurostat_data - cflags:TRUE
     get_eurostat_data - restat - nrow:1006; ncol:7; colnames:indic_in/nace_r1/unit/geo/time/values/flags
     get_eurostat_data - processed restat - nrow:1006; ncol:7; colnames:indic_in/nace_r1/unit/geo/time/values/flags
     get_eurostat_data - The data was cached in memory ('b_htec_cis3-2022.06.30-1-1' in '.restatapi_env').
    
    
     test_restatapi.R.............. 4 tests <1b>[0;32mOK<1b>[0m
     test_restatapi.R.............. 4 tests <1b>[0;32mOK<1b>[0m
     get_eurostat_data - footer code option value at start:
     get_eurostat_data - footer code option value after reset:
     get_eurostat_data - id:htec_cis3
     get_eurostat_data - Trying to get from cache: b_htec_cis3-2022.06.30-0-0
    
     get_eurostat_cache - The 'b_htec_cis3-2022.06.30-0-0' was loaded from 'b_htec_cis3-2022.06.30-1-1' in '.restatapi_env'.
     get_eurostat_data - The data was loaded from cache.
     get_eurostat_data - cached restat - nrow:1006; ncol:7; colnames:indic_in/nace_r1/unit/geo/time/values/flags
     get_eurostat_data - restat - nrow:1006; ncol:7; colnames:indic_in/nace_r1/unit/geo/time/values/flags
     get_eurostat_data - processed restat - nrow:1006; ncol:6; colnames:indic_in/nace_r1/unit/geo/time/values
     get_eurostat_data - The data was cached in memory ('b_htec_cis3-2022.06.30-0-0' in '.restatapi_env').
    
    
     test_restatapi.R.............. 4 tests <1b>[0;32mOK<1b>[0m
     test_restatapi.R.............. 4 tests <1b>[0;32mOK<1b>[0m
     ########--------- 22 test of the get_eurostat_data function
    
     ########--------- 23 test of the get_eurostat_data function
    
     ########--------- 24 test of the get_eurostat_data function
    
     test_restatapi.R.............. 7 tests <1b>[0;32mOK<1b>[0m
     test_restatapi.R.............. 7 tests <1b>[0;32mOK<1b>[0m get_eurostat_raw - bulk url: http://ec.europa.eu/eurostat/estat-navtree-portlet-prod/BulkDownloadListing?file=data/agr_r_milkpr.sdmx.zip
     trying URL 'http://ec.europa.eu/eurostat/estat-navtree-portlet-prod/BulkDownloadListing?file=data/agr_r_milkpr.sdmx.zip'
     Content type 'application/octet-stream;charset=UTF-8' length 83748 bytes (81 KB)
     ==================================================
     downloaded 81 KB
    
     xml_nodeset
     number of nodes: 571
     number of cores: 2
    
     get_eurostat_raw - caching in raw:TRUE local filter:FALSE called from:get_eurostat_rawtestid4xmlTRUETRUE
     get_eurostat_raw - FALSE
     get_eurostat_raw - The raw data was cached in memory ('r_agr_r_milkpr-2022.06.30-1' in '.restatapi_env').
    
    
     test_restatapi.R.............. 7 tests <1b>[0;32mOK<1b>[0m
     get_eurostat_data - footer code option value at start:
     get_eurostat_data - footer code option value after reset:
     get_eurostat_data - id:agr_r_milkpr
     get_eurostat_data - Trying to get from cache: b_agr_r_milkpr-2022.06.30-1-0
    
     get_eurostat_cache - The 'b_agr_r_milkpr-2022.06.30-1-0' was loaded from 'r_agr_r_milkpr-2022.06.30-1' in '.restatapi_env'.
     get_eurostat_data - The data was loaded from cache.
     get_eurostat_data - cached restat - nrow:10482; ncol:8; colnames:FREQ/milkitem/dairyprod/geo/TIME_FORMAT/TIME_PERIOD/OBS_VALUE/OBS_STATUS
     get_eurostat_data - restat - nrow:10482; ncol:8; colnames:FREQ/milkitem/dairyprod/geo/TIME_FORMAT/TIME_PERIOD/OBS_VALUE/OBS_STATUS
     get_eurostat_data - processed restat - nrow:10211; ncol:6; colnames:milkitem/dairyprod/geo/time/values/flags
     get_eurostat_data - The data was cached in memory ('b_agr_r_milkpr-2022.06.30-1-0' in '.restatapi_env').
    
    
     test_restatapi.R.............. 7 tests <1b>[0;32mOK<1b>[0m
     get_eurostat_data - footer code option value at start:
     get_eurostat_data - footer code option value after reset:
     get_eurostat_data - id:agr_r_milkpr
     get_eurostat_data - date_filter: 2008
    
     create_filter_table - filters class: numeric; size: 1; filters:2008
     create_filter_table - filters: 2008; is numeric: TRUE; call parents: 7
     length df: 1 -*- df: 2008
     create_filter_table - 2008 date filter length: 1, nchar date_filter: 4
     get_eurostat_data - date_filter: 2008 nrow dft: 1
     -?startPeriod=2008-01-01&endPeriod=2008-12-31
     http://ec.europa.eu/eurostat/SDMX/diss-web/rest/data/agr_r_milkpr/?startPeriod=2008-01-01&endPeriod=2008-12-31
     trying URL 'http://ec.europa.eu/eurostat/SDMX/diss-web/rest/data/agr_r_milkpr/?startPeriod=2008-01-01&endPeriod=2008-12-31'
     downloaded 201 KB
    
     get_eurostat_data - http://ec.europa.eu/eurostat/SDMX/diss-web/rest/data/agr_r_milkpr/?startPeriod=2008-01-01&endPeriod=2008-12-31
     code: - severity:
    
     xml_nodeset
     number of nodes: 571
     number of cores: 2
    
     get_eurostat_data - footer code option value after retrieval:
     get_eurostat_data - restat - nrow:571; ncol:7; colnames:DAIRYPROD/MILKITEM/GEO/FREQ/obsTime/obsValue/OBS_STATUS
     get_eurostat_data - processed restat - nrow:390; ncol:6; colnames:dairyprod/milkitem/geo/time/values/flags
    
     test_restatapi.R.............. 7 tests <1b>[0;32mOK<1b>[0m
     ########--------- 33 test of the get_eurostat_raw/bulk/data functions
    
     test_restatapi.R.............. 8 tests <1b>[0;32mOK<1b>[0m get_eurostat_raw - bulk url: http://ec.europa.eu/eurostat/estat-navtree-portlet-prod/BulkDownloadListing?file=data/irt_h_eurcoe_d.tsv.gz
     trying URL 'http://ec.europa.eu/eurostat/estat-navtree-portlet-prod/BulkDownloadListing?file=data/irt_h_eurcoe_d.tsv.gz'
     Content type 'application/octet-stream;charset=UTF-8' length 145791 bytes (142 KB)
     ==================================================
     downloaded 142 KB
    
     get_eurostat_raw - D:\temp\RtmpYV5yAN\file7138313a510e-1-size#isdir#mode#mtime#ctime#atime#exe-145791-TRUE
     get_eurostat_raw - class:data.tabledata.frame
     get_eurostat_raw - caching in raw:TRUE local filter:FALSE called from:get_eurostat_rawtestid5TRUE
     get_eurostat_raw - FALSE
     get_eurostat_raw - The raw data was cached in memory ('r_irt_h_eurcoe_d-2022.06.30-0' in '.restatapi_env').
    
    
     test_restatapi.R.............. 8 tests <1b>[0;32mOK<1b>[0m
     get_eurostat_bulk - charactertxtlogicallogicalNULLlogicallogicallogicallogicalfunctionlogical
     get_eurostat_raw - bulk url: http://ec.europa.eu/eurostat/estat-navtree-portlet-prod/BulkDownloadListing?file=data/irt_h_eurcoe_d.tsv.gz
     trying URL 'http://ec.europa.eu/eurostat/estat-navtree-portlet-prod/BulkDownloadListing?file=data/irt_h_eurcoe_d.tsv.gz'
     Content type 'application/octet-stream;charset=UTF-8' length 145791 bytes (142 KB)
     ==================================================
     downloaded 142 KB
    
     get_eurostat_raw - D:\temp\RtmpYV5yAN\file7138767d4e9a-1-size#isdir#mode#mtime#ctime#atime#exe-145791-TRUE
     get_eurostat_raw - class:data.tabledata.frame
     get_eurostat_raw - caching in raw:FALSE local filter:FALSE called from:restatapi::get_eurostat_rawidtxtcacheupdate_cachecache_dircompress_filestringsAsFactorskeep_flagscheck_tocTRUEverbose
     get_eurostat_raw - FALSE
     get_eurostat_bulk - The bulk data was cached in memory ('b_irt_h_eurcoe_d-2022.06.30-1-0' in '.restatapi_env').
    
    
     test_restatapi.R.............. 8 tests <1b>[0;32mOK<1b>[0m get_eurostat_toc - Downloading https://ec.europa.eu/eurostat/estat-navtree-portlet-prod/BulkDownloadListing?sort=1&downfile=table_of_contents.xml
     xml_nodeset
     number of nodes: 8781
     number of cores: 2
    
     get_eurostat_toc - Error during the launch of the parallel processing:
     object 'xml_leafs' not found
     get(name, envir = envir)
     get_eurostat_toc - The TOC is empty. Please check the download link form the line above in a web browser.
     The TOC is missing. Could not get the download link.
    
     test_restatapi.R.............. 8 tests <1b>[0;32mOK<1b>[0m
     get_eurostat_cache - The 'b_irt_h_eurcoe_d-2022.06.30-1-0' was loaded from 'b_irt_h_eurcoe_d-2022.06.30-1-0' in '.restatapi_env'.
     get_eurostat_bulk - The bulk data was cached previously in memory ('b_irt_h_eurcoe_d-2022.06.30-1-0' in '.restatapi_env'). It remained unchanged.
    
    
     test_restatapi.R.............. 8 tests <1b>[0;32mOK<1b>[0m
     ########--------- 34 test of the get_eurostat_raw/bulk/data functions
    
     test_restatapi.R.............. 9 tests <1b>[0;32mOK<1b>[0m
     test_restatapi.R.............. 9 tests <1b>[0;32mOK<1b>[0m
     ########--------- 37 test of filtering in the get_eurostat_data function
    
     test_restatapi.R.............. 9 tests <1b>[0;32mOK<1b>[0m trying URL 'http://ec.europa.eu/eurostat/SDMX/diss-web/rest/datastructure/ESTAT/DSD_agr_r_milkpr'
     downloaded 116 KB
    
    
     test_restatapi.R.............. 10 tests <1b>[0;32mOK<1b>[0m
     ########--------- 38 test of filtering in the get_eurostat_data function
    
     test_restatapi.R.............. 10 tests <1b>[0;32mOK<1b>[0m
     test_restatapi.R.............. 11 tests <1b>[0;32mOK<1b>[0m
     ########--------- 39 test of filtering in the get_eurostat_data function
    
     test_restatapi.R.............. 11 tests <1b>[0;32mOK<1b>[0m
     test_restatapi.R.............. 12 tests <1b>[0;32mOK<1b>[0m
     ########--------- 40 test of filtering in the get_eurostat_data function
    
     test_restatapi.R.............. 13 tests <1b>[0;32mOK<1b>[0m
     ########--------- 41 test of filtering in the get_eurostat_data function
    
     ########--------- 42 test of filtering in the get_eurostat_data function
    
     ########--------- 43 test of filtering in the get_eurostat_data function
    
     test_restatapi.R.............. 16 tests <1b>[0;32mOK<1b>[0m
     ########--------- 44 test of filtering in the get_eurostat_data function
    
     test_restatapi.R.............. 16 tests <1b>[0;32mOK<1b>[0m trying URL 'http://ec.europa.eu/eurostat/SDMX/diss-web/rest/datastructure/ESTAT/DSD_avia_par_me'
     downloaded 24 KB
    
     trying URL 'http://ec.europa.eu/eurostat/SDMX/diss-web/rest/data/avia_par_me/Q.../?startPeriod=2017-03-01&endPeriod=2017-03-31'
     Content type 'application/vnd.sdmx.generic+xml;version=2.1' length 1054 bytes
     ==================================================
     downloaded 1054 bytes
    
    
     test_restatapi.R.............. 17 tests <1b>[0;32mOK<1b>[0m
     ########--------- 45 test of filtering in the get_eurostat_data function
    
     test_restatapi.R.............. 17 tests <1b>[0;32mOK<1b>[0m
     test_restatapi.R.............. 18 tests <1b>[0;32mOK<1b>[0m
     get_eurostat_data - footer code option value at start:404
     get_eurostat_data - footer code option value after reset:
     get_eurostat_data - id:agr_r_milkpr
    
     get_eurostat_cache - The 'agr_r_milkpr.dsd' was loaded from 'agr_r_milkpr.dsd' in '.restatapi_env'.
    
     create_filter_table - filters class: character; size: 1; filters:2018
     -
     None of the filter could be applied. The whole dataset will be retrieved through bulk download.
    
     get_eurostat_cache - The 'b_agr_r_milkpr-2022.06.30-1-1' was loaded from 'r_agr_r_milkpr-2022.06.30-1' in '.restatapi_env'.
     get_eurostat_data - bulk restat - nrow:10482;ncol:6;colnames:milkitem/dairyprod/geo/time/values/flags
     cflags:TRUE
     get_eurostat_data - restat - nrow:10482; ncol:6; colnames:milkitem/dairyprod/geo/time/values/flags
     get_eurostat_data - processed restat - nrow:10482; ncol:6; colnames:milkitem/dairyprod/geo/time/values/flags
     get_eurostat_data - The data was cached in memory ('b_agr_r_milkpr-2022.06.30-1-1' in '.restatapi_env').
    
    
     test_restatapi.R.............. 18 tests <1b>[0;32mOK<1b>[0m
     test_restatapi.R.............. 18 tests <1b>[0;32mOK<1b>[0m
     get_eurostat_cache - The 'agr_r_milkpr.dsd' was loaded from 'agr_r_milkpr.dsd' in '.restatapi_env'.
    
     test_restatapi.R.............. 18 tests <1b>[0;32mOK<1b>[0m
     get_eurostat_data - footer code option value at start:
     get_eurostat_data - footer code option value after reset:
     get_eurostat_data - id:agr_r_milkpr
    
     get_eurostat_cache - The 'agr_r_milkpr.dsd' was loaded from 'agr_r_milkpr.dsd' in '.restatapi_env'.
    
     create_filter_table - filters class: character; size: 1; filters:AT
     ...AT-
     http://ec.europa.eu/eurostat/SDMX/diss-web/rest/data/agr_r_milkpr/...AT/
     trying URL 'http://ec.europa.eu/eurostat/SDMX/diss-web/rest/data/agr_r_milkpr/...AT/'
     Content type 'application/vnd.sdmx.genericdata+xml;version=2.1' length 4259 bytes
     ==================================================
     downloaded 4259 bytes
    
     get_eurostat_data - http://ec.europa.eu/eurostat/SDMX/diss-web/rest/data/agr_r_milkpr/...AT/
     code: - severity:
    
     xml_nodeset
     number of nodes: 1
     number of cores: 2
    
     get_eurostat_data - footer code option value after retrieval:
     get_eurostat_data - restat - nrow:27; ncol:6; colnames:DAIRYPROD/MILKITEM/GEO/FREQ/obsTime/obsValue
     get_eurostat_data - processed restat - nrow:25; ncol:5; colnames:dairyprod/milkitem/geo/time/values
    
     get_eurostat_data - footer code option value at start:
     get_eurostat_data - footer code option value after reset:
     get_eurostat_data - id:agr_r_milkpr
    
     get_eurostat_cache - The 'agr_r_milkpr.dsd' was loaded from 'agr_r_milkpr.dsd' in '.restatapi_env'.
    
     create_filter_table - filters class: character; size: 1; filters:AT
     ...AT+AT1+AT11+AT12+AT13+AT2+AT21+AT22+AT3+AT31+AT32+AT33+AT34-
     http://ec.europa.eu/eurostat/SDMX/diss-web/rest/data/agr_r_milkpr/...AT+AT1+AT11+AT12+AT13+AT2+AT21+AT22+AT3+AT31+AT32+AT33+AT34/
     trying URL 'http://ec.europa.eu/eurostat/SDMX/diss-web/rest/data/agr_r_milkpr/...AT+AT1+AT11+AT12+AT13+AT2+AT21+AT22+AT3+AT31+AT32+AT33+AT34/'
     downloaded 40 KB
    
     get_eurostat_data - http://ec.europa.eu/eurostat/SDMX/diss-web/rest/data/agr_r_milkpr/...AT+AT1+AT11+AT12+AT13+AT2+AT21+AT22+AT3+AT31+AT32+AT33+AT34/
     code: - severity:
    
     xml_nodeset
     number of nodes: 13
     number of cores: 2
    
     get_eurostat_data - footer code option value after retrieval:
     get_eurostat_data - restat - nrow:351; ncol:7; colnames:DAIRYPROD/MILKITEM/GEO/FREQ/obsTime/obsValue/OBS_STATUS
     get_eurostat_data - processed restat - nrow:325; ncol:6; colnames:dairyprod/milkitem/geo/time/values/flags
    
     ########--------- 47 test of filtering in the get_eurostat_data function
    
     ########--------- 48 test of filtering in the get_eurostat_data function
    
     get_eurostat_data - footer code option value at start:
     get_eurostat_data - footer code option value after reset:
     get_eurostat_data - id:agr_r_milkpr
     get_eurostat_data - date_filter: 2016
    
     create_filter_table - filters class: numeric; size: 1; filters:2016
     create_filter_table - filters: 2016; is numeric: TRUE; call parents: 8
     length df: 1 -*- df: 2016
     create_filter_table - 2016 date filter length: 1, nchar date_filter: 4
     get_eurostat_data - date_filter: 2016 nrow dft: 1
     -?startPeriod=2016-01-01&endPeriod=2016-12-31
     http://ec.europa.eu/eurostat/SDMX/diss-web/rest/data/agr_r_milkpr/?startPeriod=2016-01-01&endPeriod=2016-12-31
     trying URL 'http://ec.europa.eu/eurostat/SDMX/diss-web/rest/data/agr_r_milkpr/?startPeriod=2016-01-01&endPeriod=2016-12-31'
     downloaded 201 KB
    
     get_eurostat_data - http://ec.europa.eu/eurostat/SDMX/diss-web/rest/data/agr_r_milkpr/?startPeriod=2016-01-01&endPeriod=2016-12-31
     code: - severity:
    
     xml_nodeset
     number of nodes: 571
     number of cores: 2
    
     get_eurostat_data - footer code option value after retrieval:
     get_eurostat_data - restat - nrow:571; ncol:6; colnames:DAIRYPROD/MILKITEM/GEO/FREQ/obsTime/obsValue
     get_eurostat_data - processed restat - nrow:494; ncol:5; colnames:dairyprod/milkitem/geo/time/values
    
     get_eurostat_data - footer code option value at start:
     get_eurostat_data - footer code option value after reset:
     get_eurostat_data - id:agr_r_milkpr
     get_eurostat_data - date_filter: 2016
    
     create_filter_table - filters class: character; size: 1; filters:2016
     create_filter_table - filters: 2016; is numeric: FALSE; call parents: 8
     length df: 1 -*- df: 2016
     create_filter_table - 2016 date filter length: 1, nchar date_filter: 4
     get_eurostat_data - date_filter: 2016 nrow dft: 1
     -?startPeriod=2016-01-01&endPeriod=2016-12-31
     http://ec.europa.eu/eurostat/SDMX/diss-web/rest/data/agr_r_milkpr/?startPeriod=2016-01-01&endPeriod=2016-12-31
     trying URL 'http://ec.europa.eu/eurostat/SDMX/diss-web/rest/data/agr_r_milkpr/?startPeriod=2016-01-01&endPeriod=2016-12-31'
     downloaded 201 KB
    
     get_eurostat_data - http://ec.europa.eu/eurostat/SDMX/diss-web/rest/data/agr_r_milkpr/?startPeriod=2016-01-01&endPeriod=2016-12-31
     code: - severity:
    
     xml_nodeset
     number of nodes: 571
     number of cores: 2
    
     get_eurostat_data - footer code option value after retrieval:
     get_eurostat_data - restat - nrow:571; ncol:7; colnames:DAIRYPROD/MILKITEM/GEO/FREQ/obsTime/obsValue/OBS_STATUS
     get_eurostat_data - processed restat - nrow:494; ncol:6; colnames:dairyprod/milkitem/geo/time/values/flags
    
     ########--------- 49 test of filtering in the get_eurostat_data function
    
     get_eurostat_data - footer code option value at start:
     get_eurostat_data - footer code option value after reset:
     get_eurostat_data - id:agr_r_milkpr
    
     get_eurostat_cache - The 'agr_r_milkpr.dsd' was loaded from 'agr_r_milkpr.dsd' in '.restatapi_env'.
    
     create_filter_table - filters class: character; size: 1; filters:AT
     ...AT+AT1+AT11+AT12+AT13+AT2+AT21+AT22+AT3+AT31+AT32+AT33+AT34+EL11+EL3+EL30+EL51+ES51+ES52+HR+HR02+HR03+HR04+HR06+HR01+ITF5+LV+LV0+LV00+HU22+RO4+SK01+NO01+NO03+NO04+NO05+UKD3+UKK1+TR2+TR5+TR63+TR72+TR8+TR83+TRB1+TRC3+XK-
     http://ec.europa.eu/eurostat/SDMX/diss-web/rest/data/agr_r_milkpr/...AT+AT1+AT11+AT12+AT13+AT2+AT21+AT22+AT3+AT31+AT32+AT33+AT34+EL11+EL3+EL30+EL51+ES51+ES52+HR+HR02+HR03+HR04+HR06+HR01+ITF5+LV+LV0+LV00+HU22+RO4+SK01+NO01+NO03+NO04+NO05+UKD3+UKK1+TR2+TR5+TR63+TR72+TR8+TR83+TRB1+TRC3+XK/
     trying URL 'http://ec.europa.eu/eurostat/SDMX/diss-web/rest/data/agr_r_milkpr/...AT+AT1+AT11+AT12+AT13+AT2+AT21+AT22+AT3+AT31+AT32+AT33+AT34+EL11+EL3+EL30+EL51+ES51+ES52+HR+HR02+HR03+HR04+HR06+HR01+ITF5+LV+LV0+LV00+HU22+RO4+SK01+NO01+NO03+NO04+NO05+UKD3+UKK1+TR2+TR5+TR63+TR72+TR8+TR83+TRB1+TRC3+XK/'
     downloaded 165 KB
    
     get_eurostat_data - http://ec.europa.eu/eurostat/SDMX/diss-web/rest/data/agr_r_milkpr/...AT+AT1+AT11+AT12+AT13+AT2+AT21+AT22+AT3+AT31+AT32+AT33+AT34+EL11+EL3+EL30+EL51+ES51+ES52+HR+HR02+HR03+HR04+HR06+HR01+ITF5+LV+LV0+LV00+HU22+RO4+SK01+NO01+NO03+NO04+NO05+UKD3+UKK1+TR2+TR5+TR63+TR72+TR8+TR83+TRB1+TRC3+XK/
     code: - severity:
    
     xml_nodeset
     number of nodes: 47
     number of cores: 2
    
     get_eurostat_data - footer code option value after retrieval:
     get_eurostat_data - restat - nrow:1269; ncol:7; colnames:DAIRYPROD/MILKITEM/GEO/FREQ/obsTime/obsValue/OBS_STATUS
     get_eurostat_data - processed restat - nrow:876; ncol:6; colnames:dairyprod/milkitem/geo/time/values/flags
    
     ########--------- 50 test of filtering in the get_eurostat_data function
    
     get_eurostat_data - footer code option value at start:
     get_eurostat_data - footer code option value after reset:
     get_eurostat_data - id:agr_r_milkpr
    
     get_eurostat_cache - The 'agr_r_milkpr.dsd' was loaded from 'agr_r_milkpr.dsd' in '.restatapi_env'.
    
     create_filter_table - filters class: character; size: 1; filters:BE$
     get_eurostat_data - date_filter: 2006-02:2008-06-05
    
     create_filter_table - filters class: character; size: 1; filters:2006-02:2008-06-05
     create_filter_table - filters: 2006-02:2008-06-05; is numeric: FALSE; call parents: 8
     length df: 1 -*- df: 2006-02:2008-06-05
     create_filter_table - 2006-02:2008-06-05 date filter length: 1, nchar date_filter: 18
     get_eurostat_data - date_filter: 2006-02:2008-06-05 nrow dft: 1
     ...BE-?startPeriod=2006-02-01&endPeriod=2008-06-05
     http://ec.europa.eu/eurostat/SDMX/diss-web/rest/data/agr_r_milkpr/...BE/?startPeriod=2006-02-01&endPeriod=2008-06-05
     trying URL 'http://ec.europa.eu/eurostat/SDMX/diss-web/rest/data/agr_r_milkpr/...BE/?startPeriod=2006-02-01&endPeriod=2008-06-05'
     Content type 'application/vnd.sdmx.genericdata+xml;version=2.1' length 1822 bytes
     ==================================================
     downloaded 1822 bytes
    
     get_eurostat_data - http://ec.europa.eu/eurostat/SDMX/diss-web/rest/data/agr_r_milkpr/...BE/?startPeriod=2006-02-01&endPeriod=2008-06-05
     code: - severity:
    
     xml_nodeset
     number of nodes: 1
     number of cores: 2
    
     get_eurostat_data - footer code option value after retrieval:
     get_eurostat_data - restat - nrow:2; ncol:6; colnames:DAIRYPROD/MILKITEM/GEO/FREQ/obsTime/obsValue
     get_eurostat_data - processed restat - nrow:2; ncol:5; colnames:dairyprod/milkitem/geo/time/values
     get_eurostat_data - restat - nrow:2;ncol:5
    
     get_eurostat_cache - The 'agr_r_milkpr.dsd' was loaded from 'agr_r_milkpr.dsd' in '.restatapi_env'.
     get_eurostat_data - dsd - nrow:595;ncol:3
     get_eurostat_data - restat - nrow:2;ncol:5;colnames:dairyprod/milkitem/geo
    
     ########--------- 51 test of filtering in the get_eurostat_data function
    
     get_eurostat_data - footer code option value at start:
     get_eurostat_data - footer code option value after reset:
     get_eurostat_data - id:agr_r_milkpr
    
     get_eurostat_cache - The 'agr_r_milkpr.dsd' was loaded from 'agr_r_milkpr.dsd' in '.restatapi_env'.
    
     create_filter_table - filters class: character; size: 1; filters:BE
     get_eurostat_data - date_filter: <2008
    
     create_filter_table - filters class: character; size: 1; filters:<2008
     create_filter_table - filters: <2008; is numeric: FALSE; call parents: 8
     length df: 1 -*- df: <2008
     create_filter_table - <2008 date filter length: 1, nchar date_filter: 5
     get_eurostat_data - date_filter: <2008 nrow dft: 1
     ...BE-?endPeriod=2008-12-31
     http://ec.europa.eu/eurostat/SDMX/diss-web/rest/data/agr_r_milkpr/...BE/?endPeriod=2008-12-31
     trying URL 'http://ec.europa.eu/eurostat/SDMX/diss-web/rest/data/agr_r_milkpr/...BE/?endPeriod=2008-12-31'
     Content type 'application/vnd.sdmx.genericdata+xml;version=2.1' length 3230 bytes
     ==================================================
     downloaded 3230 bytes
    
     get_eurostat_data - http://ec.europa.eu/eurostat/SDMX/diss-web/rest/data/agr_r_milkpr/...BE/?endPeriod=2008-12-31
     code: - severity:
    
     xml_nodeset
     number of nodes: 1
     number of cores: 2
    
     get_eurostat_data - footer code option value after retrieval:
     get_eurostat_data - restat - nrow:14; ncol:7; colnames:DAIRYPROD/MILKITEM/GEO/FREQ/obsTime/obsValue/OBS_STATUS
     get_eurostat_data - processed restat - nrow:11; ncol:6; colnames:dairyprod/milkitem/geo/time/values/flags
    
     ########--------- 52 test of filtering in the get_eurostat_data function
    
     get_eurostat_data - footer code option value at start:
     get_eurostat_data - footer code option value after reset:
     get_eurostat_data - id:avia_par_me
    
     get_eurostat_cache - The 'avia_par_me.dsd' was loaded from 'avia_par_me.dsd' in '.restatapi_env'.
     get_eurostat_data - date_filter: c2017-07-01
    
     create_filter_table - filters class: character; size: 1; filters:2017-07-01
     create_filter_table - filters: 2017-07-01; is numeric: FALSE; call parents: 8
     length df: 1 -*- df: 2017-07-01
     create_filter_table - 2017-07-01 date filter length: 1, nchar date_filter: 10
     get_eurostat_data - date_filter: 2017-07-01 nrow dft: 1
     M+Q...ME_LYPG_HU_LHBP+ME_LYTV_UA_UKKK-?startPeriod=2017-07-01&endPeriod=2017-07-01
     http://ec.europa.eu/eurostat/SDMX/diss-web/rest/data/avia_par_me/M+Q...ME_LYPG_HU_LHBP+ME_LYTV_UA_UKKK/?startPeriod=2017-07-01&endPeriod=2017-07-01
     trying URL 'http://ec.europa.eu/eurostat/SDMX/diss-web/rest/data/avia_par_me/M+Q...ME_LYPG_HU_LHBP+ME_LYTV_UA_UKKK/?startPeriod=2017-07-01&endPeriod=2017-07-01'
     downloaded 57 KB
    
     get_eurostat_data - http://ec.europa.eu/eurostat/SDMX/diss-web/rest/data/avia_par_me/M+Q...ME_LYPG_HU_LHBP+ME_LYTV_UA_UKKK/?startPeriod=2017-07-01&endPeriod=2017-07-01
     code: - severity:
    
     xml_nodeset
     number of nodes: 144
     number of cores: 2
    
     get_eurostat_data - footer code option value after retrieval:
     get_eurostat_data - restat - nrow:144; ncol:7; colnames:UNIT/TRA_MEAS/AIRP_PR/FREQ/obsTime/obsValue/OBS_STATUS
     get_eurostat_data - processed restat - nrow:48; ncol:7; colnames:unit/tra_meas/airp_pr/freq/time/values/flags
    
     ########--------- 53 test of filtering in the get_eurostat_data function
    
     test_restatapi.R.............. 25 tests <1b>[0;32mOK<1b>[0m
     get_eurostat_cache - The 'avia_par_me.dsd' was loaded from 'avia_par_me.dsd' in '.restatapi_env'.
    
     test_restatapi.R.............. 25 tests <1b>[0;32mOK<1b>[0m
     test_restatapi.R.............. 25 tests <1b>[0;32mOK<1b>[0m
     test_restatapi.R.............. 25 tests <1b>[0;32mOK<1b>[0m
     test_restatapi.R.............. 25 tests <1b>[0;32mOK<1b>[0m
     ########--------- 56 test of the get/put_eurostat_cache function
    
     ########--------- 57 test of the get/put_eurostat_cache function
    
     test_restatapi.R.............. 27 tests <1b>[0;32mOK<1b>[0m
     ########--------- 58 test of the get/put_eurostat_cache function
    
     test_restatapi.R.............. 28 tests <1b>[0;32mOK<1b>[0m
     ########--------- 59 test of the get/put_eurostat_cache function
    
     test_restatapi.R.............. 29 tests <1b>[0;32mOK<1b>[0m
     ########--------- 60 test of the get/put_eurostat_cache function
    
     test_restatapi.R.............. 29 tests <1b>[0;32mOK<1b>[0m
     test_restatapi.R.............. 30 tests <1b>[0;32mOK<1b>[0m
     ########--------- 61 test of the get/put_eurostat_cache function
    
     ########--------- 62 test of the get/put_eurostat_cache function
    
     test_restatapi.R.............. 32 tests <1b>[0;32mOK<1b>[0m
     ########--------- 63 test of the get/put_eurostat_cache function
    
     test_restatapi.R.............. 32 tests <1b>[0;32mOK<1b>[0m
     test_restatapi.R.............. 33 tests <1b>[0;32mOK<1b>[0m
     ########--------- 64 test of the get/put_eurostat_cache function
    
     ########--------- 65 test of the get/put_eurostat_cache function
    
     ########--------- 66 test of the get/put_eurostat_cache function
    
     ########--------- 67 test of the get/put_eurostat_cache function
    
     test_restatapi.R.............. 37 tests <1b>[0;32mOK<1b>[0m
     ########--------- 68 test of the get/put_eurostat_cache function
    
     ########--------- 69 test of the get/put_eurostat_cache function
    
     test_restatapi.R.............. 39 tests <1b>[0;32mOK<1b>[0m
     ########--------- 70 test of the get/put_eurostat_cache function
    
     ########--------- 71 test of the get/put_eurostat_cache function
    
     test_restatapi.R.............. 41 tests <1b>[0;32mOK<1b>[0m
     ########--------- 72 test of the get/put_eurostat_cache function
    
     test_restatapi.R.............. 41 tests <1b>[0;32mOK<1b>[0m
     test_restatapi.R.............. 42 tests <1b>[0;32mOK<1b>[0m
     ########--------- 73 test of the get/put_eurostat_cache function
    
     test_restatapi.R.............. 43 tests <1b>[0;32mOK<1b>[0m
     ########--------- 74 test of the get/put_eurostat_cache function
    
     test_restatapi.R.............. 44 tests <1b>[0;32mOK<1b>[0m
     ########--------- 75 test of the get/put_eurostat_cache function
    
     test_restatapi.R.............. 44 tests <1b>[0;32mOK<1b>[0m
     test_restatapi.R.............. 45 tests <1b>[0;32mOK<1b>[0m
     ########--------- 76 test of the get/put_eurostat_cache function
    
     test_restatapi.R.............. 46 tests <1b>[0;32mOK<1b>[0m
     ########--------- 77 test of the get/put_eurostat_cache function
    
     test_restatapi.R.............. 47 tests <1b>[0;32mOK<1b>[0m
     create_filter_table - filters class: character; size: 14; filters:2017-032001-03:2005<2017-07-012012201320142018<20912<3452<:2018-04>2<034v2008:20132019-04-322019-02-31
     create_filter_table - filters: 2017-032001-03:2005<2017-07-012012201320142018<20912<3452<:2018-04>2<034v2008:20132019-04-322019-02-31; is numeric: FALSE; call parents: 6
     length df: 13 -*- df: c, 2017-03, 2001-03:2005, <2017-07-01, 2012:2014, 2018<, 20912, <3452<, :2018-04>, 2<034v, 2008:2013, 2019-04-32, 2019-02-31
     The date filter had invalid character (not 0-9, '-', '<', '>' or ':'). Those characters removed from the date filter.
     create_filter_table - 2017-03, create_filter_table - 2001-03:2005, create_filter_table - <2017-07-01, create_filter_table - 2012:2014, create_filter_table - 2018<, create_filter_table - 20912, create_filter_table - <3452<, create_filter_table - :2018-04>, create_filter_table - 2<034, create_filter_table - 2008:2013, create_filter_table - 2019-04-32, create_filter_table - 2019-02-31 date filter length: 12, nchar date_filter: 7,12,11,9,5,5,6,9,5,9,10,10
     Could not parse date filter: '20912' not in [<>]yyyy[-mm][-dd][<>] format or incorrect date value. The date filter is ignored.
     Could not parse date filter: '<3452<'. This date filter is ignored.
     Could not parse date filter: ':2018-04>'. This date filter is ignored.
     Could not parse date filter: '2<034' not in [<>]yyyy[-mm][-dd][<>] format or incorrect date value. The date filter is ignored.
     Could not parse date filter: '2019-04-32' not in [<>]yyyy[-mm][-dd][<>] format or incorrect date value. The date filter is ignored.
    
     test_restatapi.R.............. 47 tests <1b>[0;32mOK<1b>[0m
     create_filter_table - filters class: character; size: 14; filters:2017-032001-03:2005<2017-07-012012201320142016<20912<3452<:2018-04>2<034v2008:20132019-04-322019-02-31
     create_filter_table - filters: 2017-032001-03:2005<2017-07-012012201320142016<20912<3452<:2018-04>2<034v2008:20132019-04-322019-02-31; is numeric: FALSE; call parents: 6
     length df: 13 -*- df: c, 2017-03, 2001-03:2005, <2017-07-01, 2012:2014, 2016<, 20912, <3452<, :2018-04>, 2<034v, 2008:2013, 2019-04-32, 2019-02-31
     The date filter had invalid character (not 0-9, '-', '<', '>' or ':'). Those characters removed from the date filter.
     create_filter_table - 2017-03, create_filter_table - 2001-03:2005, create_filter_table - <2017-07-01, create_filter_table - 2012:2014, create_filter_table - 2016<, create_filter_table - 20912, create_filter_table - <3452<, create_filter_table - :2018-04>, create_filter_table - 2<034, create_filter_table - 2008:2013, create_filter_table - 2019-04-32, create_filter_table - 2019-02-31 date filter length: 12, nchar date_filter: 7,12,11,9,5,5,6,9,5,9,10,10
     Could not parse date filter: '20912' not in [<>]yyyy[-mm][-dd][<>] format or incorrect date value. The date filter is ignored.
     Could not parse date filter: '<3452<'. This date filter is ignored.
     Could not parse date filter: ':2018-04>'. This date filter is ignored.
     Could not parse date filter: '2<034' not in [<>]yyyy[-mm][-dd][<>] format or incorrect date value. The date filter is ignored.
     Could not parse date filter: '2019-04-32' not in [<>]yyyy[-mm][-dd][<>] format or incorrect date value. The date filter is ignored.
    
     test_restatapi.R.............. 47 tests <1b>[0;32mOK<1b>[0m
     ########--------- 78 test of the create_filter_table function
    
     test_restatapi.R.............. 47 tests <1b>[0;32mOK<1b>[0m
     test_restatapi.R.............. 48 tests <1b>[0;32mOK<1b>[0m
     ########--------- 79 test of the create_filter_table function
    
     test_restatapi.R.............. 48 tests <1b>[0;32mOK<1b>[0m
     test_restatapi.R.............. 49 tests <1b>[0;32mOK<1b>[0m
     ########--------- 80 test of the create_filter_table function
    
     test_restatapi.R.............. 49 tests <1b>[0;32mOK<1b>[0m
     test_restatapi.R.............. 50 tests <1b>[0;32mOK<1b>[0m
     ########--------- 81 test of the create_filter_table function
    
     test_restatapi.R.............. 50 tests <1b>[0;32mOK<1b>[0m
     test_restatapi.R.............. 51 tests <1b>[0;32mOK<1b>[0m
     ########--------- 82 test of the create_filter_table function
    
     test_restatapi.R.............. 51 tests <1b>[0;32mOK<1b>[0m
     test_restatapi.R.............. 52 tests <1b>[0;32mOK<1b>[0m
     ########--------- 83 test of the create_filter_table function
    
     test_restatapi.R.............. 52 tests <1b>[0;32mOK<1b>[0m
     test_restatapi.R.............. 53 tests <1b>[0;32mOK<1b>[0m
     get_eurostat_cache - The 'avia_par_me.dsd' was loaded from 'avia_par_me.dsd' in '.restatapi_env'.
    
     test_restatapi.R.............. 53 tests <1b>[0;32mOK<1b>[0m
     create_filter_table - filters class: character; size: 3; filters:KYIVDEQuarterly
    
     create_filter_table - filters class: character; size: 2; filters:flightMonthly
    
     ########--------- 84 test of the create_filter_table function
    
     ########--------- 85 test of the create_filter_table function
    
     ########--------- 86 test of the create_filter_table function
    
     ########--------- 87 test of the create_filter_table function
    
     test_restatapi.R.............. 57 tests <1b>[0;31m1 fails<1b>[0m get_eurostat_raw - bulk url: http://ec.europa.eu/eurostat/estat-navtree-portlet-prod/BulkDownloadListing?file=data/tus_00age.tsv.gz
     trying URL 'http://ec.europa.eu/eurostat/estat-navtree-portlet-prod/BulkDownloadListing?file=data/tus_00age.tsv.gz'
     Content type 'application/octet-stream;charset=UTF-8' length 423310 bytes (413 KB)
     ==================================================
     downloaded 413 KB
    
     get_eurostat_raw - D:\temp\RtmpYV5yAN\file713859a920e-1-size#isdir#mode#mtime#ctime#atime#exe-423310-TRUE
     get_eurostat_raw - class:data.tabledata.frame
     get_eurostat_raw - caching in raw:TRUE local filter:FALSE called from:get_eurostat_rawtestid7
     get_eurostat_raw - FALSE
     get_eurostat_raw - The raw data was cached in memory ('r_tus_00age-2022.06.30-0' in '.restatapi_env').
    
    
     test_restatapi.R.............. 57 tests <1b>[0;31m1 fails<1b>[0m
     get_eurostat_dsd - Trying to download the DSD from: http://ec.europa.eu/eurostat/SDMX/diss-web/rest/datastructure/ESTAT/DSD_tus_00age
     trying URL 'http://ec.europa.eu/eurostat/SDMX/diss-web/rest/datastructure/ESTAT/DSD_tus_00age'
     downloaded 33 KB
    
     Trying to extract the DSD from: D:\temp\RtmpYV5yAN\file713838af7d1d
     character
     number of nodes: 10
     number of cores: 2
    
     get_eurostat_dsd - The DSD of the tus_00age dataset was cached in memory ('tus_00age.dsd' in '.restatapi_env').
    
    
     test_restatapi.R.............. 57 tests <1b>[0;31m1 fails<1b>[0m
     create_filter_table - filters class: character; size: 3; filters:TIME_SPHungaryT
    
     ########--------- 88 test of the filter_raw_data function
    
     ########--------- 89 test of the filter_raw_data function
    
     ########--------- 90 test of the filter_raw_data function
    
     test_restatapi.R.............. 60 tests <1b>[0;31m1 fails<1b>[0m get_eurostat_raw - bulk url: http://ec.europa.eu/eurostat/estat-navtree-portlet-prod/BulkDownloadListing?file=data/avia_par_me.tsv.gz
     trying URL 'http://ec.europa.eu/eurostat/estat-navtree-portlet-prod/BulkDownloadListing?file=data/avia_par_me.tsv.gz'
     Content type 'application/octet-stream;charset=UTF-8' length 45526 bytes (44 KB)
     ==================================================
     downloaded 44 KB
    
     get_eurostat_raw - D:\temp\RtmpYV5yAN\file71387d187363-1-size#isdir#mode#mtime#ctime#atime#exe-45526-TRUE
     get_eurostat_raw - class:data.tabledata.frame
     get_eurostat_raw - caching in raw:TRUE local filter:FALSE called from:get_eurostat_rawtestid6
     get_eurostat_raw - FALSE
     get_eurostat_raw - The raw data was cached in memory ('r_avia_par_me-2022.06.30-0' in '.restatapi_env').
    
    
     test_restatapi.R.............. 60 tests <1b>[0;31m1 fails<1b>[0m
     create_filter_table - filters class: character; size: 1; filters:2017:2018
     create_filter_table - filters: 2017:2018; is numeric: FALSE; call parents: 6
     length df: 1 -*- df: 2017:2018
     create_filter_table - 2017:2018 date filter length: 1, nchar date_filter: 9
    
     ########--------- 91 test of the filter_raw_data function
    
     ########--------- 92 test of the filter_raw_data function
    
     ########--------- 93 test of the filter_raw_data function
    
     test_restatapi.R.............. 63 tests <1b>[0;31m1 fails<1b>[0m
     test_restatapi.R.............. 63 tests <1b>[0;31m1 fails<1b>[0m
     clean_restatapi_cache - All objects except from 'cfg', 'rav', 'cc' and 'dmethod' are removed from '.restatapi_env'.
     clean_restatapi_cache - Deleted all .rds files from D:\temp\RtmpYV5yAN
    
     test_restatapi.R.............. 63 tests <1b>[0;31m1 fails<1b>[0m
    
    
    
    
     There are skipped tests: 2-7, 8, 9, 13-20, 21, 25-32, 35-36, 46, 54-55
    
     test_restatapi.R.............. 63 tests <1b>[0;31m1 fails<1b>[0m
    
    
    
    
    
     Skipped tests: , 2-7, 8, 9, 13-20, 21, 25-32, 35-36, 46, 54-55
     test_restatapi.R.............. 63 tests <1b>[0;31m1 fails<1b>[0m <1b>[0;34m2.0s<1b>[0m
     ----- FAILED[data]: test_restatapi.R<327--338>
     call| expect_equal(nrow(ft1), 10)
     diff| Mean relative difference: 0.2
     Error: 1 out of 63 tests failed
     In addition: There were 12 warnings (use warnings() to see them)
     Execution halted
Flavor: r-release-windows-x86_64