CRAN Package Check Results for Package retroharmonize

Last updated on 2022-06-25 02:52:26 CEST.

Flavor Version Tinstall Tcheck Ttotal Status Flags
r-devel-linux-x86_64-debian-clang 0.2.0 9.08 136.02 145.10 OK
r-devel-linux-x86_64-debian-gcc 0.2.0 7.71 101.30 109.01 OK
r-devel-linux-x86_64-fedora-clang 0.2.0 180.05 NOTE
r-devel-linux-x86_64-fedora-gcc 0.2.0 174.12 OK
r-devel-windows-x86_64 0.2.0 135.00 174.00 309.00 NOTE
r-patched-linux-x86_64 0.2.0 8.66 127.30 135.96 OK
r-release-linux-x86_64 0.2.0 9.57 125.96 135.53 OK
r-release-macos-arm64 0.2.0 52.00 NOTE
r-release-macos-x86_64 0.2.0 91.00 NOTE
r-release-windows-x86_64 0.2.0 99.00 176.00 275.00 NOTE
r-oldrel-macos-arm64 0.2.0 58.00 NOTE
r-oldrel-macos-x86_64 0.2.0 75.00 NOTE
r-oldrel-windows-ix86+x86_64 0.2.0 20.00 170.00 190.00 NOTE

Check Details

Version: 0.2.0
Check: installed package size
Result: NOTE
     installed size is 5.7Mb
     sub-directories of 1Mb or more:
     doc 1.1Mb
     examples 1.9Mb
Flavors: r-devel-linux-x86_64-fedora-clang, r-devel-windows-x86_64, r-release-macos-arm64, r-release-macos-x86_64, r-release-windows-x86_64, r-oldrel-macos-arm64, r-oldrel-macos-x86_64, r-oldrel-windows-ix86+x86_64