Last updated on 2023-02-09 02:53:23 CET.
Flavor | Version | Tinstall | Tcheck | Ttotal | Status | Flags |
---|---|---|---|---|---|---|
r-devel-linux-x86_64-debian-clang | 0.1.0 | 2.29 | 31.81 | 34.10 | NOTE | |
r-devel-linux-x86_64-debian-gcc | 0.1.0 | 1.72 | 24.81 | 26.53 | NOTE | |
r-devel-linux-x86_64-fedora-clang | 0.1.0 | 42.96 | NOTE | |||
r-devel-linux-x86_64-fedora-gcc | 0.1.0 | 42.53 | NOTE | |||
r-devel-windows-x86_64 | 0.1.0 | 7.00 | 74.00 | 81.00 | NOTE | |
r-patched-linux-x86_64 | 0.1.0 | 2.43 | 32.25 | 34.68 | NOTE | |
r-release-linux-x86_64 | 0.1.0 | 2.50 | 31.23 | 33.73 | NOTE | |
r-release-macos-arm64 | 0.1.0 | 26.00 | NOTE | |||
r-release-macos-x86_64 | 0.1.0 | 36.00 | NOTE | |||
r-release-windows-x86_64 | 0.1.0 | 9.00 | 76.00 | 85.00 | NOTE | |
r-oldrel-macos-arm64 | 0.1.0 | 31.00 | NOTE | |||
r-oldrel-macos-x86_64 | 0.1.0 | 36.00 | NOTE | |||
r-oldrel-windows-ix86+x86_64 | 0.1.0 | 8.00 | 64.00 | 72.00 | NOTE |
Version: 0.1.0
Check: LazyData
Result: NOTE
'LazyData' is specified without a 'data' directory
Flavors: r-devel-linux-x86_64-debian-clang, r-devel-linux-x86_64-debian-gcc, r-devel-linux-x86_64-fedora-clang, r-devel-linux-x86_64-fedora-gcc, r-devel-windows-x86_64, r-patched-linux-x86_64, r-release-linux-x86_64, r-release-macos-arm64, r-release-macos-x86_64, r-release-windows-x86_64, r-oldrel-macos-arm64, r-oldrel-macos-x86_64, r-oldrel-windows-ix86+x86_64