CRAN Package Check Results for Package rgbif

Last updated on 2021-01-23 02:47:44 CET.

Flavor Version Tinstall Tcheck Ttotal Status Flags
r-devel-linux-x86_64-debian-clang 3.5.0 14.84 156.58 171.42 NOTE
r-devel-linux-x86_64-debian-gcc 3.5.0 9.54 117.43 126.97 NOTE
r-devel-linux-x86_64-fedora-clang 3.5.0 226.31 NOTE
r-devel-linux-x86_64-fedora-gcc 3.5.0 202.81 NOTE
r-devel-windows-ix86+x86_64 3.5.0 26.00 141.00 167.00 OK
r-patched-linux-x86_64 3.5.0 13.50 153.34 166.84 NOTE
r-patched-solaris-x86 3.5.0 251.40 OK
r-release-linux-x86_64 3.5.0 13.70 156.79 170.49 NOTE
r-release-macos-x86_64 3.5.0 OK
r-release-windows-ix86+x86_64 3.5.0 27.00 146.00 173.00 OK
r-oldrel-macos-x86_64 3.5.0 OK
r-oldrel-windows-ix86+x86_64 3.5.0 20.00 145.00 165.00 OK

Check Details

Version: 3.5.0
Check: Rd cross-references
Result: NOTE
    Unknown package 'geoaxe' in Rd xrefs
Flavors: r-devel-linux-x86_64-debian-clang, r-devel-linux-x86_64-debian-gcc, r-devel-linux-x86_64-fedora-gcc, r-patched-linux-x86_64, r-release-linux-x86_64

Version: 3.5.0
Check: Rd cross-references
Result: NOTE
    Undeclared package ‘geoaxe’ in Rd xrefs
    Unknown package ‘geoaxe’ in Rd xrefs
Flavor: r-devel-linux-x86_64-fedora-clang