CRAN Package Check Results for Package rmdcev

Last updated on 2020-07-14 02:48:57 CEST.

Flavor Version Tinstall Tcheck Ttotal Status Flags
r-devel-linux-x86_64-debian-clang 1.1.1 403.68 202.29 605.97 NOTE
r-devel-linux-x86_64-debian-gcc 1.1.1 338.67 166.77 505.44 NOTE
r-devel-linux-x86_64-fedora-clang 1.1.1 778.02 NOTE
r-devel-linux-x86_64-fedora-gcc 1.1.1 827.89 NOTE
r-devel-windows-ix86+x86_64 1.1.1 629.00 471.00 1100.00 NOTE
r-patched-linux-x86_64 1.1.1 333.76 218.56 552.32 NOTE
r-patched-solaris-x86 1.1.1 772.10 NOTE
r-release-linux-x86_64 1.1.1 318.41 221.37 539.78 NOTE
r-release-macos-x86_64 1.1.1 ERROR
r-release-windows-ix86+x86_64 1.1.1 863.00 482.00 1345.00 NOTE
r-oldrel-macos-x86_64 1.1.1 NOTE
r-oldrel-windows-ix86+x86_64 1.1.1 523.00 8.00 531.00 ERROR

Check Details

Version: 1.1.1
Check: for GNU extensions in Makefiles
Result: NOTE
    GNU make is a SystemRequirements.
Flavors: r-devel-linux-x86_64-debian-clang, r-devel-linux-x86_64-debian-gcc, r-devel-linux-x86_64-fedora-clang, r-devel-linux-x86_64-fedora-gcc, r-devel-windows-ix86+x86_64, r-patched-linux-x86_64, r-patched-solaris-x86, r-release-linux-x86_64, r-release-windows-ix86+x86_64, r-oldrel-macos-x86_64

Version: 1.1.1
Check: installed package size
Result: NOTE
     installed size is 72.6Mb
     sub-directories of 1Mb or more:
     libs 71.8Mb
Flavors: r-devel-linux-x86_64-fedora-clang, r-devel-windows-ix86+x86_64, r-release-windows-ix86+x86_64, r-oldrel-macos-x86_64

Version: 1.1.1
Check: dependencies in R code
Result: NOTE
    Namespace in Imports field not imported from: ‘rlang’
     All declared Imports should be used.
Flavors: r-devel-linux-x86_64-fedora-clang, r-devel-linux-x86_64-fedora-gcc, r-patched-solaris-x86, r-oldrel-macos-x86_64

Version: 1.1.1
Check: whether package can be installed
Result: ERROR
    Installation failed.
Flavors: r-release-macos-x86_64, r-oldrel-windows-ix86+x86_64