CRAN Package Check Results for Package rmdformats

Last updated on 2021-04-14 02:46:55 CEST.

Flavor Version Tinstall Tcheck Ttotal Status Flags
r-devel-linux-x86_64-debian-clang 1.0.1 3.25 31.19 34.44 OK
r-devel-linux-x86_64-debian-gcc 1.0.1 2.55 24.41 26.96 OK
r-devel-linux-x86_64-fedora-clang 1.0.1 50.05 OK
r-devel-linux-x86_64-fedora-gcc 1.0.1 43.45 OK
r-devel-windows-ix86+x86_64 1.0.1 8.00 63.00 71.00 OK
r-devel-windows-x86_64-gcc10-UCRT 1.0.1 OK
r-patched-linux-x86_64 1.0.1 3.28 29.66 32.94 OK
r-patched-solaris-x86 1.0.1 66.80 NOTE
r-release-linux-x86_64 1.0.1 3.40 30.04 33.44 OK
r-release-macos-x86_64 1.0.1 OK
r-release-windows-ix86+x86_64 1.0.1 5.00 46.00 51.00 OK
r-oldrel-macos-x86_64 1.0.1 OK
r-oldrel-windows-ix86+x86_64 1.0.1 6.00 34.00 40.00 OK

Check Details

Version: 1.0.1
Check: installed package size
Result: NOTE
     installed size is 5.9Mb
     sub-directories of 1Mb or more:
     templates 5.4Mb
Flavor: r-patched-solaris-x86