CRAN Package Check Results for Package roadoi

Last updated on 2020-11-30 02:46:48 CET.

Flavor Version Tinstall Tcheck Ttotal Status Flags
r-devel-linux-x86_64-debian-clang 0.6 6.47 57.16 63.63 OK
r-devel-linux-x86_64-debian-gcc 0.6 4.99 45.63 50.62 OK
r-devel-linux-x86_64-fedora-clang 0.6 79.59 OK
r-devel-linux-x86_64-fedora-gcc 0.6 62.68 OK
r-devel-windows-ix86+x86_64 0.6 16.00 94.00 110.00 OK
r-patched-linux-x86_64 0.6 6.76 56.49 63.25 OK
r-patched-solaris-x86 0.6 100.50 OK
r-release-linux-x86_64 0.6 5.88 58.82 64.70 OK
r-release-macos-x86_64 0.6 OK
r-release-windows-ix86+x86_64 0.6 12.00 93.00 105.00 OK
r-oldrel-macos-x86_64 0.6 WARN
r-oldrel-windows-ix86+x86_64 0.6 10.00 114.00 124.00 OK

Check Details

Version: 0.6
Check: re-building of vignette outputs
Result: WARN
    Error(s) in re-building vignettes:
     ...
    --- re-building ‘intro.Rmd’ using rmarkdown
    Warning in engine$weave(file, quiet = quiet, encoding = enc) :
     Pandoc (>= 1.12.3) and/or pandoc-citeproc not available. Falling back to R Markdown v1.
    Quitting from lines 188-195 (intro.Rmd)
    Error: processing vignette 'intro.Rmd' failed with diagnostics:
    Column `is_oa` is unknown
    --- failed re-building ‘intro.Rmd’
    
    SUMMARY: processing the following file failed:
     ‘intro.Rmd’
    
    Error: Vignette re-building failed.
    Execution halted
Flavor: r-oldrel-macos-x86_64