CRAN Package Check Results for Package robotstxt

Last updated on 2020-11-28 02:49:07 CET.

Flavor Version Tinstall Tcheck Ttotal Status Flags
r-devel-linux-x86_64-debian-clang 0.7.13 4.16 45.16 49.32 OK
r-devel-linux-x86_64-debian-gcc 0.7.13 3.53 33.53 37.06 OK
r-devel-linux-x86_64-fedora-clang 0.7.13 56.64 NOTE
r-devel-linux-x86_64-fedora-gcc 0.7.13 49.01 NOTE
r-devel-windows-ix86+x86_64 0.7.13 7.00 44.00 51.00 OK
r-patched-linux-x86_64 0.7.13 3.69 41.46 45.15 OK
r-patched-solaris-x86 0.7.13 69.50 NOTE
r-release-linux-x86_64 0.7.13 4.06 40.77 44.83 OK
r-release-macos-x86_64 0.7.13 NOTE
r-release-windows-ix86+x86_64 0.7.13 8.00 47.00 55.00 OK
r-oldrel-macos-x86_64 0.7.13 NOTE
r-oldrel-windows-ix86+x86_64 0.7.13 5.00 45.00 50.00 OK

Check Details

Version: 0.7.13
Check: dependencies in R code
Result: NOTE
    Namespace in Imports field not imported from: ‘future’
     All declared Imports should be used.
Flavors: r-devel-linux-x86_64-fedora-clang, r-devel-linux-x86_64-fedora-gcc, r-patched-solaris-x86, r-release-macos-x86_64, r-oldrel-macos-x86_64