CRAN Package Check Results for Package robotstxt

Last updated on 2022-10-07 03:56:06 CEST.

Flavor Version Tinstall Tcheck Ttotal Status Flags
r-devel-linux-x86_64-debian-clang 0.7.13 3.29 44.09 47.38 NOTE
r-devel-linux-x86_64-debian-gcc 0.7.13 2.14 33.71 35.85 NOTE
r-devel-linux-x86_64-fedora-clang 0.7.13 69.76 NOTE
r-devel-linux-x86_64-fedora-gcc 0.7.13 66.22 NOTE
r-devel-windows-x86_64 0.7.13 40.00 83.00 123.00 NOTE
r-patched-linux-x86_64 0.7.13 3.63 41.79 45.42 NOTE
r-release-linux-x86_64 0.7.13 2.84 40.82 43.66 NOTE
r-release-macos-arm64 0.7.13 25.00 NOTE
r-release-macos-x86_64 0.7.13 33.00 NOTE
r-release-windows-x86_64 0.7.13 44.00 81.00 125.00 NOTE
r-oldrel-macos-arm64 0.7.13 33.00 NOTE
r-oldrel-macos-x86_64 0.7.13 43.00 NOTE
r-oldrel-windows-ix86+x86_64 0.7.13 7.00 68.00 75.00 NOTE

Check Details

Version: 0.7.13
Check: LazyData
Result: NOTE
     'LazyData' is specified without a 'data' directory
Flavors: r-devel-linux-x86_64-debian-clang, r-devel-linux-x86_64-debian-gcc, r-devel-linux-x86_64-fedora-clang, r-devel-linux-x86_64-fedora-gcc, r-devel-windows-x86_64, r-patched-linux-x86_64, r-release-linux-x86_64, r-release-macos-arm64, r-release-macos-x86_64, r-release-windows-x86_64, r-oldrel-macos-arm64, r-oldrel-macos-x86_64, r-oldrel-windows-ix86+x86_64

Version: 0.7.13
Check: dependencies in R code
Result: NOTE
    Namespace in Imports field not imported from: ‘future’
     All declared Imports should be used.
Flavors: r-devel-linux-x86_64-fedora-clang, r-devel-linux-x86_64-fedora-gcc, r-release-macos-arm64, r-release-macos-x86_64, r-oldrel-macos-arm64, r-oldrel-macos-x86_64