Last updated on 2023-06-09 02:52:24 CEST.
Flavor | Version | Tinstall | Tcheck | Ttotal | Status | Flags |
---|---|---|---|---|---|---|
r-devel-linux-x86_64-debian-clang | 0.2.2 | 7.17 | 191.53 | 198.70 | OK | |
r-devel-linux-x86_64-debian-gcc | 0.2.2 | 6.78 | 143.65 | 150.43 | OK | |
r-devel-linux-x86_64-fedora-clang | 0.2.2 | 245.84 | OK | |||
r-devel-linux-x86_64-fedora-gcc | 0.2.2 | 246.01 | OK | |||
r-devel-windows-x86_64 | 0.2.2 | 10.00 | 175.00 | 185.00 | OK | |
r-patched-linux-x86_64 | 0.2.2 | 15.30 | 182.32 | 197.62 | OK | |
r-release-linux-x86_64 | 0.2.2 | 4.90 | 180.07 | 184.97 | OK | |
r-release-macos-arm64 | 0.2.2 | 84.00 | OK | |||
r-release-macos-x86_64 | 0.2.2 | 126.00 | NOTE | |||
r-release-windows-x86_64 | 0.2.2 | 10.00 | 220.00 | 230.00 | OK | |
r-oldrel-macos-arm64 | 0.2.2 | 62.00 | OK | |||
r-oldrel-macos-x86_64 | 0.2.2 | 92.00 | OK | |||
r-oldrel-windows-x86_64 | 0.2.2 | 10.00 | 218.00 | 228.00 | OK |
Version: 0.2.2
Check: package dependencies
Result: NOTE
Package suggested but not available for checking: ‘ivgets’
Flavor: r-release-macos-x86_64
Version: 0.2.2
Check: Rd cross-references
Result: NOTE
Package unavailable to check Rd xrefs: ‘ivgets’
Flavor: r-release-macos-x86_64