Last updated on 2023-06-07 02:59:26 CEST.
Flavor | Version | Tinstall | Tcheck | Ttotal | Status | Flags |
---|---|---|---|---|---|---|
r-devel-linux-x86_64-debian-clang | 1.0.0 | 54.79 | 211.68 | 266.47 | NOTE | |
r-devel-linux-x86_64-debian-gcc | 1.0.0 | 39.74 | 160.98 | 200.72 | NOTE | |
r-devel-linux-x86_64-fedora-clang | 1.0.0 | 359.84 | NOTE | |||
r-devel-linux-x86_64-fedora-gcc | 1.0.0 | 334.68 | NOTE | |||
r-devel-windows-x86_64 | 1.0.0 | 47.00 | 182.00 | 229.00 | OK | |
r-patched-linux-x86_64 | 1.0.0 | 39.31 | 207.11 | 246.42 | NOTE | |
r-release-linux-x86_64 | 1.0.0 | 38.17 | 205.10 | 243.27 | NOTE | |
r-release-macos-arm64 | 1.0.0 | 99.00 | NOTE | |||
r-release-macos-x86_64 | 1.0.0 | 149.00 | NOTE | |||
r-release-windows-x86_64 | 1.0.0 | 61.00 | 237.00 | 298.00 | OK | |
r-oldrel-macos-arm64 | 1.0.0 | 88.00 | OK | |||
r-oldrel-macos-x86_64 | 1.0.0 | 143.00 | OK | |||
r-oldrel-windows-x86_64 | 1.0.0 | 57.00 | 232.00 | 289.00 | OK |
Version: 1.0.0
Check: C++ specification
Result: NOTE
Specified C++11: please drop specification unless essential
Flavors: r-devel-linux-x86_64-debian-clang, r-devel-linux-x86_64-debian-gcc, r-devel-linux-x86_64-fedora-clang, r-devel-linux-x86_64-fedora-gcc, r-patched-linux-x86_64, r-release-linux-x86_64, r-release-macos-arm64, r-release-macos-x86_64