CRAN Package Check Results for Package ruta

Last updated on 2022-10-04 02:54:51 CEST.

Flavor Version Tinstall Tcheck Ttotal Status Flags
r-devel-linux-x86_64-debian-clang 1.1.0 5.79 53.90 59.69 NOTE
r-devel-linux-x86_64-debian-gcc 1.1.0 5.78 40.75 46.53 NOTE
r-devel-linux-x86_64-fedora-clang 1.1.0 88.66 NOTE
r-devel-linux-x86_64-fedora-gcc 1.1.0 82.36 NOTE
r-devel-windows-x86_64 1.1.0 28.00 103.00 131.00 NOTE
r-patched-linux-x86_64 1.1.0 6.11 50.67 56.78 NOTE
r-release-linux-x86_64 1.1.0 6.57 50.27 56.84 NOTE
r-release-macos-arm64 1.1.0 25.00 NOTE
r-release-macos-x86_64 1.1.0 47.00 NOTE
r-release-windows-x86_64 1.1.0 58.00 91.00 149.00 NOTE
r-oldrel-macos-arm64 1.1.0 35.00 NOTE
r-oldrel-macos-x86_64 1.1.0 40.00 NOTE
r-oldrel-windows-ix86+x86_64 1.1.0 17.00 79.00 96.00 NOTE

Check Details

Version: 1.1.0
Check: LazyData
Result: NOTE
     'LazyData' is specified without a 'data' directory
Flavors: r-devel-linux-x86_64-debian-clang, r-devel-linux-x86_64-debian-gcc, r-devel-linux-x86_64-fedora-clang, r-devel-linux-x86_64-fedora-gcc, r-devel-windows-x86_64, r-patched-linux-x86_64, r-release-linux-x86_64, r-release-macos-arm64, r-release-macos-x86_64, r-release-windows-x86_64, r-oldrel-macos-arm64, r-oldrel-macos-x86_64, r-oldrel-windows-ix86+x86_64