Last updated on 2021-04-16 02:47:36 CEST.
Flavor | Version | Tinstall | Tcheck | Ttotal | Status | Flags |
---|---|---|---|---|---|---|
r-devel-linux-x86_64-debian-clang | 0.1.8 | 2.47 | 26.93 | 29.40 | NOTE | |
r-devel-linux-x86_64-debian-gcc | 0.1.8 | 2.06 | 21.67 | 23.73 | NOTE | |
r-devel-linux-x86_64-fedora-clang | 0.1.8 | 44.89 | NOTE | |||
r-devel-linux-x86_64-fedora-gcc | 0.1.8 | 34.89 | NOTE | |||
r-devel-windows-ix86+x86_64 | 0.1.8 | 8.00 | 40.00 | 48.00 | NOTE | |
r-devel-windows-x86_64-gcc10-UCRT | 0.1.8 | NOTE | ||||
r-patched-linux-x86_64 | 0.1.8 | 2.70 | 25.90 | 28.60 | OK | |
r-patched-solaris-x86 | 0.1.8 | 53.40 | OK | |||
r-release-linux-x86_64 | 0.1.8 | 2.54 | 25.91 | 28.45 | OK | |
r-release-macos-x86_64 | 0.1.8 | OK | ||||
r-release-windows-ix86+x86_64 | 0.1.8 | 7.00 | 45.00 | 52.00 | OK | |
r-oldrel-macos-x86_64 | 0.1.8 | OK | ||||
r-oldrel-windows-ix86+x86_64 | 0.1.8 | 7.00 | 37.00 | 44.00 | OK |
Version: 0.1.8
Check: LazyData
Result: NOTE
'LazyData' is specified without a 'data' directory
Flavors: r-devel-linux-x86_64-debian-clang, r-devel-linux-x86_64-debian-gcc, r-devel-linux-x86_64-fedora-clang, r-devel-linux-x86_64-fedora-gcc, r-devel-windows-ix86+x86_64, r-devel-windows-x86_64-gcc10-UCRT