Last updated on 2023-03-21 02:56:38 CET.
Flavor | Version | Tinstall | Tcheck | Ttotal | Status | Flags |
---|---|---|---|---|---|---|
r-devel-linux-x86_64-debian-clang | 0.3.2 | NOTE | ||||
r-devel-linux-x86_64-debian-gcc | 0.3.2 | 90.73 | 42.55 | 133.28 | NOTE | |
r-devel-linux-x86_64-fedora-clang | 0.3.2 | 285.97 | NOTE | |||
r-devel-linux-x86_64-fedora-gcc | 0.3.2 | 217.95 | NOTE | |||
r-patched-linux-x86_64 | 0.3.2 | 96.43 | 58.14 | 154.57 | OK | |
r-release-linux-x86_64 | 0.3.2 | 74.89 | 57.09 | 131.98 | OK | |
r-release-macos-arm64 | 0.3.2 | 59.00 | OK | |||
r-release-macos-x86_64 | 0.3.2 | 82.00 | OK | |||
r-release-windows-x86_64 | 0.3.2 | 103.00 | 115.00 | 218.00 | OK | |
r-oldrel-macos-arm64 | 0.3.2 | 68.00 | OK | |||
r-oldrel-macos-x86_64 | 0.3.2 | 85.00 | OK | |||
r-oldrel-windows-ix86+x86_64 | 0.3.2 | 291.00 | 125.00 | 416.00 | NOTE |
Version: 0.3.2
Check: C++ specification
Result: NOTE
Specified C++11: please drop specification unless essential
Flavors: r-devel-linux-x86_64-debian-clang, r-devel-linux-x86_64-debian-gcc, r-devel-linux-x86_64-fedora-clang, r-devel-linux-x86_64-fedora-gcc
Version: 0.3.2
Check: R code for possible problems
Result: NOTE
Initiating curl with CURL_SSL_BACKEND: openssl
Flavor: r-oldrel-windows-ix86+x86_64