CRAN Package Check Results for Package rwebstat

Last updated on 2020-12-02 02:52:04 CET.

Flavor Version Tinstall Tcheck Ttotal Status Flags
r-devel-linux-x86_64-debian-clang 1.1.0 6.29 42.00 48.29 OK
r-devel-linux-x86_64-debian-gcc 1.1.0 4.22 32.23 36.45 OK
r-devel-linux-x86_64-fedora-clang 1.1.0 61.22 NOTE
r-devel-linux-x86_64-fedora-gcc 1.1.0 52.38 NOTE
r-devel-windows-ix86+x86_64 1.1.0 10.00 45.00 55.00 OK
r-patched-linux-x86_64 1.1.0 5.52 40.46 45.98 OK
r-patched-solaris-x86 1.1.0 80.60 NOTE
r-release-linux-x86_64 1.1.0 5.53 41.28 46.81 OK
r-release-macos-x86_64 1.1.0 NOTE
r-release-windows-ix86+x86_64 1.1.0 10.00 49.00 59.00 OK
r-oldrel-macos-x86_64 1.1.0 NOTE
r-oldrel-windows-ix86+x86_64 1.1.0 7.00 56.00 63.00 OK

Check Details

Version: 1.1.0
Check: dependencies in R code
Result: NOTE
    Namespace in Imports field not imported from: ‘htmltools’
     All declared Imports should be used.
Flavors: r-devel-linux-x86_64-fedora-clang, r-devel-linux-x86_64-fedora-gcc, r-patched-solaris-x86, r-release-macos-x86_64, r-oldrel-macos-x86_64