CRAN Package Check Results for Package s2

Last updated on 2020-07-06 02:47:48 CEST.

Flavor Version Tinstall Tcheck Ttotal Status Flags
r-devel-linux-x86_64-debian-clang 1.0.0 463.27 37.69 500.96 OK
r-devel-linux-x86_64-debian-gcc 1.0.0 382.40 30.93 413.33 WARN
r-devel-linux-x86_64-fedora-clang 1.0.0 732.71 NOTE
r-devel-linux-x86_64-fedora-gcc 1.0.0 689.63 WARN
r-devel-windows-ix86+x86_64 1.0.0 1183.00 111.00 1294.00 NOTE
r-patched-linux-x86_64 1.0.0 377.82 38.54 416.36 WARN
r-patched-solaris-x86 0.4-2 6.10 ERROR
r-release-linux-x86_64 1.0.0 375.66 38.33 413.99 WARN
r-release-osx-x86_64 0.4-2 NOTE
r-release-windows-ix86+x86_64 1.0.0 1125.00 158.00 1283.00 NOTE
r-oldrel-osx-x86_64 1.0.0 NOTE
r-oldrel-windows-ix86+x86_64 1.0.0 761.00 123.00 884.00 NOTE

Additional issues

clang-UBSAN gcc-UBSAN

Check Details

Version: 1.0.0
Check: whether package can be installed
Result: WARN
    Found the following significant warnings:
     ../inst/include/s2/util/gtl/compact_array.h:124:42: warning: ISO C++ forbids zero-size array [-Wpedantic]
     s2/third_party/absl/numeric/int128.cc:135:31: warning: ISO C++ does not support ‘__int128’ for ‘type name’ [-Wpedantic]
     s2/third_party/absl/numeric/int128.cc:146:31: warning: ISO C++ does not support ‘__int128’ for ‘type name’ [-Wpedantic]
Flavors: r-devel-linux-x86_64-debian-gcc, r-devel-linux-x86_64-fedora-gcc, r-patched-linux-x86_64, r-release-linux-x86_64

Version: 1.0.0
Check: installed package size
Result: NOTE
     installed size is 36.1Mb
     sub-directories of 1Mb or more:
     include 2.5Mb
     libs 32.6Mb
Flavors: r-devel-linux-x86_64-fedora-clang, r-devel-windows-ix86+x86_64, r-release-windows-ix86+x86_64, r-oldrel-osx-x86_64, r-oldrel-windows-ix86+x86_64

Version: 1.0.0
Check: Rd cross-references
Result: NOTE
    Undeclared package ‘tibble’ in Rd xrefs
Flavor: r-devel-linux-x86_64-fedora-clang

Version: 0.4-2
Check: whether package can be installed
Result: ERROR
    Installation failed.
Flavor: r-patched-solaris-x86

Version: 0.4-2
Check: installed package size
Result: NOTE
     installed size is 8.9Mb
     sub-directories of 1Mb or more:
     libs 8.1Mb
Flavor: r-release-osx-x86_64