CRAN Package Check Results for Package sampleSelection

Last updated on 2021-01-20 02:50:31 CET.

Flavor Version Tinstall Tcheck Ttotal Status Flags
r-devel-linux-x86_64-debian-clang 1.2-12 18.89 408.31 427.20 OK
r-devel-linux-x86_64-debian-gcc 1.2-12 13.47 296.35 309.82 OK
r-devel-linux-x86_64-fedora-clang 1.2-12 437.80 OK
r-devel-linux-x86_64-fedora-gcc 1.2-12 510.27 OK
r-devel-windows-ix86+x86_64 1.2-12 24.00 399.00 423.00 OK
r-patched-linux-x86_64 1.2-12 16.28 376.69 392.97 OK
r-patched-solaris-x86 1.2-12 609.90 OK
r-release-linux-x86_64 1.2-12 17.11 374.67 391.78 WARN
r-release-macos-x86_64 1.2-12 OK
r-release-windows-ix86+x86_64 1.2-12 30.00 498.00 528.00 OK
r-oldrel-macos-x86_64 1.2-12 NOTE
r-oldrel-windows-ix86+x86_64 1.2-12 21.00 326.00 347.00 OK

Check Details

Version: 1.2-12
Check: re-building of vignette outputs
Result: WARN
    Error(s) in re-building vignettes:
     ...
    --- re-building ‘intReg.Rnw’ using Sweave
    Loading required package: miscTools
    
    Please cite the 'maxLik' package as:
    Henningsen, Arne and Toomet, Ott (2011). maxLik: A package for maximum likelihood estimation in R. Computational Statistics 26(3), 443-458. DOI 10.1007/s00180-010-0217-1.
    
    If you have questions, suggestions, or comments regarding the 'maxLik' package, please use a forum or 'tracker' at maxLik's R-Forge site:
    https://r-forge.r-project.org/projects/maxlik/
    Loading required package: zoo
    
    Attaching package: ‘zoo’
    
    The following objects are masked from ‘package:base’:
    
     as.Date, as.Date.numeric
    
    --- finished re-building ‘intReg.Rnw’
    
    --- re-building ‘selection.Rnw’ using Sweave
    Loading required package: maxLik
    Loading required package: miscTools
    
    Please cite the 'maxLik' package as:
    Henningsen, Arne and Toomet, Ott (2011). maxLik: A package for maximum likelihood estimation in R. Computational Statistics 26(3), 443-458. DOI 10.1007/s00180-010-0217-1.
    
    If you have questions, suggestions, or comments regarding the 'maxLik' package, please use a forum or 'tracker' at maxLik's R-Forge site:
    https://r-forge.r-project.org/projects/maxlik/
    Warning in sqrt(diag(vc)) : NaNs produced
    Warning in sqrt(diag(vc)) : NaNs produced
    Warning in sqrt(diag(vcov(object, part = "full"))) : NaNs produced
    Warning in sqrt(diag(vc)) : NaNs produced
    Warning in sqrt(diag(vc)) : NaNs produced
    Warning in sqrt(diag(vcov(object, part = "full"))) : NaNs produced
    Error: processing vignette 'selection.Rnw' failed with diagnostics:
    Running ‘texi2dvi’ on ‘selection.tex’ failed.
    LaTeX errors:
    ! Undefined control sequence.
    <recently read> \[email protected]
    
    l.60 \begin{document}
    
    ! Undefined control sequence.
    \[email protected] ->\[email protected]
     \[email protected] \pdfendlink
    l.60 \begin{document}
    
    ! Undefined control sequence.
    <recently read> \[email protected]
    
    l.60 \begin{document}
    
    ! Undefined control sequence.
    \[email protected] ->\[email protected]
     \[email protected] \pdfendlink
    l.60 \begin{document}
    
    --- failed re-building ‘selection.Rnw’
    
    --- re-building ‘treatReg.Rnw’ using Sweave
    Loading required package: maxLik
    Loading required package: miscTools
    
    Please cite the 'maxLik' package as:
    Henningsen, Arne and Toomet, Ott (2011). maxLik: A package for maximum likelihood estimation in R. Computational Statistics 26(3), 443-458. DOI 10.1007/s00180-010-0217-1.
    
    If you have questions, suggestions, or comments regarding the 'maxLik' package, please use a forum or 'tracker' at maxLik's R-Forge site:
    https://r-forge.r-project.org/projects/maxlik/
    --- finished re-building ‘treatReg.Rnw’
    
    SUMMARY: processing the following file failed:
     ‘selection.Rnw’
    
    Error: Vignette re-building failed.
    Execution halted
Flavor: r-release-linux-x86_64

Version: 1.2-12
Check: re-building of vignette outputs
Result: NOTE
    Error(s) in re-building vignettes:
    --- re-building ‘intReg.Rnw’ using Sweave
    Loading required package: miscTools
    
    Please cite the 'maxLik' package as:
    Henningsen, Arne and Toomet, Ott (2011). maxLik: A package for maximum likelihood estimation in R. Computational Statistics 26(3), 443-458. DOI 10.1007/s00180-010-0217-1.
    
    If you have questions, suggestions, or comments regarding the 'maxLik' package, please use a forum or 'tracker' at maxLik's R-Forge site:
    https://r-forge.r-project.org/projects/maxlik/
    Loading required package: zoo
    
    Attaching package: ‘zoo’
    
    The following objects are masked from ‘package:base’:
    
     as.Date, as.Date.numeric
    
    --- finished re-building ‘intReg.Rnw’
    
    --- re-building ‘selection.Rnw’ using Sweave
    Loading required package: maxLik
    Loading required package: miscTools
    
    Please cite the 'maxLik' package as:
    Henningsen, Arne and Toomet, Ott (2011). maxLik: A package for maximum likelihood estimation in R. Computational Statistics 26(3), 443-458. DOI 10.1007/s00180-010-0217-1.
    
    If you have questions, suggestions, or comments regarding the 'maxLik' package, please use a forum or 'tracker' at maxLik's R-Forge site:
    https://r-forge.r-project.org/projects/maxlik/
    Warning in sqrt(diag(vc)) : NaNs produced
    Warning in sqrt(diag(vc)) : NaNs produced
    Warning in sqrt(diag(vcov(object, part = "full"))) : NaNs produced
    Warning in sqrt(diag(vc)) : NaNs produced
    Warning in sqrt(diag(vc)) : NaNs produced
    Warning in sqrt(diag(vcov(object, part = "full"))) : NaNs produced
    --- finished re-building ‘selection.Rnw’
    
    --- re-building ‘treatReg.Rnw’ using Sweave
    Loading required package: maxLik
    Loading required package: miscTools
    
    Please cite the 'maxLik' package as:
    Henningsen, Arne and Toomet, Ott (2011). maxLik: A package for maximum likelihood estimation in R. Computational Statistics 26(3), 443-458. DOI 10.1007/s00180-010-0217-1.
    
    If you have questions, suggestions, or comments regarding the 'maxLik' package, please use a forum or 'tracker' at maxLik's R-Forge site:
    https://r-forge.r-project.org/projects/maxlik/
    Error: processing vignette 'treatReg.Rnw' failed with diagnostics:
    Running 'texi2dvi' on 'treatReg.tex' failed.
    LaTeX errors:
    !pdfTeX error: pdflatex (file bbm10): Font bbm10 at 600 not found
     ==> Fatal error occurred, no output PDF file produced!
    --- failed re-building ‘treatReg.Rnw’
    
    SUMMARY: processing the following file failed:
     ‘treatReg.Rnw’
    
    Error: Vignette re-building failed.
    Execution halted
Flavor: r-oldrel-macos-x86_64