Last updated on 2021-01-16 02:50:20 CET.
Flavor | Version | Tinstall | Tcheck | Ttotal | Status | Flags |
---|---|---|---|---|---|---|
r-devel-linux-x86_64-debian-clang | 1.0 | 17.23 | 155.45 | 172.68 | NOTE | |
r-devel-linux-x86_64-debian-gcc | 1.0 | 15.73 | 120.93 | 136.66 | NOTE | |
r-devel-linux-x86_64-fedora-clang | 1.0 | 206.42 | NOTE | |||
r-devel-linux-x86_64-fedora-gcc | 1.0 | 198.62 | NOTE | |||
r-devel-windows-ix86+x86_64 | 1.0 | 34.00 | 166.00 | 200.00 | OK | |
r-patched-linux-x86_64 | 1.0 | 11.69 | 142.31 | 154.00 | NOTE | |
r-patched-solaris-x86 | 1.0 | 300.70 | NOTE | |||
r-release-linux-x86_64 | 1.0 | 11.78 | 140.85 | 152.63 | NOTE | |
r-release-macos-x86_64 | 1.0 | ERROR | ||||
r-release-windows-ix86+x86_64 | 1.0 | 34.00 | 139.00 | 173.00 | OK | |
r-oldrel-macos-x86_64 | 1.0 | ERROR | ||||
r-oldrel-windows-ix86+x86_64 | 1.0 | 24.00 | 120.00 | 144.00 | OK |
Version: 1.0
Check: for non-standard things in the check directory
Result: NOTE
Found the following files/directories:
'untitled_consensus_cluster'
Flavors: r-devel-linux-x86_64-debian-clang, r-devel-linux-x86_64-debian-gcc, r-devel-linux-x86_64-fedora-clang, r-devel-linux-x86_64-fedora-gcc, r-patched-linux-x86_64, r-patched-solaris-x86, r-release-linux-x86_64
Version: 1.0
Check: package dependencies
Result: ERROR
Packages required but not available: 'ALL', 'ConsensusClusterPlus'
See section ‘The DESCRIPTION file’ in the ‘Writing R Extensions’
manual.
Flavors: r-release-macos-x86_64, r-oldrel-macos-x86_64