CRAN Package Check Results for Package sdetorus

Last updated on 2023-03-30 02:50:53 CEST.

Flavor Version Tinstall Tcheck Ttotal Status Flags
r-devel-linux-x86_64-debian-clang 0.1.8 160.98 70.84 231.82 NOTE
r-devel-linux-x86_64-debian-gcc 0.1.8 133.74 53.11 186.85 NOTE
r-devel-linux-x86_64-fedora-clang 0.1.8 344.66 NOTE
r-devel-linux-x86_64-fedora-gcc 0.1.8 303.79 NOTE
r-patched-linux-x86_64 0.1.8 136.80 67.66 204.46 NOTE
r-release-linux-x86_64 0.1.8 134.11 62.67 196.78 OK
r-release-macos-arm64 0.1.8 72.00 NOTE
r-release-macos-x86_64 0.1.8 94.00 NOTE
r-release-windows-x86_64 0.1.8 167.00 124.00 291.00 OK
r-oldrel-macos-arm64 0.1.8 82.00 NOTE
r-oldrel-macos-x86_64 0.1.8 98.00 NOTE
r-oldrel-windows-ix86+x86_64 0.1.8 377.00 142.00 519.00 OK

Check Details

Version: 0.1.8
Check: C++ specification
Result: NOTE
     Specified C++11: please drop specification unless essential
Flavors: r-devel-linux-x86_64-debian-clang, r-devel-linux-x86_64-debian-gcc, r-devel-linux-x86_64-fedora-clang, r-devel-linux-x86_64-fedora-gcc, r-patched-linux-x86_64

Version: 0.1.8
Check: installed package size
Result: NOTE
     installed size is 10.2Mb
     sub-directories of 1Mb or more:
     libs 9.3Mb
Flavors: r-release-macos-arm64, r-release-macos-x86_64, r-oldrel-macos-arm64, r-oldrel-macos-x86_64