CRAN Package Check Results for Package secr

Last updated on 2020-11-28 02:49:08 CET.

Flavor Version Tinstall Tcheck Ttotal Status Flags
r-devel-linux-x86_64-debian-clang 4.3.1 417.82 319.32 737.14 NOTE
r-devel-linux-x86_64-debian-gcc 4.3.1 407.15 241.97 649.12 NOTE
r-devel-linux-x86_64-fedora-clang 4.3.1 839.28 NOTE
r-devel-linux-x86_64-fedora-gcc 4.3.1 799.59 NOTE
r-devel-windows-ix86+x86_64 4.3.1 748.00 405.00 1153.00 NOTE
r-patched-linux-x86_64 4.3.1 477.76 312.40 790.16 NOTE
r-patched-solaris-x86 4.3.1 817.80 NOTE
r-release-linux-x86_64 4.3.1 503.26 306.60 809.86 NOTE
r-release-macos-x86_64 4.3.1 NOTE
r-release-windows-ix86+x86_64 4.3.1 754.00 472.00 1226.00 NOTE
r-oldrel-macos-x86_64 4.3.1 NOTE
r-oldrel-windows-ix86+x86_64 4.3.1 685.00 488.00 1173.00 NOTE

Check Details

Version: 4.3.1
Check: for GNU extensions in Makefiles
Result: NOTE
    GNU make is a SystemRequirements.
Flavors: r-devel-linux-x86_64-debian-clang, r-devel-linux-x86_64-debian-gcc, r-devel-linux-x86_64-fedora-clang, r-devel-linux-x86_64-fedora-gcc, r-devel-windows-ix86+x86_64, r-patched-linux-x86_64, r-patched-solaris-x86, r-release-linux-x86_64, r-release-macos-x86_64, r-release-windows-ix86+x86_64, r-oldrel-macos-x86_64, r-oldrel-windows-ix86+x86_64

Version: 4.3.1
Check: installed package size
Result: NOTE
     installed size is 19.9Mb
     sub-directories of 1Mb or more:
     R 1.4Mb
     libs 16.9Mb
Flavors: r-devel-linux-x86_64-fedora-clang, r-devel-windows-ix86+x86_64, r-release-macos-x86_64, r-release-windows-ix86+x86_64, r-oldrel-macos-x86_64, r-oldrel-windows-ix86+x86_64