CRAN Package Check Results for Package seeds

Last updated on 2020-11-25 02:49:15 CET.

Flavor Version Tinstall Tcheck Ttotal Status Flags
r-devel-linux-x86_64-debian-clang 0.9.1 9.61 71.01 80.62 NOTE
r-devel-linux-x86_64-debian-gcc 0.9.1 6.95 56.33 63.28 NOTE
r-devel-linux-x86_64-fedora-clang 0.9.1 97.77 NOTE
r-devel-linux-x86_64-fedora-gcc 0.9.1 87.86 NOTE
r-devel-windows-ix86+x86_64 0.9.1 18.00 90.00 108.00 OK
r-patched-linux-x86_64 0.9.1 8.20 70.37 78.57 NOTE
r-patched-solaris-x86 0.9.1 113.40 NOTE
r-release-linux-x86_64 0.9.1 8.35 65.45 73.80 NOTE
r-release-macos-x86_64 0.9.1 NOTE
r-release-windows-ix86+x86_64 0.9.1 17.00 70.00 87.00 OK
r-oldrel-macos-x86_64 0.9.1 NOTE
r-oldrel-windows-ix86+x86_64 0.9.1 8.00 91.00 99.00 OK

Check Details

Version: 0.9.1
Check: package dependencies
Result: NOTE
    Package suggested but not available for checking: 'rsbml'
Flavors: r-devel-linux-x86_64-debian-clang, r-devel-linux-x86_64-debian-gcc, r-devel-linux-x86_64-fedora-clang, r-devel-linux-x86_64-fedora-gcc, r-patched-linux-x86_64, r-patched-solaris-x86, r-release-linux-x86_64, r-release-macos-x86_64, r-oldrel-macos-x86_64