CRAN Package Check Results for Package semantic.dashboard

Last updated on 2021-04-16 02:47:36 CEST.

Flavor Version Tinstall Tcheck Ttotal Status Flags
r-devel-linux-x86_64-debian-clang 0.2.0 3.61 33.43 37.04 NOTE
r-devel-linux-x86_64-debian-gcc 0.2.0 2.78 26.07 28.85 NOTE
r-devel-linux-x86_64-fedora-clang 0.2.0 56.69 NOTE
r-devel-linux-x86_64-fedora-gcc 0.2.0 42.44 NOTE
r-devel-windows-ix86+x86_64 0.2.0 8.00 43.00 51.00 NOTE
r-devel-windows-x86_64-gcc10-UCRT 0.2.0 NOTE
r-patched-linux-x86_64 0.2.0 3.52 31.84 35.36 OK
r-patched-solaris-x86 0.2.0 66.40 OK
r-release-linux-x86_64 0.2.0 3.36 31.63 34.99 OK
r-release-macos-x86_64 0.2.0 OK
r-release-windows-ix86+x86_64 0.2.0 33.00 60.00 93.00 OK
r-oldrel-macos-x86_64 0.2.0 OK
r-oldrel-windows-ix86+x86_64 0.2.0 6.00 35.00 41.00 OK

Check Details

Version: 0.2.0
Check: LazyData
Result: NOTE
     'LazyData' is specified without a 'data' directory
Flavors: r-devel-linux-x86_64-debian-clang, r-devel-linux-x86_64-debian-gcc, r-devel-linux-x86_64-fedora-clang, r-devel-linux-x86_64-fedora-gcc, r-devel-windows-ix86+x86_64, r-devel-windows-x86_64-gcc10-UCRT