Last updated on 2022-07-02 02:53:14 CEST.
Flavor | Version | Tinstall | Tcheck | Ttotal | Status | Flags |
---|---|---|---|---|---|---|
r-devel-linux-x86_64-debian-clang | 2.3.1 | 8.93 | 156.93 | 165.86 | OK | |
r-devel-linux-x86_64-debian-gcc | 2.3.1 | 7.74 | 114.30 | 122.04 | OK | |
r-devel-linux-x86_64-fedora-clang | 2.3.1 | 206.66 | NOTE | |||
r-devel-linux-x86_64-fedora-gcc | 2.3.1 | 233.86 | NOTE | |||
r-devel-windows-x86_64 | 2.3.1 | 52.00 | 259.00 | 311.00 | OK | |
r-patched-linux-x86_64 | 2.3.0 | 8.10 | 137.82 | 145.92 | OK | |
r-release-linux-x86_64 | 2.3.0 | 6.86 | 140.61 | 147.47 | OK | |
r-release-macos-arm64 | 2.3.1 | 140.00 | NOTE | |||
r-release-macos-x86_64 | 2.3.0 | 214.00 | NOTE | |||
r-release-windows-x86_64 | 2.3.0 | 57.00 | 394.00 | 451.00 | OK | |
r-oldrel-macos-arm64 | 2.3.1 | 126.00 | NOTE | |||
r-oldrel-macos-x86_64 | 2.3.0 | 176.00 | NOTE | |||
r-oldrel-windows-ix86+x86_64 | 2.3.0 | 18.00 | 428.00 | 446.00 | OK |
Version: 2.3.1
Check: dependencies in R code
Result: NOTE
Namespaces in Imports field not imported from:
‘knitr’ ‘rmarkdown’ ‘webp’
All declared Imports should be used.
Flavors: r-devel-linux-x86_64-fedora-clang, r-devel-linux-x86_64-fedora-gcc, r-release-macos-arm64, r-oldrel-macos-arm64
Version: 2.3.0
Check: dependencies in R code
Result: NOTE
Namespaces in Imports field not imported from:
‘knitr’ ‘rmarkdown’ ‘webp’
All declared Imports should be used.
Flavors: r-release-macos-x86_64, r-oldrel-macos-x86_64