CRAN Package Check Results for Package sen2r

Last updated on 2022-06-25 02:52:28 CEST.

Flavor Version Tinstall Tcheck Ttotal Status Flags
r-devel-linux-x86_64-debian-clang 1.5.1 52.66 471.90 524.56 OK
r-devel-linux-x86_64-debian-gcc 1.5.1 38.23 363.60 401.83 OK
r-devel-linux-x86_64-fedora-clang 1.5.1 627.56 OK
r-devel-linux-x86_64-fedora-gcc 1.5.1 623.08 OK
r-devel-windows-x86_64 1.5.1 109.00 550.00 659.00 OK
r-patched-linux-x86_64 1.5.1 58.26 457.70 515.96 OK
r-release-linux-x86_64 1.5.1 37.21 458.49 495.70 OK
r-release-macos-arm64 1.5.1 177.00 OK
r-release-macos-x86_64 1.5.1 204.00 ERROR
r-release-windows-x86_64 1.5.1 110.00 527.00 637.00 OK
r-oldrel-macos-arm64 1.5.1 124.00 OK
r-oldrel-macos-x86_64 1.5.1 199.00 OK
r-oldrel-windows-ix86+x86_64 1.5.1 120.00 546.00 666.00 OK

Check Details

Version: 1.5.1
Check: tests
Result: ERROR
     Running ‘spelling.R’ [0s/0s]
     Running ‘testthat.R’ [45s/45s]
    Running the tests in ‘tests/testthat.R’ failed.
    Last 13 lines of output:
     `actual`: FALSE
     `expected`: TRUE
     ── Error (test-s2_rgb.R:25:5): Tests on function s2_rgb() ──────────────────────
     Error in ``[.data.table`(exp_meta_r, , c("size.x", "size.y"))`: column(s) not found: size.x, size.y
     Backtrace:
     ▆
     1. ├─testthat::expect_equal(...) at test-s2_rgb.R:25:4
     2. │ └─testthat::quasi_label(enquo(object), label, arg = "object")
     3. │ └─rlang::eval_bare(expr, quo_get_env(quo))
     4. ├─exp_meta_r[, c("size.x", "size.y")]
     5. └─data.table:::`[.data.table`(exp_meta_r, , c("size.x", "size.y"))
    
     [ FAIL 3 | WARN 6 | SKIP 19 | PASS 239 ]
     Error: Test failures
     Execution halted
Flavor: r-release-macos-x86_64