CRAN Package Check Results for Package sequences

Last updated on 2022-06-29 02:55:22 CEST.

Flavor Version Tinstall Tcheck Ttotal Status Flags
r-devel-linux-x86_64-debian-clang 0.5.9 12.72 38.76 51.48 OK
r-devel-linux-x86_64-debian-gcc 0.5.9 10.85 30.94 41.79 OK
r-devel-linux-x86_64-fedora-clang 0.5.9 80.34 NOTE
r-devel-linux-x86_64-fedora-gcc 0.5.9 77.19 NOTE
r-devel-windows-x86_64 0.5.9 57.00 93.00 150.00 OK
r-patched-linux-x86_64 0.5.9 13.16 37.84 51.00 OK
r-release-linux-x86_64 0.5.9 11.52 38.25 49.77 OK
r-release-macos-arm64 0.5.9 26.00 OK
r-release-macos-x86_64 0.5.9 36.00 OK
r-release-windows-x86_64 0.5.9 56.00 97.00 153.00 OK
r-oldrel-macos-arm64 0.5.9 38.00 OK
r-oldrel-macos-x86_64 0.5.9 49.00 OK
r-oldrel-windows-ix86+x86_64 0.5.9 39.00 97.00 136.00 OK

Check Details

Version: 0.5.9
Check: compiled code
Result: NOTE
    File ‘sequences/libs/sequences.so’:
     Found no calls to: ‘R_registerRoutines’, ‘R_useDynamicSymbols’
    
    It is good practice to register native routines and to disable symbol
    search.
    
    See ‘Writing portable packages’ in the ‘Writing R Extensions’ manual.
Flavors: r-devel-linux-x86_64-fedora-clang, r-devel-linux-x86_64-fedora-gcc