CRAN Package Check Results for Package shinyAce

Last updated on 2022-11-29 01:52:19 CET.

Flavor Version Tinstall Tcheck Ttotal Status Flags
r-devel-linux-x86_64-debian-clang 0.4.2 4.74 48.69 53.43 OK
r-devel-linux-x86_64-debian-gcc 0.4.2 4.91 38.69 43.60 OK
r-devel-linux-x86_64-fedora-clang 0.4.2 78.61 NOTE
r-devel-linux-x86_64-fedora-gcc 0.4.2 86.58 OK
r-devel-windows-x86_64 0.4.2 141.00 86.00 227.00 NOTE
r-patched-linux-x86_64 0.4.2 5.11 47.81 52.92 OK
r-release-linux-x86_64 0.4.2 5.31 47.58 52.89 OK
r-release-macos-arm64 0.4.2 28.00 NOTE
r-release-macos-x86_64 0.4.2 40.00 NOTE
r-release-windows-x86_64 0.4.2 140.00 87.00 227.00 NOTE
r-oldrel-macos-arm64 0.4.2 29.00 NOTE
r-oldrel-macos-x86_64 0.4.2 42.00 NOTE
r-oldrel-windows-ix86+x86_64 0.4.2 14.00 71.00 85.00 NOTE

Check Details

Version: 0.4.2
Check: installed package size
Result: NOTE
     installed size is 8.1Mb
     sub-directories of 1Mb or more:
     www 7.7Mb
Flavors: r-devel-linux-x86_64-fedora-clang, r-devel-windows-x86_64, r-release-macos-arm64, r-release-macos-x86_64, r-release-windows-x86_64, r-oldrel-macos-arm64, r-oldrel-macos-x86_64, r-oldrel-windows-ix86+x86_64