CRAN Package Check Results for Package shinyTime

Last updated on 2021-04-16 02:47:37 CEST.

Flavor Version Tinstall Tcheck Ttotal Status Flags
r-devel-linux-x86_64-debian-clang 1.0.1 3.00 34.17 37.17 NOTE
r-devel-linux-x86_64-debian-gcc 1.0.1 2.50 26.99 29.49 NOTE
r-devel-linux-x86_64-fedora-clang 1.0.1 57.51 NOTE
r-devel-linux-x86_64-fedora-gcc 1.0.1 44.19 NOTE
r-devel-windows-ix86+x86_64 1.0.1 10.00 45.00 55.00 NOTE
r-devel-windows-x86_64-gcc10-UCRT NOTE
r-patched-linux-x86_64 1.0.1 3.34 32.81 36.15 OK
r-patched-solaris-x86 1.0.1 71.10 OK
r-release-linux-x86_64 1.0.1 2.98 33.19 36.17 OK
r-release-macos-x86_64 1.0.1 OK
r-release-windows-ix86+x86_64 1.0.1 28.00 58.00 86.00 OK
r-oldrel-macos-x86_64 1.0.1 OK
r-oldrel-windows-ix86+x86_64 1.0.1 7.00 38.00 45.00 OK

Check Details

Version: 1.0.1
Check: LazyData
Result: NOTE
     'LazyData' is specified without a 'data' directory
Flavors: r-devel-linux-x86_64-debian-clang, r-devel-linux-x86_64-debian-gcc, r-devel-linux-x86_64-fedora-clang, r-devel-linux-x86_64-fedora-gcc, r-devel-windows-ix86+x86_64, r-devel-windows-x86_64-gcc10-UCRT