CRAN Package Check Results for Package shinyglide

Last updated on 2021-04-16 02:47:37 CEST.

Flavor Version Tinstall Tcheck Ttotal Status Flags
r-devel-linux-x86_64-debian-clang 0.1.2 3.72 37.43 41.15 NOTE
r-devel-linux-x86_64-debian-gcc 0.1.2 2.78 29.28 32.06 NOTE
r-devel-linux-x86_64-fedora-clang 0.1.2 60.30 NOTE
r-devel-linux-x86_64-fedora-gcc 0.1.2 48.88 NOTE
r-devel-windows-ix86+x86_64 0.1.2 11.00 50.00 61.00 NOTE
r-devel-windows-x86_64-gcc10-UCRT 0.1.2 NOTE
r-patched-linux-x86_64 0.1.2 3.49 36.20 39.69 OK
r-patched-solaris-x86 0.1.2 74.60 OK
r-release-linux-x86_64 0.1.2 3.73 36.45 40.18 OK
r-release-macos-x86_64 0.1.2 OK
r-release-windows-ix86+x86_64 0.1.2 21.00 67.00 88.00 OK
r-oldrel-macos-x86_64 0.1.2 OK
r-oldrel-windows-ix86+x86_64 0.1.2 8.00 43.00 51.00 OK

Check Details

Version: 0.1.2
Check: LazyData
Result: NOTE
     'LazyData' is specified without a 'data' directory
Flavors: r-devel-linux-x86_64-debian-clang, r-devel-linux-x86_64-debian-gcc, r-devel-linux-x86_64-fedora-clang, r-devel-linux-x86_64-fedora-gcc, r-devel-windows-ix86+x86_64, r-devel-windows-x86_64-gcc10-UCRT