CRAN Package Check Results for Package shinyr

Last updated on 2022-10-05 05:57:15 CEST.

Flavor Version Tinstall Tcheck Ttotal Status Flags
r-devel-linux-x86_64-debian-clang 0.3.0 19.06 167.15 186.21 OK
r-devel-linux-x86_64-debian-gcc 0.3.0 15.58 123.98 139.56 OK
r-devel-linux-x86_64-fedora-clang 0.3.0 246.08 NOTE
r-devel-linux-x86_64-fedora-gcc 0.3.0 221.49 NOTE
r-devel-windows-x86_64 0.3.0 49.00 197.00 246.00 OK
r-patched-linux-x86_64 0.3.0 17.01 153.39 170.40 OK
r-release-linux-x86_64 0.3.0 19.55 157.04 176.59 OK
r-release-macos-arm64 0.3.0 62.00 NOTE
r-release-macos-x86_64 0.3.0 110.00 NOTE
r-release-windows-x86_64 0.3.0 44.00 198.00 242.00 OK
r-oldrel-macos-arm64 0.3.0 65.00 NOTE
r-oldrel-macos-x86_64 0.3.0 81.00 NOTE
r-oldrel-windows-ix86+x86_64 0.3.0 42.00 176.00 218.00 OK

Check Details

Version: 0.3.0
Check: dependencies in R code
Result: NOTE
    Namespaces in Imports field not imported from:
     ‘e1071’ ‘knitr’
     All declared Imports should be used.
Flavors: r-devel-linux-x86_64-fedora-clang, r-devel-linux-x86_64-fedora-gcc, r-release-macos-arm64, r-release-macos-x86_64, r-oldrel-macos-arm64, r-oldrel-macos-x86_64