Last updated on 2021-01-25 02:46:47 CET.
Flavor | Version | Tinstall | Tcheck | Ttotal | Status | Flags |
---|---|---|---|---|---|---|
r-devel-linux-x86_64-debian-clang | 4.0.3 | 12.84 | 112.84 | 125.68 | NOTE | |
r-devel-linux-x86_64-debian-gcc | 4.0.3 | 10.86 | 81.45 | 92.31 | NOTE | |
r-devel-linux-x86_64-fedora-clang | 4.0.3 | 157.34 | NOTE | |||
r-devel-linux-x86_64-fedora-gcc | 4.0.3 | 141.83 | NOTE | |||
r-devel-windows-ix86+x86_64 | 4.0.3 | 28.00 | 145.00 | 173.00 | OK | |
r-patched-linux-x86_64 | 4.0.3 | 12.33 | 104.57 | 116.90 | NOTE | |
r-patched-solaris-x86 | 4.0.3 | 182.80 | NOTE | |||
r-release-linux-x86_64 | 4.0.3 | 11.98 | 104.23 | 116.21 | NOTE | |
r-release-macos-x86_64 | 4.0.3 | OK | ||||
r-release-windows-ix86+x86_64 | 4.0.3 | 27.00 | 131.00 | 158.00 | OK | |
r-oldrel-macos-x86_64 | 4.0.3 | OK | ||||
r-oldrel-windows-ix86+x86_64 | 4.0.3 | 19.00 | 131.00 | 150.00 | OK |
Version: 4.0.3
Check: for non-standard things in the check directory
Result: NOTE
Found the following files/directories:
'3_FindHaplo_Example2_modified.txt'
'4_Example3_HapPerPop_Weighted.txt'
'4_Example3_IndelDistanceMatrixMullerMod.txt'
'4_FindHaplo_Example2_modified.txt' 'FindHaplo.txt'
'Haplotypes_DefaultNames.txt' 'Haplotypes_sequentialNames.txt'
'Interaction.txt' 'Modules_summary.txt'
'NINA.ThresholdEstimation.txt' 'NINA_Network.pdf' 'Network.pdf'
'PercThr Estimation.pdf' 'PercThresholdEstimation.txt'
'PercolatedNetwork.pdf' 'PopulationDistances.r.txt' 'Weighted.txt'
'ex1.fas' 'ex2.2.fas' 'ex2.fas' 'ex2_unique.fas' 'ex3.fas'
'simulated_sequences_rep1.fas' 'simulated_sequences_rep2.fas'
'simulated_sequences_tips_rep1.fas'
'simulated_sequences_tips_rep2.fas'
Flavors: r-devel-linux-x86_64-debian-clang, r-devel-linux-x86_64-debian-gcc, r-devel-linux-x86_64-fedora-clang, r-devel-linux-x86_64-fedora-gcc, r-patched-linux-x86_64, r-patched-solaris-x86, r-release-linux-x86_64