CRAN Package Check Results for Package simr

Last updated on 2020-11-28 02:49:09 CET.

Flavor Version Tinstall Tcheck Ttotal Status Flags
r-devel-linux-x86_64-debian-clang 1.0.5 13.30 204.85 218.15 ERROR
r-devel-linux-x86_64-debian-gcc 1.0.5 11.80 148.90 160.70 ERROR
r-devel-linux-x86_64-fedora-clang 1.0.5 249.40 ERROR
r-devel-linux-x86_64-fedora-gcc 1.0.5 265.04 ERROR
r-devel-windows-ix86+x86_64 1.0.5 28.00 176.00 204.00 ERROR
r-patched-linux-x86_64 1.0.5 11.30 196.28 207.58 ERROR
r-patched-solaris-x86 1.0.5 321.50 ERROR
r-release-linux-x86_64 1.0.5 12.28 196.41 208.69 ERROR
r-release-macos-x86_64 1.0.5 OK
r-release-windows-ix86+x86_64 1.0.5 31.00 168.00 199.00 ERROR
r-oldrel-macos-x86_64 1.0.5 OK
r-oldrel-windows-ix86+x86_64 1.0.5 18.00 212.00 230.00 ERROR

Check Details

Version: 1.0.5
Check: tests
Result: ERROR
     Running 'test-all.R' [44s/83s]
    Running the tests in 'tests/test-all.R' failed.
    Complete output:
     > if(require(testthat)) {
     +
     + test_check("simr")
     + }
     Loading required package: testthat
     Loading required package: simr
     Loading required package: lme4
     Loading required package: Matrix
    
     Attaching package: 'simr'
    
     The following object is masked from 'package:lme4':
    
     getData
    
     The following object is masked from 'package:testthat':
    
     compare
    
     boundary (singular) fit: see ?isSingular
     -- ERROR (test_binomial.R:17:5): binomial with binary response works -----------
     Error: No applicable method for LHS of type 'logical'.
     Backtrace:
     x
     1. +-simr::doSim(glmm_bin1) test_binomial.R:17:4
     2. \-simr:::doSim.merMod(glmm_bin1)
     3. +-stats::simulate(...)
     4. +-lme4::simulate.formula(...)
     5. | \-base::eval(cl, parent.frame())
     6. | \-base::eval(cl, parent.frame())
     7. +-stats::simulate(...)
     8. \-lme4:::simulate.formula_lhs(...)
    
     == testthat results ===========================================================
     ERROR (test_binomial.R:17:5): binomial with binary response works
    
     [ FAIL 1 | WARN 0 | SKIP 0 | PASS 113 ]
     Error: Test failures
     Execution halted
Flavor: r-devel-linux-x86_64-debian-clang

Version: 1.0.5
Check: tests
Result: ERROR
     Running ‘test-all.R’ [32s/48s]
    Running the tests in ‘tests/test-all.R’ failed.
    Complete output:
     > if(require(testthat)) {
     +
     + test_check("simr")
     + }
     Loading required package: testthat
     Loading required package: simr
     Loading required package: lme4
     Loading required package: Matrix
    
     Attaching package: 'simr'
    
     The following object is masked from 'package:lme4':
    
     getData
    
     The following object is masked from 'package:testthat':
    
     compare
    
     boundary (singular) fit: see ?isSingular
     ── ERROR (test_binomial.R:17:5): binomial with binary response works ───────────
     Error: No applicable method for LHS of type 'logical'.
     Backtrace:
     █
     1. ├─simr::doSim(glmm_bin1) test_binomial.R:17:4
     2. └─simr:::doSim.merMod(glmm_bin1)
     3. ├─stats::simulate(...)
     4. ├─lme4::simulate.formula(...)
     5. │ └─base::eval(cl, parent.frame())
     6. │ └─base::eval(cl, parent.frame())
     7. ├─stats::simulate(...)
     8. └─lme4:::simulate.formula_lhs(...)
    
     ══ testthat results ═══════════════════════════════════════════════════════════
     ERROR (test_binomial.R:17:5): binomial with binary response works
    
     [ FAIL 1 | WARN 0 | SKIP 0 | PASS 113 ]
     Error: Test failures
     Execution halted
Flavor: r-devel-linux-x86_64-debian-gcc

Version: 1.0.5
Check: tests
Result: ERROR
     Running ‘test-all.R’ [48s/64s]
    Running the tests in ‘tests/test-all.R’ failed.
    Complete output:
     > if(require(testthat)) {
     +
     + test_check("simr")
     + }
     Loading required package: testthat
     Loading required package: simr
     Loading required package: lme4
     Loading required package: Matrix
    
     Attaching package: 'simr'
    
     The following object is masked from 'package:lme4':
    
     getData
    
     The following object is masked from 'package:testthat':
    
     compare
    
     boundary (singular) fit: see ?isSingular
     ── ERROR (test_binomial.R:17:5): binomial with binary response works ───────────
     Error: No applicable method for LHS of type 'logical'.
     Backtrace:
     █
     1. ├─simr::doSim(glmm_bin1) test_binomial.R:17:4
     2. └─simr:::doSim.merMod(glmm_bin1)
     3. ├─stats::simulate(...)
     4. ├─lme4::simulate.formula(...)
     5. │ └─base::eval(cl, parent.frame())
     6. │ └─base::eval(cl, parent.frame())
     7. ├─stats::simulate(...)
     8. └─lme4:::simulate.formula_lhs(...)
    
     ══ testthat results ═══════════════════════════════════════════════════════════
     ERROR (test_binomial.R:17:5): binomial with binary response works
    
     [ FAIL 1 | WARN 0 | SKIP 0 | PASS 113 ]
     Error: Test failures
     Execution halted
Flavor: r-devel-linux-x86_64-fedora-clang

Version: 1.0.5
Check: tests
Result: ERROR
     Running ‘test-all.R’ [57s/141s]
    Running the tests in ‘tests/test-all.R’ failed.
    Complete output:
     > if(require(testthat)) {
     +
     + test_check("simr")
     + }
     Loading required package: testthat
     Loading required package: simr
     Loading required package: lme4
     Loading required package: Matrix
    
     Attaching package: 'simr'
    
     The following object is masked from 'package:lme4':
    
     getData
    
     The following object is masked from 'package:testthat':
    
     compare
    
     boundary (singular) fit: see ?isSingular
     ── ERROR (test_binomial.R:17:5): binomial with binary response works ───────────
     Error: No applicable method for LHS of type 'logical'.
     Backtrace:
     █
     1. ├─simr::doSim(glmm_bin1) test_binomial.R:17:4
     2. └─simr:::doSim.merMod(glmm_bin1)
     3. ├─stats::simulate(...)
     4. ├─lme4::simulate.formula(...)
     5. │ └─base::eval(cl, parent.frame())
     6. │ └─base::eval(cl, parent.frame())
     7. ├─stats::simulate(...)
     8. └─lme4:::simulate.formula_lhs(...)
    
     ══ testthat results ═══════════════════════════════════════════════════════════
     ERROR (test_binomial.R:17:5): binomial with binary response works
    
     [ FAIL 1 | WARN 0 | SKIP 0 | PASS 113 ]
     Error: Test failures
     Execution halted
Flavor: r-devel-linux-x86_64-fedora-gcc

Version: 1.0.5
Check: tests
Result: ERROR
     Running 'test-all.R' [36s]
    Running the tests in 'tests/test-all.R' failed.
    Complete output:
     > if(require(testthat)) {
     +
     + test_check("simr")
     + }
     Loading required package: testthat
     Loading required package: simr
     Loading required package: lme4
     Loading required package: Matrix
    
     Attaching package: 'simr'
    
     The following object is masked from 'package:lme4':
    
     getData
    
     The following object is masked from 'package:testthat':
    
     compare
    
     boundary (singular) fit: see ?isSingular
     -- ERROR (test_binomial.R:17:5): binomial with binary response works -----------
     Error: No applicable method for LHS of type 'logical'.
     Backtrace:
     x
     1. +-simr::doSim(glmm_bin1) test_binomial.R:17:4
     2. \-simr:::doSim.merMod(glmm_bin1)
     3. +-stats::simulate(...)
     4. +-lme4::simulate.formula(...)
     5. | \-base::eval(cl, parent.frame())
     6. | \-base::eval(cl, parent.frame())
     7. +-stats::simulate(...)
     8. \-lme4:::simulate.formula_lhs(...)
    
     == testthat results ===========================================================
     ERROR (test_binomial.R:17:5): binomial with binary response works
    
     [ FAIL 1 | WARN 0 | SKIP 0 | PASS 113 ]
     Error: Test failures
     Execution halted
Flavor: r-devel-windows-ix86+x86_64

Version: 1.0.5
Check: tests
Result: ERROR
     Running ‘test-all.R’ [44s/77s]
    Running the tests in ‘tests/test-all.R’ failed.
    Complete output:
     > if(require(testthat)) {
     +
     + test_check("simr")
     + }
     Loading required package: testthat
     Loading required package: simr
     Loading required package: lme4
     Loading required package: Matrix
    
     Attaching package: 'simr'
    
     The following object is masked from 'package:lme4':
    
     getData
    
     The following object is masked from 'package:testthat':
    
     compare
    
     boundary (singular) fit: see ?isSingular
     ── ERROR (test_binomial.R:17:5): binomial with binary response works ───────────
     Error: No applicable method for LHS of type 'logical'.
     Backtrace:
     █
     1. ├─simr::doSim(glmm_bin1) test_binomial.R:17:4
     2. └─simr:::doSim.merMod(glmm_bin1)
     3. ├─stats::simulate(...)
     4. ├─lme4::simulate.formula(...)
     5. │ └─base::eval(cl, parent.frame())
     6. │ └─base::eval(cl, parent.frame())
     7. ├─stats::simulate(...)
     8. └─lme4:::simulate.formula_lhs(...)
    
     ══ testthat results ═══════════════════════════════════════════════════════════
     ERROR (test_binomial.R:17:5): binomial with binary response works
    
     [ FAIL 1 | WARN 0 | SKIP 0 | PASS 113 ]
     Error: Test failures
     Execution halted
Flavor: r-patched-linux-x86_64

Version: 1.0.5
Check: tests
Result: ERROR
     Running ‘test-all.R’ [57s/57s]
    Running the tests in ‘tests/test-all.R’ failed.
    Complete output:
     > if(require(testthat)) {
     +
     + test_check("simr")
     + }
     Loading required package: testthat
     Loading required package: simr
     Loading required package: lme4
     Loading required package: Matrix
    
     Attaching package: 'simr'
    
     The following object is masked from 'package:lme4':
    
     getData
    
     The following object is masked from 'package:testthat':
    
     compare
    
     boundary (singular) fit: see ?isSingular
     ── ERROR (test_binomial.R:17:5): binomial with binary response works ───────────
     Error: No applicable method for LHS of type 'logical'.
     Backtrace:
     █
     1. ├─simr::doSim(glmm_bin1) test_binomial.R:17:4
     2. └─simr:::doSim.merMod(glmm_bin1)
     3. ├─stats::simulate(...)
     4. ├─lme4::simulate.formula(...)
     5. │ └─base::eval(cl, parent.frame())
     6. │ └─base::eval(cl, parent.frame())
     7. ├─stats::simulate(...)
     8. └─lme4:::simulate.formula_lhs(...)
    
     ══ testthat results ═══════════════════════════════════════════════════════════
     ERROR (test_binomial.R:17:5): binomial with binary response works
    
     [ FAIL 1 | WARN 0 | SKIP 0 | PASS 113 ]
     Error: Test failures
     Execution halted
Flavor: r-patched-solaris-x86

Version: 1.0.5
Check: tests
Result: ERROR
     Running ‘test-all.R’ [45s/86s]
    Running the tests in ‘tests/test-all.R’ failed.
    Complete output:
     > if(require(testthat)) {
     +
     + test_check("simr")
     + }
     Loading required package: testthat
     Loading required package: simr
     Loading required package: lme4
     Loading required package: Matrix
    
     Attaching package: 'simr'
    
     The following object is masked from 'package:lme4':
    
     getData
    
     The following object is masked from 'package:testthat':
    
     compare
    
     boundary (singular) fit: see ?isSingular
     ── ERROR (test_binomial.R:17:5): binomial with binary response works ───────────
     Error: No applicable method for LHS of type 'logical'.
     Backtrace:
     █
     1. ├─simr::doSim(glmm_bin1) test_binomial.R:17:4
     2. └─simr:::doSim.merMod(glmm_bin1)
     3. ├─stats::simulate(...)
     4. ├─lme4::simulate.formula(...)
     5. │ └─base::eval(cl, parent.frame())
     6. │ └─base::eval(cl, parent.frame())
     7. ├─stats::simulate(...)
     8. └─lme4:::simulate.formula_lhs(...)
    
     ══ testthat results ═══════════════════════════════════════════════════════════
     ERROR (test_binomial.R:17:5): binomial with binary response works
    
     [ FAIL 1 | WARN 0 | SKIP 0 | PASS 113 ]
     Error: Test failures
     Execution halted
Flavor: r-release-linux-x86_64

Version: 1.0.5
Check: tests
Result: ERROR
     Running 'test-all.R' [34s]
    Running the tests in 'tests/test-all.R' failed.
    Complete output:
     > if(require(testthat)) {
     +
     + test_check("simr")
     + }
     Loading required package: testthat
     Loading required package: simr
     Loading required package: lme4
     Loading required package: Matrix
    
     Attaching package: 'simr'
    
     The following object is masked from 'package:lme4':
    
     getData
    
     The following object is masked from 'package:testthat':
    
     compare
    
     boundary (singular) fit: see ?isSingular
     -- ERROR (test_binomial.R:17:5): binomial with binary response works -----------
     Error: No applicable method for LHS of type 'logical'.
     Backtrace:
     x
     1. +-simr::doSim(glmm_bin1) test_binomial.R:17:4
     2. \-simr:::doSim.merMod(glmm_bin1)
     3. +-stats::simulate(...)
     4. +-lme4::simulate.formula(...)
     5. | \-base::eval(cl, parent.frame())
     6. | \-base::eval(cl, parent.frame())
     7. +-stats::simulate(...)
     8. \-lme4:::simulate.formula_lhs(...)
    
     == testthat results ===========================================================
     ERROR (test_binomial.R:17:5): binomial with binary response works
    
     [ FAIL 1 | WARN 0 | SKIP 0 | PASS 113 ]
     Error: Test failures
     Execution halted
Flavor: r-release-windows-ix86+x86_64

Version: 1.0.5
Check: tests
Result: ERROR
     Running 'test-all.R' [45s]
    Running the tests in 'tests/test-all.R' failed.
    Complete output:
     > if(require(testthat)) {
     +
     + test_check("simr")
     + }
     Loading required package: testthat
     Loading required package: simr
     Loading required package: lme4
     Loading required package: Matrix
    
     Attaching package: 'simr'
    
     The following object is masked from 'package:lme4':
    
     getData
    
     The following object is masked from 'package:testthat':
    
     compare
    
     boundary (singular) fit: see ?isSingular
     -- ERROR (test_binomial.R:17:5): binomial with binary response works -----------
     Error: No applicable method for LHS of type 'logical'.
     Backtrace:
     x
     1. +-simr::doSim(glmm_bin1) test_binomial.R:17:4
     2. \-simr:::doSim.merMod(glmm_bin1)
     3. +-stats::simulate(...)
     4. +-lme4::simulate.formula(...)
     5. | \-base::eval(cl, parent.frame())
     6. | \-base::eval(cl, parent.frame())
     7. +-stats::simulate(...)
     8. \-lme4:::simulate.formula_lhs(...)
    
     == testthat results ===========================================================
     ERROR (test_binomial.R:17:5): binomial with binary response works
    
     [ FAIL 1 | WARN 0 | SKIP 0 | PASS 113 ]
     Error: Test failures
     Execution halted
Flavor: r-oldrel-windows-ix86+x86_64