CRAN Package Check Results for Package simr

Last updated on 2023-03-31 03:52:43 CEST.

Flavor Version Tinstall Tcheck Ttotal Status Flags
r-devel-linux-x86_64-debian-clang 1.0.6 15.15 224.54 239.69 ERROR
r-devel-linux-x86_64-debian-gcc 1.0.6 12.43 165.11 177.54 ERROR
r-devel-linux-x86_64-fedora-clang 1.0.6 307.14 ERROR
r-devel-linux-x86_64-fedora-gcc 1.0.6 311.28 ERROR
r-patched-linux-x86_64 1.0.6 20.62 207.80 228.42 ERROR
r-release-linux-x86_64 1.0.6 11.34 212.92 224.26 OK
r-release-macos-arm64 1.0.6 74.00 OK
r-release-macos-x86_64 1.0.6 125.00 OK
r-release-windows-x86_64 1.0.6 39.00 261.00 300.00 OK
r-oldrel-macos-arm64 1.0.6 72.00 OK
r-oldrel-macos-x86_64 1.0.6 96.00 OK
r-oldrel-windows-ix86+x86_64 1.0.6 32.00 250.00 282.00 OK

Check Details

Version: 1.0.6
Check: tests
Result: ERROR
     Running ‘test-all.R’ [48s/56s]
    Running the tests in ‘tests/test-all.R’ failed.
    Complete output:
     > if(require(testthat)) {
     +
     + test_check("simr")
     + }
     Loading required package: testthat
     Loading required package: simr
     Loading required package: lme4
     Loading required package: Matrix
    
     Attaching package: 'simr'
    
     The following object is masked from 'package:lme4':
    
     getData
    
     The following object is masked from 'package:testthat':
    
     compare
    
     boundary (singular) fit: see help('isSingular')
     [ FAIL 1 | WARN 0 | SKIP 0 | PASS 113 ]
    
     ══ Failed tests ════════════════════════════════════════════════════════════════
     ── Failure ('test_modify.R:12:5'): errors are thrown ───────────────────────────
     `sigma(fglm) <- 8` did not throw an error.
    
     [ FAIL 1 | WARN 0 | SKIP 0 | PASS 113 ]
     Error: Test failures
     Execution halted
Flavor: r-devel-linux-x86_64-debian-clang

Version: 1.0.6
Check: tests
Result: ERROR
     Running ‘test-all.R’ [35s/55s]
    Running the tests in ‘tests/test-all.R’ failed.
    Complete output:
     > if(require(testthat)) {
     +
     + test_check("simr")
     + }
     Loading required package: testthat
     Loading required package: simr
     Loading required package: lme4
     Loading required package: Matrix
    
     Attaching package: 'simr'
    
     The following object is masked from 'package:lme4':
    
     getData
    
     The following object is masked from 'package:testthat':
    
     compare
    
     boundary (singular) fit: see help('isSingular')
     [ FAIL 1 | WARN 0 | SKIP 0 | PASS 113 ]
    
     ══ Failed tests ════════════════════════════════════════════════════════════════
     ── Failure ('test_modify.R:12:5'): errors are thrown ───────────────────────────
     `sigma(fglm) <- 8` did not throw an error.
    
     [ FAIL 1 | WARN 0 | SKIP 0 | PASS 113 ]
     Error: Test failures
     Execution halted
Flavor: r-devel-linux-x86_64-debian-gcc

Version: 1.0.6
Check: tests
Result: ERROR
     Running ‘test-all.R’ [60s/144s]
    Running the tests in ‘tests/test-all.R’ failed.
    Complete output:
     > if(require(testthat)) {
     +
     + test_check("simr")
     + }
     Loading required package: testthat
     Loading required package: simr
     Loading required package: lme4
     Loading required package: Matrix
    
     Attaching package: 'simr'
    
     The following object is masked from 'package:lme4':
    
     getData
    
     The following object is masked from 'package:testthat':
    
     compare
    
     boundary (singular) fit: see help('isSingular')
     [ FAIL 1 | WARN 0 | SKIP 0 | PASS 113 ]
    
     ══ Failed tests ════════════════════════════════════════════════════════════════
     ── Failure ('test_modify.R:12:5'): errors are thrown ───────────────────────────
     `sigma(fglm) <- 8` did not throw an error.
    
     [ FAIL 1 | WARN 0 | SKIP 0 | PASS 113 ]
     Error: Test failures
     Execution halted
Flavor: r-devel-linux-x86_64-fedora-clang

Version: 1.0.6
Check: tests
Result: ERROR
     Running ‘test-all.R’ [59s/129s]
    Running the tests in ‘tests/test-all.R’ failed.
    Complete output:
     > if(require(testthat)) {
     +
     + test_check("simr")
     + }
     Loading required package: testthat
     Loading required package: simr
     Loading required package: lme4
     Loading required package: Matrix
    
     Attaching package: 'simr'
    
     The following object is masked from 'package:lme4':
    
     getData
    
     The following object is masked from 'package:testthat':
    
     compare
    
     boundary (singular) fit: see help('isSingular')
     [ FAIL 1 | WARN 0 | SKIP 0 | PASS 113 ]
    
     ══ Failed tests ════════════════════════════════════════════════════════════════
     ── Failure ('test_modify.R:12:5'): errors are thrown ───────────────────────────
     `sigma(fglm) <- 8` did not throw an error.
    
     [ FAIL 1 | WARN 0 | SKIP 0 | PASS 113 ]
     Error: Test failures
     Execution halted
Flavor: r-devel-linux-x86_64-fedora-gcc

Version: 1.0.6
Check: tests
Result: ERROR
     Running ‘test-all.R’ [45s/53s]
    Running the tests in ‘tests/test-all.R’ failed.
    Complete output:
     > if(require(testthat)) {
     +
     + test_check("simr")
     + }
     Loading required package: testthat
     Loading required package: simr
     Loading required package: lme4
     Loading required package: Matrix
    
     Attaching package: 'simr'
    
     The following object is masked from 'package:lme4':
    
     getData
    
     The following object is masked from 'package:testthat':
    
     compare
    
     boundary (singular) fit: see help('isSingular')
     [ FAIL 1 | WARN 0 | SKIP 0 | PASS 113 ]
    
     ══ Failed tests ════════════════════════════════════════════════════════════════
     ── Failure ('test_modify.R:12:5'): errors are thrown ───────────────────────────
     `sigma(fglm) <- 8` did not throw an error.
    
     [ FAIL 1 | WARN 0 | SKIP 0 | PASS 113 ]
     Error: Test failures
     Execution halted
Flavor: r-patched-linux-x86_64