CRAN Package Check Results for Package sistec

Last updated on 2020-11-29 02:46:48 CET.

Flavor Version Tinstall Tcheck Ttotal Status Flags
r-devel-linux-x86_64-debian-clang 0.2.0 9.63 53.56 63.19 OK
r-devel-linux-x86_64-debian-gcc 0.2.0 5.13 42.88 48.01 OK
r-devel-linux-x86_64-fedora-clang 0.2.0 78.27 NOTE
r-devel-linux-x86_64-fedora-gcc 0.2.0 74.35 NOTE
r-devel-windows-ix86+x86_64 0.2.0 16.00 73.00 89.00 OK
r-patched-linux-x86_64 0.2.0 7.55 56.73 64.28 OK
r-patched-solaris-x86 0.2.0 99.10 NOTE
r-release-linux-x86_64 0.2.0 7.01 55.62 62.63 OK
r-release-macos-x86_64 0.2.0 NOTE
r-release-windows-ix86+x86_64 0.2.0 12.00 54.00 66.00 OK
r-oldrel-macos-x86_64 0.2.0 NOTE
r-oldrel-windows-ix86+x86_64 0.2.0 11.00 60.00 71.00 OK

Check Details

Version: 0.2.0
Check: dependencies in R code
Result: NOTE
    Namespace in Imports field not imported from: ‘stringi’
     All declared Imports should be used.
Flavors: r-devel-linux-x86_64-fedora-clang, r-devel-linux-x86_64-fedora-gcc, r-patched-solaris-x86, r-release-macos-x86_64

Version: 0.2.0
Check: dependencies in R code
Result: NOTE
    No protocol specified
    No protocol specified
    Namespace in Imports field not imported from: ‘stringi’
     All declared Imports should be used.
Flavor: r-oldrel-macos-x86_64