CRAN Package Check Results for Package sjmisc

Last updated on 2020-12-01 02:49:01 CET.

Flavor Version Tinstall Tcheck Ttotal Status Flags
r-devel-linux-x86_64-debian-clang 2.8.5 12.02 118.04 130.06 OK
r-devel-linux-x86_64-debian-gcc 2.8.5 8.40 91.10 99.50 OK
r-devel-linux-x86_64-fedora-clang 2.8.5 155.86 NOTE
r-devel-linux-x86_64-fedora-gcc 2.8.5 137.60 OK
r-devel-windows-ix86+x86_64 2.8.5 17.00 119.00 136.00 OK
r-patched-linux-x86_64 2.8.5 11.34 122.64 133.98 OK
r-patched-solaris-x86 2.8.5 189.20 OK
r-release-linux-x86_64 2.8.5 9.54 142.57 152.11 OK
r-release-macos-x86_64 2.8.5 OK
r-release-windows-ix86+x86_64 2.8.5 13.00 113.00 126.00 OK
r-oldrel-macos-x86_64 2.8.5 OK
r-oldrel-windows-ix86+x86_64 2.8.5 13.00 144.00 157.00 OK

Check Details

Version: 2.8.5
Check: Rd cross-references
Result: NOTE
    Undeclared packages ‘stringr’, ‘pillar’ in Rd xrefs
Flavor: r-devel-linux-x86_64-fedora-clang