Last updated on 2023-06-05 02:58:32 CEST.
Flavor | Version | Tinstall | Tcheck | Ttotal | Status | Flags |
---|---|---|---|---|---|---|
r-devel-linux-x86_64-debian-clang | 1.3.0 | 207.33 | 218.21 | 425.54 | OK | |
r-devel-linux-x86_64-debian-gcc | 1.3.0 | 177.98 | 170.30 | 348.28 | OK | |
r-devel-linux-x86_64-fedora-clang | 1.3.0 | 553.40 | OK | |||
r-devel-linux-x86_64-fedora-gcc | 1.3.0 | 602.69 | OK | |||
r-devel-windows-x86_64 | 1.3.0 | 151.00 | 198.00 | 349.00 | OK | |
r-patched-linux-x86_64 | 1.3.0 | 168.30 | 225.44 | 393.74 | OK | |
r-release-linux-x86_64 | 1.3.0 | 195.68 | 222.27 | 417.95 | OK | |
r-release-macos-arm64 | 1.3.0 | 158.00 | NOTE | |||
r-release-macos-x86_64 | 1.3.0 | 255.00 | NOTE | |||
r-release-windows-x86_64 | 1.3.0 | 192.00 | 262.00 | 454.00 | OK | |
r-oldrel-macos-arm64 | 1.3.0 | 108.00 | NOTE | |||
r-oldrel-macos-x86_64 | 1.3.0 | 182.00 | NOTE | |||
r-oldrel-windows-x86_64 | 1.3.0 | 179.00 | 242.00 | 421.00 | OK |
Version: 1.3.0
Check: installed package size
Result: NOTE
installed size is 35.4Mb
sub-directories of 1Mb or more:
libs 34.4Mb
Flavors: r-release-macos-arm64, r-release-macos-x86_64, r-oldrel-macos-arm64, r-oldrel-macos-x86_64