Last updated on 2021-03-08 02:46:55 CET.
Flavor | Version | Tinstall | Tcheck | Ttotal | Status | Flags |
---|---|---|---|---|---|---|
r-devel-linux-x86_64-debian-clang | 0.1.0 | 9.61 | 75.83 | 85.44 | OK | |
r-devel-linux-x86_64-debian-gcc | 0.1.0 | 7.45 | 58.74 | 66.19 | OK | |
r-devel-linux-x86_64-fedora-clang | 0.1.0 | 112.13 | NOTE | |||
r-devel-linux-x86_64-fedora-gcc | 0.1.0 | 101.21 | NOTE | |||
r-devel-windows-ix86+x86_64 | 0.1.0 | 19.00 | 82.00 | 101.00 | OK | |
r-devel-windows-x86_64-gcc10-UCRT | 0.1.0 | NOTE | ||||
r-patched-linux-x86_64 | 0.1.0 | 7.37 | 70.30 | 77.67 | OK | |
r-patched-solaris-x86 | 0.1.0 | 146.60 | NOTE | |||
r-release-linux-x86_64 | 0.1.0 | 7.66 | 70.86 | 78.52 | OK | |
r-release-macos-x86_64 | 0.1.0 | NOTE | ||||
r-release-windows-ix86+x86_64 | 0.1.0 | 15.00 | 70.00 | 85.00 | OK | |
r-oldrel-macos-x86_64 | 0.1.0 | NOTE | ||||
r-oldrel-windows-ix86+x86_64 | 0.1.0 | 11.00 | 60.00 | 71.00 | OK |
Version: 0.1.0
Check: dependencies in R code
Result: NOTE
Namespace in Imports field not imported from: ‘viridisLite’
All declared Imports should be used.
Flavors: r-devel-linux-x86_64-fedora-clang, r-devel-linux-x86_64-fedora-gcc, r-devel-windows-x86_64-gcc10-UCRT, r-patched-solaris-x86, r-release-macos-x86_64, r-oldrel-macos-x86_64