CRAN Package Check Results for Package smoof

Last updated on 2021-03-07 02:48:37 CET.

Flavor Version Tinstall Tcheck Ttotal Status Flags
r-devel-linux-x86_64-debian-clang 1.6.0.2 86.92 112.01 198.93 NOTE
r-devel-linux-x86_64-debian-gcc 1.6.0.2 61.53 82.41 143.94 NOTE
r-devel-linux-x86_64-fedora-clang 1.6.0.2 279.09 NOTE
r-devel-linux-x86_64-fedora-gcc 1.6.0.2 247.37 NOTE
r-devel-windows-ix86+x86_64 1.6.0.2 203.00 163.00 366.00 NOTE
r-devel-windows-x86_64-gcc10-UCRT 1.6.0.2 NOTE
r-patched-linux-x86_64 1.6.0.2 72.08 103.29 175.37 NOTE
r-patched-solaris-x86 1.6.0.2 265.10 NOTE
r-release-linux-x86_64 1.6.0.2 69.64 103.72 173.36 NOTE
r-release-macos-x86_64 1.6.0.2 NOTE
r-release-windows-ix86+x86_64 1.6.0.2 156.00 131.00 287.00 NOTE
r-oldrel-macos-x86_64 1.6.0.2 OK
r-oldrel-windows-ix86+x86_64 1.6.0.2 140.00 127.00 267.00 NOTE

Check Details

Version: 1.6.0.2
Check: package dependencies
Result: NOTE
    Package suggested but not available for checking: 'rPython'
Flavors: r-devel-linux-x86_64-debian-clang, r-devel-linux-x86_64-debian-gcc, r-devel-linux-x86_64-fedora-clang, r-devel-linux-x86_64-fedora-gcc, r-devel-windows-ix86+x86_64, r-devel-windows-x86_64-gcc10-UCRT, r-patched-linux-x86_64, r-patched-solaris-x86, r-release-linux-x86_64, r-release-macos-x86_64, r-release-windows-ix86+x86_64, r-oldrel-windows-ix86+x86_64