CRAN Package Check Results for Package smoothr

Last updated on 2022-10-07 03:56:09 CEST.

Flavor Version Tinstall Tcheck Ttotal Status Flags
r-devel-linux-x86_64-debian-clang 0.2.2 24.23 328.24 352.47 OK
r-devel-linux-x86_64-debian-gcc 0.2.2 24.79 232.82 257.61 OK
r-devel-linux-x86_64-fedora-clang 0.2.2 462.38 NOTE
r-devel-linux-x86_64-fedora-gcc 0.2.2 427.33 NOTE
r-devel-windows-x86_64 0.2.2 35.00 300.00 335.00 OK
r-patched-linux-x86_64 0.2.2 28.04 306.09 334.13 OK
r-release-linux-x86_64 0.2.2 27.95 306.54 334.49 OK
r-release-macos-arm64 0.2.2 80.00 NOTE
r-release-macos-x86_64 0.2.2 123.00 NOTE
r-release-windows-x86_64 0.2.2 38.00 310.00 348.00 OK
r-oldrel-macos-arm64 0.2.2 50.00 NOTE
r-oldrel-macos-x86_64 0.2.2 61.00 NOTE
r-oldrel-windows-ix86+x86_64 0.2.2 62.00 312.00 374.00 OK

Check Details

Version: 0.2.2
Check: dependencies in R code
Result: NOTE
    Namespaces in Imports field not imported from:
     ‘methods’ ‘rgeos’
     All declared Imports should be used.
Flavors: r-devel-linux-x86_64-fedora-clang, r-devel-linux-x86_64-fedora-gcc, r-release-macos-arm64, r-release-macos-x86_64, r-oldrel-macos-arm64, r-oldrel-macos-x86_64