CRAN Package Check Results for Package smpic

Last updated on 2022-07-02 02:53:14 CEST.

Flavor Version Tinstall Tcheck Ttotal Status Flags
r-devel-linux-x86_64-debian-clang 0.1.0 2.22 41.94 44.16 NOTE
r-devel-linux-x86_64-debian-gcc 0.1.0 1.60 31.87 33.47 NOTE
r-devel-linux-x86_64-fedora-clang 0.1.0 64.88 NOTE
r-devel-linux-x86_64-fedora-gcc 0.1.0 62.83 NOTE
r-devel-windows-x86_64 0.1.0 15.00 69.00 84.00 OK
r-patched-linux-x86_64 0.1.0 2.33 39.59 41.92 NOTE
r-release-linux-x86_64 0.1.0 2.20 39.86 42.06 NOTE
r-release-macos-arm64 0.1.0 21.00 OK
r-release-macos-x86_64 0.1.0 41.00 OK
r-release-windows-x86_64 0.1.0 9.00 71.00 80.00 OK
r-oldrel-macos-arm64 0.1.0 26.00 OK
r-oldrel-macos-x86_64 0.1.0 40.00 OK
r-oldrel-windows-ix86+x86_64 0.1.0 7.00 60.00 67.00 OK

Check Details

Version: 0.1.0
Check: for non-standard things in the check directory
Result: NOTE
    Found the following files/directories:
     'my_new_social_media_plot.png'
Flavors: r-devel-linux-x86_64-debian-clang, r-devel-linux-x86_64-debian-gcc, r-devel-linux-x86_64-fedora-clang, r-devel-linux-x86_64-fedora-gcc, r-patched-linux-x86_64, r-release-linux-x86_64