CRAN Package Check Results for Package snfa

Last updated on 2023-06-06 02:55:54 CEST.

Flavor Version Tinstall Tcheck Ttotal Status Flags
r-devel-linux-x86_64-debian-clang 0.0.1 2.38 47.06 49.44 OK
r-devel-linux-x86_64-debian-gcc 0.0.1 2.02 34.69 36.71 OK
r-devel-linux-x86_64-fedora-clang 0.0.1 62.36 NOTE
r-devel-linux-x86_64-fedora-gcc 0.0.1 58.44 NOTE
r-devel-windows-x86_64 0.0.1 5.00 58.00 63.00 OK
r-patched-linux-x86_64 0.0.1 3.14 46.08 49.22 OK
r-release-linux-x86_64 0.0.1 2.06 43.93 45.99 OK
r-release-macos-arm64 0.0.1 24.00 OK
r-release-macos-x86_64 0.0.1 33.00 OK
r-release-windows-x86_64 0.0.1 6.00 63.00 69.00 OK
r-oldrel-macos-arm64 0.0.1 20.00 NOTE
r-oldrel-macos-x86_64 0.0.1 38.00 NOTE
r-oldrel-windows-x86_64 0.0.1 5.00 66.00 71.00 OK

Check Details

Version: 0.0.1
Check: dependencies in R code
Result: NOTE
    Namespaces in Imports field not imported from:
     ‘Rdpack’ ‘ggplot2’
     All declared Imports should be used.
Flavors: r-devel-linux-x86_64-fedora-clang, r-devel-linux-x86_64-fedora-gcc, r-oldrel-macos-arm64, r-oldrel-macos-x86_64