CRAN Package Check Results for Package snowfall

Last updated on 2023-01-31 03:00:58 CET.

Flavor Version Tinstall Tcheck Ttotal Status Flags
r-devel-linux-x86_64-debian-clang 1.84-6.2 2.61 34.21 36.82 OK
r-devel-linux-x86_64-debian-gcc 1.84-6.2 2.35 26.67 29.02 OK
r-devel-linux-x86_64-fedora-clang 1.84-6.2 49.09 OK
r-devel-linux-x86_64-fedora-gcc 1.84-6.2 57.32 OK
r-devel-windows-x86_64 1.84-6.2 28.00 74.00 102.00 OK
r-patched-linux-x86_64 1.84-6.2 3.20 33.68 36.88 OK
r-release-linux-x86_64 1.84-6.2 3.78 34.06 37.84 OK
r-release-macos-arm64 1.84-6.2 21.00 NOTE
r-release-macos-x86_64 1.84-6.2 28.00 NOTE
r-release-windows-x86_64 1.84-6.2 4.00 68.00 72.00 OK
r-oldrel-macos-arm64 1.84-6.2 21.00 NOTE
r-oldrel-macos-x86_64 1.84-6.2 29.00 NOTE
r-oldrel-windows-ix86+x86_64 1.84-6.2 7.00 53.00 60.00 OK

Check Details

Version: 1.84-6.2
Check: package dependencies
Result: NOTE
    Package suggested but not available for checking: ‘Rmpi’
Flavors: r-release-macos-arm64, r-release-macos-x86_64, r-oldrel-macos-arm64, r-oldrel-macos-x86_64