Last updated on 2023-06-06 02:55:54 CEST.
Flavor | Version | Tinstall | Tcheck | Ttotal | Status | Flags |
---|---|---|---|---|---|---|
r-devel-linux-x86_64-debian-clang | 1.84-6.2 | 3.74 | 35.65 | 39.39 | OK | |
r-devel-linux-x86_64-debian-gcc | 1.84-6.2 | 2.85 | 27.47 | 30.32 | OK | |
r-devel-linux-x86_64-fedora-clang | 1.84-6.2 | 50.90 | OK | |||
r-devel-linux-x86_64-fedora-gcc | 1.84-6.2 | 57.21 | OK | |||
r-devel-windows-x86_64 | 1.84-6.2 | 3.00 | 64.00 | 67.00 | OK | |
r-patched-linux-x86_64 | 1.84-6.2 | 3.79 | 34.68 | 38.47 | OK | |
r-release-linux-x86_64 | 1.84-6.2 | 3.51 | 33.95 | 37.46 | OK | |
r-release-macos-arm64 | 1.84-6.2 | 26.00 | NOTE | |||
r-release-macos-x86_64 | 1.84-6.2 | 38.00 | NOTE | |||
r-release-windows-x86_64 | 1.84-6.2 | 4.00 | 67.00 | 71.00 | OK | |
r-oldrel-macos-arm64 | 1.84-6.2 | 22.00 | NOTE | |||
r-oldrel-macos-x86_64 | 1.84-6.2 | 28.00 | NOTE | |||
r-oldrel-windows-x86_64 | 1.84-6.2 | 14.00 | 74.00 | 88.00 | OK |
Version: 1.84-6.2
Check: package dependencies
Result: NOTE
Package suggested but not available for checking: ‘Rmpi’
Flavors: r-release-macos-arm64, r-release-macos-x86_64, r-oldrel-macos-arm64, r-oldrel-macos-x86_64