Last updated on 2021-03-04 02:48:22 CET.
Flavor | Version | Tinstall | Tcheck | Ttotal | Status | Flags |
---|---|---|---|---|---|---|
r-devel-linux-x86_64-debian-clang | 1.1.1 | 3.33 | 34.27 | 37.60 | OK | |
r-devel-linux-x86_64-debian-gcc | 1.1.1 | 2.86 | 26.03 | 28.89 | OK | |
r-devel-linux-x86_64-fedora-clang | 1.1.1 | 55.05 | NOTE | |||
r-devel-linux-x86_64-fedora-gcc | 1.1.1 | 42.28 | NOTE | |||
r-devel-windows-ix86+x86_64 | 1.1.1 | 6.00 | 44.00 | 50.00 | OK | |
r-patched-linux-x86_64 | 1.1.1 | 3.03 | 31.95 | 34.98 | OK | |
r-patched-solaris-x86 | 1.1.1 | 75.60 | NOTE | |||
r-release-linux-x86_64 | 1.1.1 | 3.50 | 32.03 | 35.53 | OK | |
r-release-macos-x86_64 | 1.1.1 | NOTE | ||||
r-release-windows-ix86+x86_64 | 1.1.1 | 5.00 | 42.00 | 47.00 | OK | |
r-oldrel-macos-x86_64 | 1.1.1 | NOTE | ||||
r-oldrel-windows-ix86+x86_64 | 1.1.1 | 6.00 | 45.00 | 51.00 | OK |
Version: 1.1.1
Check: dependencies in R code
Result: NOTE
Namespaces in Imports field not imported from:
‘R6’ ‘lgr’
All declared Imports should be used.
Flavors: r-devel-linux-x86_64-fedora-clang, r-devel-linux-x86_64-fedora-gcc, r-patched-solaris-x86, r-release-macos-x86_64, r-oldrel-macos-x86_64