Last updated on 2023-05-28 02:56:02 CEST.
Flavor | Version | Tinstall | Tcheck | Ttotal | Status | Flags |
---|---|---|---|---|---|---|
r-devel-linux-x86_64-debian-clang | 4.3.0 | 116.10 | 189.84 | 305.94 | OK | --no-vignettes |
r-devel-linux-x86_64-debian-gcc | 4.3.0 | 92.47 | 144.65 | 237.12 | OK | --no-vignettes |
r-devel-linux-x86_64-fedora-clang | 4.3.0 | 649.84 | NOTE | |||
r-devel-linux-x86_64-fedora-gcc | 4.3.0 | 656.66 | OK | |||
r-devel-windows-x86_64 | 4.3.0 | 83.00 | 174.00 | 257.00 | NOTE | --no-vignettes |
r-patched-linux-x86_64 | 4.3.0 | 87.95 | 181.63 | 269.58 | OK | --no-vignettes |
r-release-linux-x86_64 | 4.3.0 | 88.94 | 182.02 | 270.96 | OK | --no-vignettes |
r-release-macos-arm64 | 4.3.0 | 196.00 | NOTE | |||
r-release-macos-x86_64 | 4.2.1.2 | 454.00 | NOTE | |||
r-release-windows-x86_64 | 4.3.0 | 112.00 | 238.00 | 350.00 | NOTE | --no-vignettes |
r-oldrel-macos-arm64 | 4.3.0 | 179.00 | NOTE | |||
r-oldrel-macos-x86_64 | 4.3.0 | 254.00 | NOTE | |||
r-oldrel-windows-x86_64 | 4.3.0 | 101.00 | 225.00 | 326.00 | NOTE | --no-vignettes |
Version: 4.3.0
Check: installed package size
Result: NOTE
installed size is 5.8Mb
sub-directories of 1Mb or more:
data 1.4Mb
doc 2.2Mb
libs 1.1Mb
Flavors: r-devel-linux-x86_64-fedora-clang, r-release-macos-arm64, r-oldrel-macos-arm64, r-oldrel-macos-x86_64
Version: 4.3.0
Flags: --no-vignettes
Check: installed package size
Result: NOTE
installed size is 6.3Mb
sub-directories of 1Mb or more:
data 1.3Mb
doc 2.2Mb
libs 1.7Mb
Flavors: r-devel-windows-x86_64, r-release-windows-x86_64, r-oldrel-windows-x86_64
Version: 4.2.1.2
Check: installed package size
Result: NOTE
installed size is 14.5Mb
sub-directories of 1Mb or more:
data 1.3Mb
doc 2.2Mb
libs 9.8Mb
Flavor: r-release-macos-x86_64