CRAN Package Check Results for Package sos

Last updated on 2022-12-01 04:00:45 CET.

Flavor Version Tinstall Tcheck Ttotal Status Flags
r-devel-linux-x86_64-debian-clang 2.1-4 4.07 96.27 100.34 OK
r-devel-linux-x86_64-debian-gcc 2.1-4 2.95 73.45 76.40 OK
r-devel-linux-x86_64-fedora-clang 2.1-4 122.58 OK
r-devel-linux-x86_64-fedora-gcc 2.1-4 224.28 OK
r-devel-windows-x86_64 2.1-4 18.00 194.00 212.00 OK
r-patched-linux-x86_64 2.1-4 4.65 93.38 98.03 OK
r-release-linux-x86_64 2.1-4 3.76 186.49 190.25 OK
r-release-macos-arm64 2.1-4 1266.00 OK
r-release-macos-x86_64 2.1-4 1803.00 NOTE
r-release-windows-x86_64 2.1-4 21.00 412.00 433.00 OK
r-oldrel-macos-arm64 2.1-4 1450.00 NOTE
r-oldrel-macos-x86_64 2.1-4 1802.00 NOTE
r-oldrel-windows-ix86+x86_64 2.1-4 7.00 189.00 196.00 OK

Check Details

Version: 2.1-4
Check: re-building of vignette outputs
Result: NOTE
    Error(s) in re-building vignettes:
     ...
    --- re-building ‘sos.Rnw’ using Sweave
    Loading required package: brew
    
    Attaching package: 'sos'
    
    The following object is masked from 'package:utils':
    
     ?
    
    Warning in readLines(f) :
     incomplete final line found on '/Volumes/Builds/packages/high-sierra-x86_64/Rlib/4.2/cosso/INDEX'
    
    Execution halted
    
    * checking PDF version of manual ...* using check arguments '--no-clean-on-error '
Flavor: r-release-macos-x86_64

Version: 2.1-4
Check: re-building of vignette outputs
Result: NOTE
    Error(s) in re-building vignettes:
     ...
    --- re-building ‘sos.Rnw’ using Sweave
    Loading required package: brew
    
    Attaching package: 'sos'
    
    The following object is masked from 'package:utils':
    
     ?
Flavor: r-oldrel-macos-arm64

Version: 2.1-4
Check: re-building of vignette outputs
Result: NOTE
    Error(s) in re-building vignettes:
     ...
    --- re-building ‘sos.Rnw’ using Sweave
    Loading required package: brew
    
    Attaching package: 'sos'
    
    The following object is masked from 'package:utils':
    
     ?
    
    
    Execution halted
    
    * checking PDF version of manual ...* using check arguments '--no-clean-on-error '
Flavor: r-oldrel-macos-x86_64