CRAN Package Check Results for Package spAddins

Last updated on 2020-12-02 02:52:06 CET.

Flavor Version Tinstall Tcheck Ttotal Status Flags
r-devel-linux-x86_64-debian-clang 0.2.0 3.08 27.40 30.48 OK
r-devel-linux-x86_64-debian-gcc 0.2.0 2.31 25.04 27.35 OK
r-devel-linux-x86_64-fedora-clang 0.2.0 39.77 NOTE
r-devel-linux-x86_64-fedora-gcc 0.2.0 30.69 OK
r-devel-windows-ix86+x86_64 0.2.0 5.00 34.00 39.00 OK
r-patched-linux-x86_64 0.2.0 2.70 26.40 29.10 OK
r-patched-solaris-x86 0.2.0 45.40 OK
r-release-linux-x86_64 0.2.0 3.07 25.32 28.39 OK
r-release-macos-x86_64 0.2.0 OK
r-release-windows-ix86+x86_64 0.2.0 7.00 30.00 37.00 OK
r-oldrel-macos-x86_64 0.2.0 OK
r-oldrel-windows-ix86+x86_64 0.2.0 4.00 38.00 42.00 OK

Check Details

Version: 0.2.0
Check: Rd cross-references
Result: NOTE
    Undeclared package ‘rebus.base’ in Rd xrefs
Flavor: r-devel-linux-x86_64-fedora-clang