CRAN Package Check Results for Package spRingsteen

Last updated on 2022-08-14 02:51:56 CEST.

Flavor Version Tinstall Tcheck Ttotal Status Flags
r-devel-linux-x86_64-debian-clang 0.0.1 2.96 27.36 30.32 OK
r-devel-linux-x86_64-debian-gcc 0.0.1 2.28 20.97 23.25 OK
r-devel-linux-x86_64-fedora-clang 0.0.1 46.39 NOTE
r-devel-linux-x86_64-fedora-gcc 0.0.1 45.82 NOTE
r-devel-windows-x86_64 0.0.1 20.00 52.00 72.00 OK
r-patched-linux-x86_64 0.0.1 2.73 26.12 28.85 OK
r-release-linux-x86_64 0.0.1 2.73 26.28 29.01 OK
r-release-macos-arm64 0.0.1 19.00 NOTE
r-release-macos-x86_64 0.0.1 22.00 NOTE
r-release-windows-x86_64 0.0.1 16.00 51.00 67.00 OK
r-oldrel-macos-arm64 0.0.1 20.00 NOTE
r-oldrel-macos-x86_64 0.0.1 23.00 NOTE
r-oldrel-windows-ix86+x86_64 0.0.1 6.00 43.00 49.00 OK

Check Details

Version: 0.0.1
Check: data for non-ASCII characters
Result: NOTE
     Note: found 199 marked UTF-8 strings
Flavors: r-devel-linux-x86_64-fedora-clang, r-devel-linux-x86_64-fedora-gcc, r-release-macos-arm64, r-release-macos-x86_64, r-oldrel-macos-arm64, r-oldrel-macos-x86_64