CRAN Package Check Results for Package spam

Last updated on 2021-01-22 02:50:02 CET.

Flavor Version Tinstall Tcheck Ttotal Status Flags
r-devel-linux-x86_64-debian-clang 2.6-0 28.50 151.84 180.34 OK
r-devel-linux-x86_64-debian-gcc 2.6-0 25.24 114.36 139.60 OK
r-devel-linux-x86_64-fedora-clang 2.6-0 231.43 NOTE
r-devel-linux-x86_64-fedora-gcc 2.6-0 220.91 OK
r-devel-windows-ix86+x86_64 2.6-0 70.00 189.00 259.00 OK
r-patched-linux-x86_64 2.6-0 27.10 145.82 172.92 OK
r-patched-solaris-x86 2.6-0 300.10 OK
r-release-linux-x86_64 2.6-0 27.72 143.53 171.25 OK
r-release-macos-x86_64 2.6-0 OK
r-release-windows-ix86+x86_64 2.6-0 56.00 256.00 312.00 OK
r-oldrel-macos-x86_64 2.6-0 OK
r-oldrel-windows-ix86+x86_64 2.6-0 49.00 183.00 232.00 OK

Check Details

Version: 2.6-0
Check: Rd cross-references
Result: NOTE
    Undeclared packages ‘maps’, ‘magic’, ‘SparseM’ in Rd xrefs
Flavor: r-devel-linux-x86_64-fedora-clang