CRAN Package Check Results for Package spatialwidget

Last updated on 2021-04-14 02:46:58 CEST.

Flavor Version Tinstall Tcheck Ttotal Status Flags
r-devel-linux-x86_64-debian-clang 0.2.3 297.32 35.65 332.97 OK
r-devel-linux-x86_64-debian-gcc 0.2.3 219.16 28.10 247.26 OK
r-devel-linux-x86_64-fedora-clang 0.2.3 450.45 NOTE
r-devel-linux-x86_64-fedora-gcc 0.2.3 468.07 OK
r-devel-windows-ix86+x86_64 0.2.3 614.00 91.00 705.00 NOTE
r-devel-windows-x86_64-gcc10-UCRT 0.2.3 OK
r-patched-linux-x86_64 0.2.3 258.91 33.36 292.27 OK
r-patched-solaris-x86 0.2.3 345.00 OK
r-release-linux-x86_64 0.2.3 243.25 33.03 276.28 OK
r-release-macos-x86_64 0.2.3 NOTE
r-release-windows-ix86+x86_64 0.2.3 474.00 94.00 568.00 NOTE
r-oldrel-macos-x86_64 0.2.3 NOTE
r-oldrel-windows-ix86+x86_64 0.2.3 605.00 67.00 672.00 NOTE

Check Details

Version: 0.2.3
Check: installed package size
Result: NOTE
     installed size is 27.9Mb
     sub-directories of 1Mb or more:
     doc 1.2Mb
     libs 26.3Mb
Flavors: r-devel-linux-x86_64-fedora-clang, r-devel-windows-ix86+x86_64, r-release-macos-x86_64, r-release-windows-ix86+x86_64, r-oldrel-macos-x86_64, r-oldrel-windows-ix86+x86_64