CRAN Package Check Results for Package spread

Last updated on 2020-11-26 02:49:40 CET.

Flavor Version Tinstall Tcheck Ttotal Status Flags
r-devel-linux-x86_64-debian-clang 2019.8.5 24.00 61.23 85.23 OK
r-devel-linux-x86_64-debian-gcc 2019.8.5 29.84 43.54 73.38 OK
r-devel-linux-x86_64-fedora-clang 2019.8.5 110.81 NOTE
r-devel-linux-x86_64-fedora-gcc 2019.8.5 95.81 NOTE
r-devel-windows-ix86+x86_64 2019.8.5 56.00 118.00 174.00 OK
r-patched-linux-x86_64 2019.8.5 35.89 57.95 93.84 OK
r-patched-solaris-x86 2019.8.5 129.20 NOTE
r-release-linux-x86_64 2019.8.5 35.75 57.93 93.68 OK
r-release-macos-x86_64 2019.8.5 NOTE
r-release-windows-ix86+x86_64 2019.8.5 58.00 85.00 143.00 OK
r-oldrel-macos-x86_64 2019.8.5 NOTE
r-oldrel-windows-ix86+x86_64 2019.8.5 37.00 109.00 146.00 OK

Check Details

Version: 2019.8.5
Check: dependencies in R code
Result: NOTE
    Namespace in Imports field not imported from: ‘RcppProgress’
     All declared Imports should be used.
Flavors: r-devel-linux-x86_64-fedora-clang, r-devel-linux-x86_64-fedora-gcc, r-patched-solaris-x86, r-release-macos-x86_64, r-oldrel-macos-x86_64